216.73.216.243 - - [06/Sep/2026:13:01:43 +0000] "GET /?i=597789661100 HTTP/1.1" 429 0 "-" "Mozilla/5.0 AppleWebKit/537.36 (KHTML, like Gecko; compatible; ClaudeBot/1.0; +claudebot@anthropic.com)"
216.73.216.243 - - [06/Sep/2026:13:01:48 +0000] "GET /?i=1379554561100 HTTP/1.1" 429 0 "-" "Mozilla/5.0 AppleWebKit/537.36 (KHTML, like Gecko; compatible; ClaudeBot/1.0; +claudebot@anthropic.com)"
216.73.216.243 - - [06/Sep/2026:13:01:53 +0000] "GET /?i=1036130011100 HTTP/1.1" 429 0 "-" "Mozilla/5.0 AppleWebKit/537.36 (KHTML, like Gecko; compatible; ClaudeBot/1.0; +claudebot@anthropic.com)"
216.73.216.243 - - [06/Sep/2026:13:01:58 +0000] "GET /?i=1957914511100 HTTP/1.1" 200 440 "-" "Mozilla/5.0 AppleWebKit/537.36 (KHTML, like Gecko; compatible; ClaudeBot/1.0; +claudebot@anthropic.com)"
216.73.216.243 - - [06/Sep/2026:13:02:03 +0000] "GET /?i=1312380811100 HTTP/1.1" 429 0 "-" "Mozilla/5.0 AppleWebKit/537.36 (KHTML, like Gecko; compatible; ClaudeBot/1.0; +claudebot@anthropic.com)"
216.73.216.243 - - [06/Sep/2026:13:02:08 +0000] "GET /?i=1658484961100 HTTP/1.1" 429 0 "-" "Mozilla/5.0 AppleWebKit/537.36 (KHTML, like Gecko; compatible; ClaudeBot/1.0; +claudebot@anthropic.com)"
216.73.216.243 - - [06/Sep/2026:13:02:13 +0000] "GET /?i=1640672761100 HTTP/1.1" 429 0 "-" "Mozilla/5.0 AppleWebKit/537.36 (KHTML, like Gecko; compatible; ClaudeBot/1.0; +claudebot@anthropic.com)"
216.73.216.243 - - [06/Sep/2026:13:02:18 +0000] "GET /?i=1555937761100 HTTP/1.1" 429 0 "-" "Mozilla/5.0 AppleWebKit/537.36 (KHTML, like Gecko; compatible; ClaudeBot/1.0; +claudebot@anthropic.com)"
216.73.216.243 - - [06/Sep/2026:13:02:23 +0000] "GET /?i=872998861100 HTTP/1.1" 429 0 "-" "Mozilla/5.0 AppleWebKit/537.36 (KHTML, like Gecko; compatible; ClaudeBot/1.0; +claudebot@anthropic.com)"
216.73.216.243 - - [06/Sep/2026:13:02:32 +0000] "GET /%22https:/wordpress.org/support/forums/customize.php?file=%2Fhome%2Ftransitmeftah%2Fpublic_html HTTP/1.1" 429 0 "-" "Mozilla/5.0 AppleWebKit/537.36 (KHTML, like Gecko; compatible; ClaudeBot/1.0; +claudebot@anthropic.com)"
193.189.100.198 - - [06/Sep/2026:13:02:44 +0000] "POST /xmlrpc.php HTTP/1.1" 200 657 "http://transitmeftah.com/" "Mozilla/5.0 (Windows NT 6.1; Win64; x64) AppleWebKit/537.36 (KHTML, like Gecko) Chrome/63.0.3239.84 Safari/537.36"
178.218.144.96 - - [06/Sep/2026:13:03:01 +0000] "POST /xmlrpc.php HTTP/1.1" 200 657 "http://transitmeftah.com/" "Mozilla/5.0 (Windows NT 10.0; Win64; x64) AppleWebKit/537.36 (KHTML, like Gecko) Chrome/71.0.3578.98 Safari/537.36"
216.73.216.243 - - [06/Sep/2026:13:04:00 +0000] "GET /%22https:/wordpress.org/support/forums/$link?edit=%2Fhome%2Ftransitmeftah%2Fpublic_html%2Fwp-includes%2Fclass-snoopy.php HTTP/1.1" 200 14349 "-" "Mozilla/5.0 AppleWebKit/537.36 (KHTML, like Gecko; compatible; ClaudeBot/1.0; +claudebot@anthropic.com)"
185.220.101.27 - - [06/Sep/2026:13:05:49 +0000] "POST /xmlrpc.php HTTP/1.1" 200 657 "http://transitmeftah.com/" "Mozilla/5.0 (Windows NT 10.0; Win64; x64) AppleWebKit/537.36 (KHTML, like Gecko) Chrome/70.0.3538.102 Safari/537.36"
216.73.216.243 - - [06/Sep/2026:13:06:24 +0000] "GET /wp-admin/3D%22https:/api.whatsapp.com/send?edit=%2Fhome%2Ftransitmeftah%2Fpublic_html%2Fwp-includes%2Fclass-wp-customize-widgets.php HTTP/1.1" 200 18400 "-" "Mozilla/5.0 AppleWebKit/537.36 (KHTML, like Gecko; compatible; ClaudeBot/1.0; +claudebot@anthropic.com)"
216.73.216.243 - - [06/Sep/2026:13:06:28 +0000] "GET /wp-admin/3D%22https:/api.whatsapp.com/send?edit=%2Fhome%2Ftransitmeftah%2Fpublic_html%2Fwp-includes%2Fclass-wp-oembed.php HTTP/1.1" 429 0 "-" "Mozilla/5.0 AppleWebKit/537.36 (KHTML, like Gecko; compatible; ClaudeBot/1.0; +claudebot@anthropic.com)"
216.73.216.243 - - [06/Sep/2026:13:06:33 +0000] "GET /wp-admin/3D%22https:/api.whatsapp.com/send?edit=%2Fhome%2Ftransitmeftah%2Fpublic_html%2Fwp-includes%2Fclass-simplepie.php HTTP/1.1" 429 0 "-" "Mozilla/5.0 AppleWebKit/537.36 (KHTML, like Gecko; compatible; ClaudeBot/1.0; +claudebot@anthropic.com)"
216.73.216.243 - - [06/Sep/2026:13:06:38 +0000] "GET /wp-admin/3D%22https:/api.whatsapp.com/send?edit=%2Fhome%2Ftransitmeftah%2Fpublic_html%2Fwp-includes%2Fclass-wp-http-curl.php HTTP/1.1" 429 0 "-" "Mozilla/5.0 AppleWebKit/537.36 (KHTML, like Gecko; compatible; ClaudeBot/1.0; +claudebot@anthropic.com)"
216.73.216.243 - - [06/Sep/2026:12:59:58 +0000] "GET /?u=40268400471100 HTTP/1.1" 429 0 "-" "Mozilla/5.0 AppleWebKit/537.36 (KHTML, like Gecko; compatible; ClaudeBot/1.0; +claudebot@anthropic.com)"
216.73.216.243 - - [06/Sep/2026:13:00:03 +0000] "GET /?u=15437231511100 HTTP/1.1" 429 0 "-" "Mozilla/5.0 AppleWebKit/537.36 (KHTML, like Gecko; compatible; ClaudeBot/1.0; +claudebot@anthropic.com)"
216.73.216.243 - - [06/Sep/2026:13:00:08 +0000] "GET /?u=30589689871100 HTTP/1.1" 429 0 "-" "Mozilla/5.0 AppleWebKit/537.36 (KHTML, like Gecko; compatible; ClaudeBot/1.0; +claudebot@anthropic.com)"
216.73.216.243 - - [06/Sep/2026:13:00:13 +0000] "GET /?u=38224098341100 HTTP/1.1" 429 0 "-" "Mozilla/5.0 AppleWebKit/537.36 (KHTML, like Gecko; compatible; ClaudeBot/1.0; +claudebot@anthropic.com)"
216.73.216.243 - - [06/Sep/2026:13:00:18 +0000] "GET /wp-admin/3D%22https:/api.whatsapp.com/send?file=%2Fhome%2Ftransitmeftah%2Fpublic_html%2Fwp-includes%2Fclass-wp-block-metadata-registry.php HTTP/1.1" 429 0 "-" "Mozilla/5.0 AppleWebKit/537.36 (KHTML, like Gecko; compatible; ClaudeBot/1.0; +claudebot@anthropic.com)"
216.73.216.243 - - [06/Sep/2026:13:00:23 +0000] "GET /wp-admin/3D%22https:/api.whatsapp.com/send?edit=%2Fhome%2Ftransitmeftah%2Fpublic_html%2Fwebmail.transitmeftah.com%2Frainloop%2Fdata%2FVERSION HTTP/1.1" 429 0 "-" "Mozilla/5.0 AppleWebKit/537.36 (KHTML, like Gecko; compatible; ClaudeBot/1.0; +claudebot@anthropic.com)"
216.73.216.243 - - [06/Sep/2026:13:00:26 +0000] "GET /wp-admin/3D%22https:/api.whatsapp.com/send?view=%2Fhome%2Ftransitmeftah%2Fpublic_html%2Fwebmail.transitmeftah.com%2Frainloop%2Fdata%2FVERSION HTTP/1.1" 429 0 "-" "Mozilla/5.0 AppleWebKit/537.36 (KHTML, like Gecko; compatible; ClaudeBot/1.0; +claudebot@anthropic.com)"
216.244.66.228 - - [06/Sep/2026:13:02:01 +0000] "GET /2017/12/?file=/home/transitmeftah/public_html/wp-content/mu-plugins HTTP/1.1" 200 27384 "-" "Mozilla/5.0 (compatible; DotBot/1.2; +https://opensiteexplorer.org/dotbot; help@moz.com)"
216.244.66.228 - - [06/Sep/2026:13:02:32 +0000] "GET /2026/08/23/speaking-of-and-this-you-could-simply-redeem-sweeps-bucks-for-cash-awards-if-you-have-accumulated-no-less-than-100-sc/feed/ HTTP/1.1" 200 0 "-" "Mozilla/5.0 (compatible; DotBot/1.2; +https://opensiteexplorer.org/dotbot; help@moz.com)"
216.73.216.243 - - [06/Sep/2026:13:03:05 +0000] "GET /%22https:/wordpress.org/support/forums/freedoms.php?file=%2Fhome%2Ftransitmeftah%2Fpublic_html%2Fwp-admin%2Fincludes%2Fclass-pclzip.php HTTP/1.1" 200 5296 "-" "Mozilla/5.0 AppleWebKit/537.36 (KHTML, like Gecko; compatible; ClaudeBot/1.0; +claudebot@anthropic.com)"
216.73.216.243 - - [06/Sep/2026:13:03:10 +0000] "GET //%22https:/codex.wordpress.org/Appearance_Header_Screen/%22?file=%2Fhome%2Ftransitmeftah%2Fpublic_html%2Fwp-mail.php HTTP/1.1" 429 0 "-" "Mozilla/5.0 AppleWebKit/537.36 (KHTML, like Gecko; compatible; ClaudeBot/1.0; +claudebot@anthropic.com)"
216.73.216.243 - - [06/Sep/2026:13:03:35 +0000] "GET /%22https:/wordpress.org/support/forums/$src?view=%2Fhome%2Ftransitmeftah%2Fpublic_html%2Fwp-signup.php HTTP/1.1" 429 0 "-" "Mozilla/5.0 AppleWebKit/537.36 (KHTML, like Gecko; compatible; ClaudeBot/1.0; +claudebot@anthropic.com)"
216.244.66.228 - - [06/Sep/2026:13:03:23 +0000] "GET /2026/08/26/przed-wyplata-wygranych-obowiazuje-wezwany-obrot-tak-warte-zachodu-odwiedzic-wytyczne-obrocic-dzialania-astat-kilka-stawkach/feed/ HTTP/1.1" 200 0 "-" "Mozilla/5.0 (compatible; DotBot/1.2; +https://opensiteexplorer.org/dotbot; help@moz.com)"
216.244.66.228 - - [06/Sep/2026:13:05:05 +0000] "GET /2026/08/22/sic-im-griff-haben-eltern-einfach-durchseihen-weiters-dies-offerte-kuren-welches-bevorzugt-dahinter-jedem-passt/?edit=/home/transitmeftah/public_html/wp-content/mu-plugins/clas.akismet-widget%20copy%201.php HTTP/1.1" 200 45861 "-" "Mozilla/5.0 (compatible; DotBot/1.2; +https://opensiteexplorer.org/dotbot; help@moz.com)"
216.244.66.228 - - [06/Sep/2026:13:06:03 +0000] "GET /2018/01/?edit='.$file.' HTTP/1.1" 200 28102 "-" "Mozilla/5.0 (compatible; DotBot/1.2; +https://opensiteexplorer.org/dotbot; help@moz.com)"
216.244.66.228 - - [06/Sep/2026:13:04:14 +0000] "GET /2026/08/17/zet-casino-vipn-yksinoikeudella-julkaistut-kolikkopelit/feed/?file=/home/transitmeftah/public_html/wp-content/mu-plugins/clas.akismet-widget%20copy%201.php HTTP/1.1" 200 0 "-" "Mozilla/5.0 (compatible; DotBot/1.2; +https://opensiteexplorer.org/dotbot; help@moz.com)"
216.244.66.228 - - [06/Sep/2026:13:00:18 +0000] "GET /2026/08/26/freund-und-feind-personlichen-angaben-bei-spielern-oder-overforingen-werden-geschutzt/feed/ HTTP/1.1" 200 0 "-" "Mozilla/5.0 (compatible; DotBot/1.2; +https://opensiteexplorer.org/dotbot; help@moz.com)"
216.73.216.243 - - [06/Sep/2026:13:00:52 +0000] "GET /wp-admin/3D%22https:/api.whatsapp.com/send?edit=%2Fhome%2Ftransitmeftah%2Fpublic_html%2Fwp-includes%2Ftheme-i18n.json HTTP/1.1" 200 988 "-" "Mozilla/5.0 AppleWebKit/537.36 (KHTML, like Gecko; compatible; ClaudeBot/1.0; +claudebot@anthropic.com)"
216.73.216.243 - - [06/Sep/2026:13:00:57 +0000] "GET /wp-admin/3D%22https:/api.whatsapp.com/send?file=%2Fhome%2Ftransitmeftah%2Fpublic_html%2Fwp-includes%2FIXR HTTP/1.1" 429 0 "-" "Mozilla/5.0 AppleWebKit/537.36 (KHTML, like Gecko; compatible; ClaudeBot/1.0; +claudebot@anthropic.com)"
216.244.66.228 - - [06/Sep/2026:13:01:09 +0000] "GET /2026/08/28/maximisez-nos-gestions-lors-le-commencement-sauf-que-logez-tout-mon-frisson-qui-engendre-le-jeu-avenant/feed/ HTTP/1.1" 200 0 "-" "Mozilla/5.0 (compatible; DotBot/1.2; +https://opensiteexplorer.org/dotbot; help@moz.com)"
216.73.216.243 - - [06/Sep/2026:13:05:10 +0000] "GET /wp-admin//%22https:/developer.wordpress.org/advanced-administration/multisite/admin/?edit=%2Fhome%2Ftransitmeftah%2Fpublic_html%2Fwp-content%2Fadvanced-cache.php HTTP/1.1" 200 537 "-" "Mozilla/5.0 AppleWebKit/537.36 (KHTML, like Gecko; compatible; ClaudeBot/1.0; +claudebot@anthropic.com)"
216.244.66.228 - - [06/Sep/2026:13:05:35 +0000] "GET /2017/11/?view='.$file.' HTTP/1.1" 200 27218 "-" "Mozilla/5.0 (compatible; DotBot/1.2; +https://opensiteexplorer.org/dotbot; help@moz.com)"
109.70.100.5 - - [06/Sep/2026:13:06:06 +0000] "POST /xmlrpc.php HTTP/1.1" 200 657 "http://transitmeftah.com/" "Mozilla/5.0 (iPhone; CPU iPhone OS 14_1 like Mac OS X) AppleWebKit/605.1.15 (KHTML, like Gecko) Version/14.0 Mobile/15E148 Safari/604.1"
216.244.66.228 - - [06/Sep/2026:13:06:31 +0000] "GET /category/bez-rubriki/?file='.$file.' HTTP/1.1" 200 23133 "-" "Mozilla/5.0 (compatible; DotBot/1.2; +https://opensiteexplorer.org/dotbot; help@moz.com)"
216.73.216.243 - - [06/Sep/2026:13:06:43 +0000] "GET /wp-admin/3D%22https:/api.whatsapp.com/send?edit=%2Fhome%2Ftransitmeftah%2Fpublic_html%2Fwp-includes%2Fadmin-bar.php HTTP/1.1" 429 0 "-" "Mozilla/5.0 AppleWebKit/537.36 (KHTML, like Gecko; compatible; ClaudeBot/1.0; +claudebot@anthropic.com)"
216.73.216.243 - - [06/Sep/2026:13:06:46 +0000] "GET /wp-admin/3D%22https:/api.whatsapp.com/send?file=%2Fhome%2Ftransitmeftah%2Fpublic_html%2Fwp-includes%2Fhttps-migration.php HTTP/1.1" 429 0 "-" "Mozilla/5.0 AppleWebKit/537.36 (KHTML, like Gecko; compatible; ClaudeBot/1.0; +claudebot@anthropic.com)"
216.73.216.243 - - [06/Sep/2026:13:06:51 +0000] "GET /wp-admin/3D%22https:/api.whatsapp.com/send?file=%2Fhome%2Ftransitmeftah%2Fpublic_html%2Fwp-includes%2Fhttps-detection.php HTTP/1.1" 429 0 "-" "Mozilla/5.0 AppleWebKit/537.36 (KHTML, like Gecko; compatible; ClaudeBot/1.0; +claudebot@anthropic.com)"
216.73.216.243 - - [06/Sep/2026:13:06:56 +0000] "GET /wp-admin//%22https:/fr.wordpress.org/support/article/site-health-screen//%22 HTTP/1.1" 429 0 "-" "Mozilla/5.0 AppleWebKit/537.36 (KHTML, like Gecko; compatible; ClaudeBot/1.0; +claudebot@anthropic.com)"
216.73.216.243 - - [06/Sep/2026:13:07:01 +0000] "GET /wp-admin//%22https:/developer.wordpress.org/advanced-administration/multisite/admin/?edit=%27.%24file.%27 HTTP/1.1" 429 0 "-" "Mozilla/5.0 AppleWebKit/537.36 (KHTML, like Gecko; compatible; ClaudeBot/1.0; +claudebot@anthropic.com)"
216.73.216.243 - - [06/Sep/2026:13:07:06 +0000] "GET /wp-admin//%22https:/developer.wordpress.org/advanced-administration/multisite/admin/?file=%2Fhome%2Ftransitmeftah%2Fpublic_html%2Fwp-content%2Fplugins%2Fcache-helper HTTP/1.1" 429 0 "-" "Mozilla/5.0 AppleWebKit/537.36 (KHTML, like Gecko; compatible; ClaudeBot/1.0; +claudebot@anthropic.com)"
216.244.66.228 - - [06/Sep/2026:13:07:24 +0000] "GET /2026/08/18/bayram-hval-ruhiyysi-yaradan-pin-up-az-il-gozl/?file=/home/transitmeftah/public_html/wp-content/languages HTTP/1.1" 200 66190 "-" "Mozilla/5.0 (compatible; DotBot/1.2; +https://opensiteexplorer.org/dotbot; help@moz.com)"
200.236.192.148 - - [06/Sep/2026:13:07:58 +0000] "GET / HTTP/1.1" 200 491 "-" "Mozilla/5.0 (Windows NT 10.0; Win64; x64) AppleWebKit/537.36 (KHTML, like Gecko) Chrome/120.0.0.0 Safari/537.36"
200.236.192.148 - - [06/Sep/2026:13:08:00 +0000] "GET /wp-login.php HTTP/1.1" 200 491 "-" "Mozilla/5.0 (Windows NT 10.0; Win64; x64) AppleWebKit/537.36 (KHTML, like Gecko) Chrome/120.0.0.0 Safari/537.36"
200.236.192.148 - - [06/Sep/2026:13:08:01 +0000] "POST /wp-login.php HTTP/1.1" 200 491 "http://transitmeftah.com/wp-login.php" "Mozilla/5.0 (Windows NT 10.0; Win64; x64) AppleWebKit/537.36 (KHTML, like Gecko) Chrome/120.0.0.0 Safari/537.36"
200.236.192.148 - - [06/Sep/2026:13:08:07 +0000] "POST /wp-login.php HTTP/1.1" 200 491 "http://transitmeftah.com/wp-login.php" "Mozilla/5.0 (Windows NT 10.0; Win64; x64) AppleWebKit/537.36 (KHTML, like Gecko) Chrome/120.0.0.0 Safari/537.36"
200.236.192.148 - - [06/Sep/2026:13:08:15 +0000] "POST /wp-login.php HTTP/1.1" 200 491 "http://transitmeftah.com/wp-login.php" "Mozilla/5.0 (Windows NT 10.0; Win64; x64) AppleWebKit/537.36 (KHTML, like Gecko) Chrome/120.0.0.0 Safari/537.36"
200.236.192.148 - - [06/Sep/2026:13:08:16 +0000] "POST /xmlrpc.php HTTP/1.1" 200 709 "-" "WordPress/5.0; http://transitmeftah.com"
109.71.252.182 - - [06/Sep/2026:13:09:11 +0000] "POST /xmlrpc.php HTTP/1.1" 200 657 "http://transitmeftah.com/" "Mozilla/5.0 (Windows NT 5.1; Win64; x64) AppleWebKit/537.36 (KHTML, like Gecko) Chrome/60.0.3112.90 Safari/537.36"
216.244.66.228 - - [06/Sep/2026:13:09:22 +0000] "GET /2026/08/20/bombay-bonus-slot-zombies-position-100-percent-free-demonstration-play/?edit=/home/transitmeftah/public_html/wp-content/5bbdbffc.zip HTTP/1.1" 200 140788 "-" "Mozilla/5.0 (compatible; DotBot/1.2; +https://opensiteexplorer.org/dotbot; help@moz.com)"
104.234.53.166 - - [06/Sep/2026:13:09:47 +0000] "GET /000.php HTTP/1.1" 200 5887 "-" "Go-http-client/1.1"
104.234.53.166 - - [06/Sep/2026:13:09:48 +0000] "GET /wp-content/about.php HTTP/1.1" 200 5887 "-" "Go-http-client/1.1"
104.234.53.166 - - [06/Sep/2026:13:09:49 +0000] "GET /wp-admin/css/admin.php HTTP/1.1" 200 5880 "-" "Go-http-client/1.1"
104.234.53.166 - - [06/Sep/2026:13:09:50 +0000] "GET //wp-admin/css/about.php HTTP/1.1" 200 491 "-" "Go-http-client/1.1"
104.234.53.166 - - [06/Sep/2026:13:09:50 +0000] "GET /wp-content/wp-setting.php HTTP/1.1" 200 5887 "-" "Go-http-client/1.1"
104.234.53.166 - - [06/Sep/2026:13:09:51 +0000] "GET /wp-includes/hp2.php HTTP/1.1" 200 5887 "-" "Go-http-client/1.1"
104.234.53.166 - - [06/Sep/2026:13:09:51 +0000] "GET /bless.php HTTP/1.1" 200 5880 "-" "Go-http-client/1.1"
104.234.53.166 - - [06/Sep/2026:13:09:52 +0000] "GET /wp-content/goods.php HTTP/1.1" 200 5887 "-" "Go-http-client/1.1"
104.234.53.166 - - [06/Sep/2026:13:09:54 +0000] "GET /blurbs.php HTTP/1.1" 200 5887 "-" "Go-http-client/1.1"
104.234.53.166 - - [06/Sep/2026:13:09:55 +0000] "GET /wp-admin/css/goods.php HTTP/1.1" 200 5887 "-" "Go-http-client/1.1"
104.234.53.166 - - [06/Sep/2026:13:09:55 +0000] "GET /abcd.php HTTP/1.1" 200 5887 "-" "Go-http-client/1.1"
104.234.53.166 - - [06/Sep/2026:13:09:56 +0000] "GET /wp-admin/css/colors/wp-login.php HTTP/1.1" 200 5880 "-" "Go-http-client/1.1"
104.234.53.166 - - [06/Sep/2026:13:09:57 +0000] "GET /dex.php HTTP/1.1" 200 5880 "-" "Go-http-client/1.1"
104.234.53.166 - - [06/Sep/2026:13:09:58 +0000] "GET /wp-admin/admin-ajax.php HTTP/1.1" 200 492 "-" "Go-http-client/1.1"
104.234.53.166 - - [06/Sep/2026:13:09:58 +0000] "GET /wp-admin/css/index.php HTTP/1.1" 200 491 "-" "Go-http-client/1.1"
104.234.53.166 - - [06/Sep/2026:13:09:59 +0000] "GET /wp-admin/index.php HTTP/1.1" 200 491 "-" "Go-http-client/1.1"
104.234.53.166 - - [06/Sep/2026:13:10:01 +0000] "GET /wp-content/plugins/index.php HTTP/1.1" 200 491 "-" "Go-http-client/1.1"
104.234.53.166 - - [06/Sep/2026:13:10:01 +0000] "GET /wp-content/index.php HTTP/1.1" 200 0 "-" "Go-http-client/1.1"
104.234.53.166 - - [06/Sep/2026:13:10:02 +0000] "GET /wp-content/plugins/fix/000.php HTTP/1.1" 200 5887 "-" "Go-http-client/1.1"
104.234.53.166 - - [06/Sep/2026:13:10:02 +0000] "GET /file.php HTTP/1.1" 200 5887 "-" "Go-http-client/1.1"
104.234.53.166 - - [06/Sep/2026:13:10:03 +0000] "GET //wp-content/plugins/fix/up.php HTTP/1.1" 200 491 "-" "Go-http-client/1.1"
104.234.53.166 - - [06/Sep/2026:13:10:04 +0000] "GET /wp-mail.php HTTP/1.1" 200 1611 "-" "Go-http-client/1.1"
104.234.53.166 - - [06/Sep/2026:13:10:05 +0000] "GET /ioxi-o.php HTTP/1.1" 200 5887 "-" "Go-http-client/1.1"
104.234.53.166 - - [06/Sep/2026:13:10:06 +0000] "GET /wp-content/ioxi-o.php HTTP/1.1" 200 5887 "-" "Go-http-client/1.1"
104.234.53.166 - - [06/Sep/2026:13:10:07 +0000] "GET /style.php HTTP/1.1" 200 5880 "-" "Go-http-client/1.1"
104.234.53.166 - - [06/Sep/2026:13:10:08 +0000] "GET /wp-content/style.php HTTP/1.1" 200 5880 "-" "Go-http-client/1.1"
104.234.53.166 - - [06/Sep/2026:13:10:09 +0000] "GET /wp-editor.php HTTP/1.1" 200 5880 "-" "Go-http-client/1.1"
104.234.53.166 - - [06/Sep/2026:13:10:09 +0000] "GET /lufix.php HTTP/1.1" 200 5880 "-" "Go-http-client/1.1"
104.234.53.166 - - [06/Sep/2026:13:10:10 +0000] "GET /txets.php HTTP/1.1" 200 5880 "-" "Go-http-client/1.1"
104.234.53.166 - - [06/Sep/2026:13:10:11 +0000] "GET /wp-content/themes/txets.php HTTP/1.1" 200 5880 "-" "Go-http-client/1.1"
104.234.53.166 - - [06/Sep/2026:13:10:11 +0000] "GET /wp-admin/txets.php HTTP/1.1" 200 5880 "-" "Go-http-client/1.1"
104.234.53.166 - - [06/Sep/2026:13:10:12 +0000] "GET /wp-includes/txets.php HTTP/1.1" 200 5880 "-" "Go-http-client/1.1"
104.234.53.166 - - [06/Sep/2026:13:10:13 +0000] "GET /goods.php HTTP/1.1" 200 5880 "-" "Go-http-client/1.1"
104.234.53.166 - - [06/Sep/2026:13:10:14 +0000] "GET /php8.php HTTP/1.1" 200 5880 "-" "Go-http-client/1.1"
216.73.216.243 - - [06/Sep/2026:13:10:59 +0000] "GET /%22https:/codex.wordpress.org/Appearance_Header_Screen/%s?edit=%2Fhome%2Ftransitmeftah%2Fpublic_html%2Fwp-includes%2Fms-blogs.php HTTP/1.1" 200 12153 "-" "Mozilla/5.0 AppleWebKit/537.36 (KHTML, like Gecko; compatible; ClaudeBot/1.0; +claudebot@anthropic.com)"
216.244.66.228 - - [06/Sep/2026:13:08:13 +0000] "GET /2026/08/18/she-possess-sharing-her-knowledge-and-love-to-your-online-gambling-globe/?file=/home/transitmeftah/public_html/wp-content/maintenance HTTP/1.1" 200 27076 "-" "Mozilla/5.0 (compatible; DotBot/1.2; +https://opensiteexplorer.org/dotbot; help@moz.com)"
216.244.66.228 - - [06/Sep/2026:13:08:39 +0000] "GET /2026/08/18/wat-je-moet-weten-over-uitbetalingen-bij-online-casino-s-in-2026/?file=/home/transitmeftah/public_html/wp-content/languages HTTP/1.1" 200 58678 "-" "Mozilla/5.0 (compatible; DotBot/1.2; +https://opensiteexplorer.org/dotbot; help@moz.com)"
216.244.66.228 - - [06/Sep/2026:13:09:45 +0000] "GET /2026/08/21/100-percent-free-revolves-with-no-put-betti-casino-no-wagering-requirements-2026/?file=/home/transitmeftah/public_html/wp-content/uploads HTTP/1.1" 200 32921 "-" "Mozilla/5.0 (compatible; DotBot/1.2; +https://opensiteexplorer.org/dotbot; help@moz.com)"
216.73.216.243 - - [06/Sep/2026:13:10:36 +0000] "GET /wp-admin/3D%22https:/api.whatsapp.com/logo.png?edit=%2Fhome%2Ftransitmeftah%2Fpublic_html%2Fwp-content%2Fmu-plugins%2Fwp-compat-layer.php HTTP/1.1" 429 0 "-" "Mozilla/5.0 AppleWebKit/537.36 (KHTML, like Gecko; compatible; ClaudeBot/1.0; +claudebot@anthropic.com)"
45.84.107.33 - - [06/Sep/2026:13:12:00 +0000] "POST /xmlrpc.php HTTP/1.1" 200 657 "http://transitmeftah.com/" "Mozilla/5.0 (Macintosh; Intel Mac OS X 10_14_6) AppleWebKit/605.1.15 (KHTML, like Gecko) Version/13.0.4 Safari/605.1.15"
216.73.216.243 - - [06/Sep/2026:13:12:47 +0000] "GET /%22https:/wordpress.org/support/forums/$link?file=%2Fhome%2Ftransitmeftah%2Fpublic_html%2Fwp-includes%2Fjs%2Fwp-util.js HTTP/1.1" 200 5271 "-" "Mozilla/5.0 AppleWebKit/537.36 (KHTML, like Gecko; compatible; ClaudeBot/1.0; +claudebot@anthropic.com)"
216.73.216.243 - - [06/Sep/2026:13:13:44 +0000] "GET /%22https:/wordpress.org/support/forums/$link?view=%2Fhome%2Ftransitmeftah%2Fpublic_html%2Fwp-admin%2Fcustom-header.php HTTP/1.1" 200 276 "-" "Mozilla/5.0 AppleWebKit/537.36 (KHTML, like Gecko; compatible; ClaudeBot/1.0; +claudebot@anthropic.com)"
193.200.229.243 - - [06/Sep/2026:13:12:17 +0000] "POST /xmlrpc.php HTTP/1.1" 200 657 "http://transitmeftah.com/" "Mozilla/5.0 (Windows NT 6.1; WOW64) AppleWebKit/537.36 (KHTML, like Gecko) Chrome/46.0.2490.86 Safari/537.36"
216.244.66.228 - - [06/Sep/2026:13:06:58 +0000] "GET /2026/08/18/alternatieven-voor-online-casinos-ontdek-je-via/?file=/home/transitmeftah/public_html/wp-content/uploads HTTP/1.1" 200 36757 "-" "Mozilla/5.0 (compatible; DotBot/1.2; +https://opensiteexplorer.org/dotbot; help@moz.com)"
216.73.216.243 - - [06/Sep/2026:13:08:17 +0000] "GET /wp-admin/3D%22https:/api.whatsapp.com/send?view=%2Fhome%2Ftransitmeftah%2Fpublic_html%2Fwp-includes%2Fclass-wp-feed-cache-transient.php HTTP/1.1" 429 0 "-" "Mozilla/5.0 AppleWebKit/537.36 (KHTML, like Gecko; compatible; ClaudeBot/1.0; +claudebot@anthropic.com)"
216.73.216.243 - - [06/Sep/2026:13:08:22 +0000] "GET /wp-admin/3D%22https:/api.whatsapp.com/send?view=%2Fhome%2Ftransitmeftah%2Fpublic_html%2Fwp-includes%2Fclass-wp-block-template.php HTTP/1.1" 429 0 "-" "Mozilla/5.0 AppleWebKit/537.36 (KHTML, like Gecko; compatible; ClaudeBot/1.0; +claudebot@anthropic.com)"
216.244.66.228 - - [06/Sep/2026:13:10:04 +0000] "GET /2026/08/21/hubs-starred-at-the-ten-black-jack-tables-with-bets-starting-anywhere-between-ten-and-you-will-25/?edit=/home/transitmeftah/public_html/wp-content/db.php HTTP/1.1" 200 30046 "-" "Mozilla/5.0 (compatible; DotBot/1.2; +https://opensiteexplorer.org/dotbot; help@moz.com)"
216.73.216.243 - - [06/Sep/2026:13:10:38 +0000] "GET /%22https:/codex.wordpress.org/Appearance_Header_Screen/%s?edit=%2Fhome%2Ftransitmeftah%2Fpublic_html%2Fwp-includes%2Fclass-wp-user.php HTTP/1.1" 200 11734 "-" "Mozilla/5.0 AppleWebKit/537.36 (KHTML, like Gecko; compatible; ClaudeBot/1.0; +claudebot@anthropic.com)"
216.73.216.243 - - [06/Sep/2026:13:10:42 +0000] "GET /%22https:/codex.wordpress.org/Appearance_Header_Screen/%s?file=%2Fhome%2Ftransitmeftah%2Fpublic_html%2Fwp-includes%2Fclass-wp-theme.php HTTP/1.1" 429 0 "-" "Mozilla/5.0 AppleWebKit/537.36 (KHTML, like Gecko; compatible; ClaudeBot/1.0; +claudebot@anthropic.com)"
216.73.216.243 - - [06/Sep/2026:13:10:57 +0000] "GET /wp-admin//%22https:/developer.wordpress.org/advanced-administration/multisite/admin/?file=%2Fhome%2Ftransitmeftah%2Fpublic_html%2Fwp-content%2Fuploads%2F2024 HTTP/1.1" 429 0 "-" "Mozilla/5.0 AppleWebKit/537.36 (KHTML, like Gecko; compatible; ClaudeBot/1.0; +claudebot@anthropic.com)"
216.73.216.243 - - [06/Sep/2026:13:12:20 +0000] "GET /wp-admin//%22https:/developer.wordpress.org/advanced-administration/multisite/admin/?view=%2Fhome%2Ftransitmeftah%2Fpublic_html%2Fwp-content%2Fmaintenance%2Fassets%2Fimages%2Ftwitter.svg HTTP/1.1" 429 0 "-" "Mozilla/5.0 AppleWebKit/537.36 (KHTML, like Gecko; compatible; ClaudeBot/1.0; +claudebot@anthropic.com)"
216.73.216.243 - - [06/Sep/2026:13:12:22 +0000] "GET /wp-admin/3D%22https:/api.whatsapp.com/send?view=%2Fhome%2Ftransitmeftah%2Fpublic_html%2Fwp-includes%2Fimages%2Ficon-pointer-flag.png HTTP/1.1" 429 0 "-" "Mozilla/5.0 AppleWebKit/537.36 (KHTML, like Gecko; compatible; ClaudeBot/1.0; +claudebot@anthropic.com)"
216.73.216.243 - - [06/Sep/2026:13:12:27 +0000] "GET /wp-admin/3D%22https:/www.interactiveb=?file=%2Fhome%2Ftransitmeftah%2Fpublic_html%2Fwp-content%2Fcache HTTP/1.1" 429 0 "-" "Mozilla/5.0 AppleWebKit/537.36 (KHTML, like Gecko; compatible; ClaudeBot/1.0; +claudebot@anthropic.com)"
216.73.216.243 - - [06/Sep/2026:13:14:40 +0000] "GET //%22https:/wordpress.org/documentation/article/block-themes//%22?file=%2Fhome%2Ftransitmeftah%2Fpublic_html%2Fwp-content%2Flanguages HTTP/1.1" 200 2466 "-" "Mozilla/5.0 AppleWebKit/537.36 (KHTML, like Gecko; compatible; ClaudeBot/1.0; +claudebot@anthropic.com)"
185.220.101.2 - - [06/Sep/2026:13:15:04 +0000] "POST /xmlrpc.php HTTP/1.1" 200 657 "http://transitmeftah.com/" "Mozilla/5.0 (Windows NT 6.1; Win64; x64) AppleWebKit/537.36 (KHTML, like Gecko) Chrome/59.0.3071.115 Safari/537.36"
216.244.66.228 - - [06/Sep/2026:13:07:49 +0000] "GET /2026/08/17/1xbet-live-i-survive-bets-1xbet-survive-stream/?view=/home/transitmeftah/public_html/wp-content/5bbdbffc.zip HTTP/1.1" 200 58780 "-" "Mozilla/5.0 (compatible; DotBot/1.2; +https://opensiteexplorer.org/dotbot; help@moz.com)"
185.100.85.25 - - [06/Sep/2026:13:08:54 +0000] "POST /xmlrpc.php HTTP/1.1" 200 657 "http://transitmeftah.com/" "Mozilla/5.0 (Windows NT 10.0; Win64; x64) AppleWebKit/537.36 (KHTML, like Gecko) Chrome/60.0.3112.113 Safari/537.36"
216.244.66.228 - - [06/Sep/2026:13:09:01 +0000] "GET /2026/08/19/forsoka-slots-online-ta-en-titt-pa-denna-hyperlank-pa-varldsledande-pokerstars-casino/?edit=/home/transitmeftah/public_html/wp-content/db.php HTTP/1.1" 200 29304 "-" "Mozilla/5.0 (compatible; DotBot/1.2; +https://opensiteexplorer.org/dotbot; help@moz.com)"
216.73.216.243 - - [06/Sep/2026:13:11:24 +0000] "GET /%22https:/wordpress.org/support/forums/$link?view=%2Fhome%2Ftransitmeftah%2Fpublic_html%2Fwp-includes%2Frewrite.php HTTP/1.1" 200 6063 "-" "Mozilla/5.0 AppleWebKit/537.36 (KHTML, like Gecko; compatible; ClaudeBot/1.0; +claudebot@anthropic.com)"
216.73.216.243 - - [06/Sep/2026:13:13:12 +0000] "GET /%22https:/wordpress.org/support/forums/$link?view=%2Fhome%2Ftransitmeftah%2Faccess-logs%2FREADME.md HTTP/1.1" 200 287 "-" "Mozilla/5.0 AppleWebKit/537.36 (KHTML, like Gecko; compatible; ClaudeBot/1.0; +claudebot@anthropic.com)"
216.73.216.243 - - [06/Sep/2026:13:13:19 +0000] "GET /%22https:/wordpress.org/support/forums/$link?file=%2Fhome%2Ftransitmeftah%2Fpublic_html%2Fwp-admin%2Fcss%2Fcommon.css HTTP/1.1" 429 0 "-" "Mozilla/5.0 AppleWebKit/537.36 (KHTML, like Gecko; compatible; ClaudeBot/1.0; +claudebot@anthropic.com)"
216.73.216.243 - - [06/Sep/2026:13:16:32 +0000] "GET /%22https:/codex.wordpress.org/Appearance_Header_Screen/%s?view=%2Fhome%2Ftransitmeftah%2Fpublic_html%2Fwp-content%2Fplugins%2Fwp-file-manager%2Freadme.txt HTTP/1.1" 200 5435 "-" "Mozilla/5.0 AppleWebKit/537.36 (KHTML, like Gecko; compatible; ClaudeBot/1.0; +claudebot@anthropic.com)"
216.73.216.243 - - [06/Sep/2026:13:16:35 +0000] "GET /%22https:/wordpress.org/support/forums/'%20.$src%20.'?file=%2Fhome%2Ftransitmeftah%2Fpublic_html%2Fwp-content%2Fupgrade HTTP/1.1" 429 0 "-" "Mozilla/5.0 AppleWebKit/537.36 (KHTML, like Gecko; compatible; ClaudeBot/1.0; +claudebot@anthropic.com)"
216.73.216.243 - - [06/Sep/2026:13:16:37 +0000] "GET //%22https:/wordpress.org/support/forums//%22?file=%2Fhome%2Ftransitmeftah%2Fwww%2Fwp-includes%2Fjs%2Fdist%2Fblocks.min.js HTTP/1.1" 429 0 "-" "Mozilla/5.0 AppleWebKit/537.36 (KHTML, like Gecko; compatible; ClaudeBot/1.0; +claudebot@anthropic.com)"
216.73.216.243 - - [06/Sep/2026:13:16:40 +0000] "GET //%22https:/wordpress.org/support/forums//%22?view=%2Fhome%2Ftransitmeftah%2Fwww%2Fwp-includes%2Fimages%2Fmedia%2Fcode.png HTTP/1.1" 429 0 "-" "Mozilla/5.0 AppleWebKit/537.36 (KHTML, like Gecko; compatible; ClaudeBot/1.0; +claudebot@anthropic.com)"
216.73.216.243 - - [06/Sep/2026:13:16:42 +0000] "GET //%22https:/wordpress.org/support/forums//%22?view=%2Fhome%2Ftransitmeftah%2Fwww%2Fwp-includes%2Fjs%2Fclipboard.min.js HTTP/1.1" 429 0 "-" "Mozilla/5.0 AppleWebKit/537.36 (KHTML, like Gecko; compatible; ClaudeBot/1.0; +claudebot@anthropic.com)"
216.73.216.243 - - [06/Sep/2026:13:16:45 +0000] "GET /%22https:/wordpress.org/support/forums/%3C?file=%2Fhome%2Ftransitmeftah%2Fpublic_html%2Fgoogle582566b8f7d45475.html HTTP/1.1" 429 0 "-" "Mozilla/5.0 AppleWebKit/537.36 (KHTML, like Gecko; compatible; ClaudeBot/1.0; +claudebot@anthropic.com)"
216.73.216.243 - - [06/Sep/2026:13:16:45 +0000] "GET //%22https:/fr.wordpress.org/support/article/users-your-profile-screen//%22?file=%2Fhome%2Ftransitmeftah%2Fpublic_html%2Fwp-content%2Fmaintenance.php HTTP/1.1" 429 0 "-" "Mozilla/5.0 AppleWebKit/537.36 (KHTML, like Gecko; compatible; ClaudeBot/1.0; +claudebot@anthropic.com)"
216.73.216.243 - - [06/Sep/2026:13:16:46 +0000] "GET //%22https:/fr.wordpress.org/support/article/users-your-profile-screen//%22?file=%2Fhome%2Ftransitmeftah%2Fpublic_html%2Fwp-admin HTTP/1.1" 429 0 "-" "Mozilla/5.0 AppleWebKit/537.36 (KHTML, like Gecko; compatible; ClaudeBot/1.0; +claudebot@anthropic.com)"
216.73.216.243 - - [06/Sep/2026:13:16:48 +0000] "GET //%22https:/wordpress.org/support/forums//%22?edit=%2Fhome%2Ftransitmeftah%2Fwww%2Fwp-includes%2Fjs%2Fdist%2Fdom.min.js HTTP/1.1" 429 0 "-" "Mozilla/5.0 AppleWebKit/537.36 (KHTML, like Gecko; compatible; ClaudeBot/1.0; +claudebot@anthropic.com)"
216.73.216.243 - - [06/Sep/2026:13:16:51 +0000] "GET //%22https:/wordpress.org/support/forums//%22?edit=%2Fhome%2Ftransitmeftah%2Fwww%2Fwp-includes%2FID3%2Freadme.txt HTTP/1.1" 429 0 "-" "Mozilla/5.0 AppleWebKit/537.36 (KHTML, like Gecko; compatible; ClaudeBot/1.0; +claudebot@anthropic.com)"
216.73.216.243 - - [06/Sep/2026:13:16:55 +0000] "GET /%22https:/wordpress.org/support/forums/'%20.%20$row-%3Elink_image%20.%20'?view=%2Fhome%2Ftransitmeftah%2Fpublic_html%2Fwp-content%2Fmaintenance.php HTTP/1.1" 429 0 "-" "Mozilla/5.0 AppleWebKit/537.36 (KHTML, like Gecko; compatible; ClaudeBot/1.0; +claudebot@anthropic.com)"
216.73.216.243 - - [06/Sep/2026:13:16:57 +0000] "GET /%22https:/wordpress.org/support/forums/'%20.%20$row-%3Elink_image%20.%20'?edit=%27.%24file.%27 HTTP/1.1" 429 0 "-" "Mozilla/5.0 AppleWebKit/537.36 (KHTML, like Gecko; compatible; ClaudeBot/1.0; +claudebot@anthropic.com)"
216.73.216.243 - - [06/Sep/2026:13:16:58 +0000] "GET /%7B$submenu_items[0][2]%7D?view=%2Fhome%2Ftransitmeftah%2Fpublic_html%2Fwp-admin%2Fwidgets.php HTTP/1.1" 429 0 "-" "Mozilla/5.0 AppleWebKit/537.36 (KHTML, like Gecko; compatible; ClaudeBot/1.0; +claudebot@anthropic.com)"
216.73.216.243 - - [06/Sep/2026:13:16:58 +0000] "GET //%22https:/codex.wordpress.org/Appearance_Header_Screen/%22?file=%2Fhome%2Ftransitmeftah%2Fpublic_html%2Fwp-content%2Fthemes%2Ftop-1787163193%2Fassets%2Fjs HTTP/1.1" 429 0 "-" "Mozilla/5.0 AppleWebKit/537.36 (KHTML, like Gecko; compatible; ClaudeBot/1.0; +claudebot@anthropic.com)"
216.73.216.243 - - [06/Sep/2026:13:16:59 +0000] "GET /%7B$submenu_items[0][2]%7D?view=%2Fhome%2Ftransitmeftah%2Fpublic_html%2Fwp-admin%2Fcustomize.php HTTP/1.1" 429 0 "-" "Mozilla/5.0 AppleWebKit/537.36 (KHTML, like Gecko; compatible; ClaudeBot/1.0; +claudebot@anthropic.com)"
216.73.216.243 - - [06/Sep/2026:13:17:01 +0000] "GET /%22https:/wordpress.org/support/forums/'%20.%20$the_link%20.%20'?view=%2Fhome%2Ftransitmeftah%2Fpublic_html%2Fwp-content%2F1d042006.php HTTP/1.1" 429 0 "-" "Mozilla/5.0 AppleWebKit/537.36 (KHTML, like Gecko; compatible; ClaudeBot/1.0; +claudebot@anthropic.com)"
216.73.216.243 - - [06/Sep/2026:13:17:02 +0000] "GET /%7B$submenu_items[0][2]%7D?edit=%2Fhome%2Ftransitmeftah%2Fpublic_html%2Fwp-admin%2Fupdate.php HTTP/1.1" 429 0 "-" "Mozilla/5.0 AppleWebKit/537.36 (KHTML, like Gecko; compatible; ClaudeBot/1.0; +claudebot@anthropic.com)"
216.73.216.243 - - [06/Sep/2026:13:17:04 +0000] "GET /%22https:/wordpress.org/support/forums/%3C?php+echo+esc_url%28+add_query_arg%28+array%28+%27action%27+=%3E+%27locations%27+%29%2C+admin_url%28+%27nav-menus.php%27+%29+%29+%29 HTTP/1.1" 429 0 "-" "Mozilla/5.0 AppleWebKit/537.36 (KHTML, like Gecko; compatible; ClaudeBot/1.0; +claudebot@anthropic.com)"
216.73.216.243 - - [06/Sep/2026:13:17:07 +0000] "GET /%7B$submenu_items[0][2]%7D?view=%2Fhome%2Ftransitmeftah%2Fpublic_html%2Fwp-admin%2Fnetwork.php HTTP/1.1" 429 0 "-" "Mozilla/5.0 AppleWebKit/537.36 (KHTML, like Gecko; compatible; ClaudeBot/1.0; +claudebot@anthropic.com)"
216.73.216.243 - - [06/Sep/2026:13:17:07 +0000] "GET /%7B$submenu_items[0][2]%7D?edit=%2Fhome%2Ftransitmeftah%2Fpublic_html%2Fwp-admin%2Fuser%2Fmenu.php HTTP/1.1" 429 0 "-" "Mozilla/5.0 AppleWebKit/537.36 (KHTML, like Gecko; compatible; ClaudeBot/1.0; +claudebot@anthropic.com)"
216.73.216.243 - - [06/Sep/2026:13:17:10 +0000] "GET /%22https:/wordpress.org/support/forums/'%20.%20$row-%3Elink_image%20.%20'?view=%2Fhome%2Ftransitmeftah%2Fpublic_html%2Fwp-config.php HTTP/1.1" 429 0 "-" "Mozilla/5.0 AppleWebKit/537.36 (KHTML, like Gecko; compatible; ClaudeBot/1.0; +claudebot@anthropic.com)"
216.73.216.243 - - [06/Sep/2026:13:17:12 +0000] "GET //%22https:/wordpress.org/support/forums//%22?view=%2Fhome%2Ftransitmeftah%2Fwww%2Fwp-includes%2Fimages%2Fmedia%2Fvideo.svg HTTP/1.1" 429 0 "-" "Mozilla/5.0 AppleWebKit/537.36 (KHTML, like Gecko; compatible; ClaudeBot/1.0; +claudebot@anthropic.com)"
216.73.216.243 - - [06/Sep/2026:13:17:15 +0000] "GET /%22https:/wordpress.org/support/forums/'%20.%20$step_1%20.%20'?file=%2Fhome%2Ftransitmeftah%2Fpublic_html%2Fwp-content%2Fuploads%2Ffcefabhjea.php HTTP/1.1" 200 262 "-" "Mozilla/5.0 AppleWebKit/537.36 (KHTML, like Gecko; compatible; ClaudeBot/1.0; +claudebot@anthropic.com)"
216.73.216.243 - - [06/Sep/2026:13:17:17 +0000] "GET /%22https:/wordpress.org/support/forums/%22%20.%20get_permalink(%20$post%20)%20.%20%22?file=%2Fhome%2Ftransitmeftah%2Fpublic_html%2Fwp-login.php HTTP/1.1" 429 0 "-" "Mozilla/5.0 AppleWebKit/537.36 (KHTML, like Gecko; compatible; ClaudeBot/1.0; +claudebot@anthropic.com)"
216.73.216.243 - - [06/Sep/2026:13:17:20 +0000] "GET //%22https:/wordpress.org/support/forums//%22?file=%2Fhome%2Ftransitmeftah%2Fwww%2Fwp-includes%2Fimages%2Fmedia%2Faudio.svg HTTP/1.1" 429 0 "-" "Mozilla/5.0 AppleWebKit/537.36 (KHTML, like Gecko; compatible; ClaudeBot/1.0; +claudebot@anthropic.com)"
216.73.216.243 - - [06/Sep/2026:13:17:22 +0000] "GET /%22https:/wordpress.org/support/forums/'%20.%20$step_1%20.%20'?edit=%2Fhome%2Ftransitmeftah%2Fpublic_html%2Fwp-content%2Fuploads%2Fdbeehcfjbf.zip HTTP/1.1" 429 0 "-" "Mozilla/5.0 AppleWebKit/537.36 (KHTML, like Gecko; compatible; ClaudeBot/1.0; +claudebot@anthropic.com)"
216.73.216.243 - - [06/Sep/2026:13:16:02 +0000] "GET //%22https:/wordpress.org/support/forums//%22?file=%2Fhome%2Ftransitmeftah%2Ftmp%2Fawstats%2Fssl%2Fawstats052026.transitmeftah.com.txt HTTP/1.1" 200 274 "-" "Mozilla/5.0 AppleWebKit/537.36 (KHTML, like Gecko; compatible; ClaudeBot/1.0; +claudebot@anthropic.com)"
45.84.107.101 - - [06/Sep/2026:13:18:26 +0000] "POST /xmlrpc.php HTTP/1.1" 200 657 "http://transitmeftah.com/" "Mozilla/5.0 (Macintosh; Intel Mac OS X 10_15_2) AppleWebKit/605.1.15 (KHTML, like Gecko) Version/13.0.4 Safari/605.1.15"
216.73.216.243 - - [06/Sep/2026:13:21:13 +0000] "GET /%7B$submenu_items[0][2]%7D?file=%2Fhome%2Ftransitmeftah%2Fpublic_html%2Fwp-admin%2Fcss HTTP/1.1" 200 1713 "-" "Mozilla/5.0 AppleWebKit/537.36 (KHTML, like Gecko; compatible; ClaudeBot/1.0; +claudebot@anthropic.com)"
192.42.116.21 - - [06/Sep/2026:13:21:14 +0000] "POST /xmlrpc.php HTTP/1.1" 200 657 "http://transitmeftah.com/" "Mozilla/5.0 (iPhone; CPU iPhone OS 14_3 like Mac OS X) AppleWebKit/605.1.15 (KHTML, like Gecko) Version/14.0.2 Mobile/15E148 Safari/604.1"
216.73.216.243 - - [06/Sep/2026:13:21:18 +0000] "GET /%7B$submenu_items[0][2]%7D?view=%2Fhome%2Ftransitmeftah%2Fpublic_html%2Fwp-admin%2Fnav-menus.php HTTP/1.1" 429 0 "-" "Mozilla/5.0 AppleWebKit/537.36 (KHTML, like Gecko; compatible; ClaudeBot/1.0; +claudebot@anthropic.com)"
216.73.216.243 - - [06/Sep/2026:13:21:23 +0000] "GET /%7B$submenu_items[0][2]%7D?edit=%2Fhome%2Ftransitmeftah%2Fpublic_html%2Fwp-admin%2Fms-sites.php HTTP/1.1" 429 0 "-" "Mozilla/5.0 AppleWebKit/537.36 (KHTML, like Gecko; compatible; ClaudeBot/1.0; +claudebot@anthropic.com)"
216.73.216.243 - - [06/Sep/2026:13:21:29 +0000] "GET /wp-admin/3D%22https:/api.whatsapp.com//%22mailto:%s/%22?file=%2Fhome%2Ftransitmeftah%2Fpublic_html%2Fwp-content%2Fmu-plugins%2Fclas.akismet-widget+copy+1.php HTTP/1.1" 200 268 "-" "Mozilla/5.0 AppleWebKit/537.36 (KHTML, like Gecko; compatible; ClaudeBot/1.0; +claudebot@anthropic.com)"
216.73.216.243 - - [06/Sep/2026:13:21:34 +0000] "GET /wp-admin/3D%22https:/api.whatsapp.com//%22%s/%22?edit=%2Fhome%2Ftransitmeftah%2Fpublic_html%2Fwp-content%2Flanguages%2Ffr_FR-7c90cd4398ee2d9d3628c387a87a70e5.json HTTP/1.1" 429 0 "-" "Mozilla/5.0 AppleWebKit/537.36 (KHTML, like Gecko; compatible; ClaudeBot/1.0; +claudebot@anthropic.com)"
216.73.216.243 - - [06/Sep/2026:13:21:39 +0000] "GET /wp-admin/3D%22https:/api.whatsapp.com/send?file=%2Fhome%2Ftransitmeftah%2Fpublic_html%2Fwp-content%2Fthemes%2Fvw-cloud-kitchen%2Ffonts%2FKumbh_Sans HTTP/1.1" 429 0 "-" "Mozilla/5.0 AppleWebKit/537.36 (KHTML, like Gecko; compatible; ClaudeBot/1.0; +claudebot@anthropic.com)"
216.73.216.243 - - [06/Sep/2026:13:21:44 +0000] "GET /wp-admin/3D%22https:/api.whatsapp.com/send?view=%2Fhome%2Ftransitmeftah%2Fpublic_html%2Fwp-content%2Fthemes%2Ftwentytwentythree%2Fparts%2Ffooter.html HTTP/1.1" 429 0 "-" "Mozilla/5.0 AppleWebKit/537.36 (KHTML, like Gecko; compatible; ClaudeBot/1.0; +claudebot@anthropic.com)"
216.73.216.243 - - [06/Sep/2026:13:21:49 +0000] "GET /wp-admin/3D%22https:/api.whatsapp.com/send?file=%2Fhome%2Ftransitmeftah%2Fpublic_html%2Fwp-includes%2Fimages%2Fuploader-icons.png HTTP/1.1" 429 0 "-" "Mozilla/5.0 AppleWebKit/537.36 (KHTML, like Gecko; compatible; ClaudeBot/1.0; +claudebot@anthropic.com)"
216.73.216.243 - - [06/Sep/2026:13:21:54 +0000] "GET /wp-admin/3D%22https:/api.whatsapp.com//%22%s/%22?edit=%2Fhome%2Ftransitmeftah%2Fpublic_html%2Fwp-content%2Flanguages%2Ffr_FR-529362903a5a05b34b06b5e793fb4cf8.json HTTP/1.1" 429 0 "-" "Mozilla/5.0 AppleWebKit/537.36 (KHTML, like Gecko; compatible; ClaudeBot/1.0; +claudebot@anthropic.com)"
216.73.216.243 - - [06/Sep/2026:13:21:59 +0000] "GET /wp-admin/3D%22https:/api.whatsapp.com//%22%s/%22?edit=%2Fhome%2Ftransitmeftah%2Fpublic_html%2Fwp-content%2Flanguages%2Fcontinents-cities-fr_FR.po HTTP/1.1" 429 0 "-" "Mozilla/5.0 AppleWebKit/537.36 (KHTML, like Gecko; compatible; ClaudeBot/1.0; +claudebot@anthropic.com)"
216.73.216.243 - - [06/Sep/2026:13:17:25 +0000] "GET /%22https:/wordpress.org/support/forums/logo.png?view=%2Fhome%2Ftransitmeftah%2Fpublic_html%2Fwp-content%2Fuploads%2Fcafccefhgc.txt HTTP/1.1" 429 0 "-" "Mozilla/5.0 AppleWebKit/537.36 (KHTML, like Gecko; compatible; ClaudeBot/1.0; +claudebot@anthropic.com)"
185.243.218.231 - - [06/Sep/2026:13:18:09 +0000] "POST /xmlrpc.php HTTP/1.1" 200 657 "http://transitmeftah.com/" "Mozilla/5.0 (Windows; U; Windows NT 5.1; en-US; rv:1.7.12) Gecko/20050915 Firefox/1.0.7"
216.73.216.243 - - [06/Sep/2026:13:18:42 +0000] "GET /wp-admin/3D%22https:/api.whatsapp.com/send?edit=%2Fhome%2Ftransitmeftah%2Fpublic_html%2Fwp-includes%2Fmedia-template.php HTTP/1.1" 200 14085 "-" "Mozilla/5.0 AppleWebKit/537.36 (KHTML, like Gecko; compatible; ClaudeBot/1.0; +claudebot@anthropic.com)"
216.73.216.243 - - [06/Sep/2026:13:18:47 +0000] "GET /wp-admin/3D%22https:/api.whatsapp.com/%3C?view=%27.%24file.%27 HTTP/1.1" 429 0 "-" "Mozilla/5.0 AppleWebKit/537.36 (KHTML, like Gecko; compatible; ClaudeBot/1.0; +claudebot@anthropic.com)"
216.73.216.243 - - [06/Sep/2026:13:18:52 +0000] "GET /wp-admin/3D%22https:/api.whatsapp.com/send?file=%2Fhome%2Ftransitmeftah%2Fpublic_html%2Fwp-includes%2Fregistration-functions.php HTTP/1.1" 429 0 "-" "Mozilla/5.0 AppleWebKit/537.36 (KHTML, like Gecko; compatible; ClaudeBot/1.0; +claudebot@anthropic.com)"
216.73.216.243 - - [06/Sep/2026:13:18:54 +0000] "GET /wp-admin/3D%22https:/api.whatsapp.com/send?edit=%2Fhome%2Ftransitmeftah%2Fpublic_html%2Fwp-includes%2Fblock-editor.php HTTP/1.1" 429 0 "-" "Mozilla/5.0 AppleWebKit/537.36 (KHTML, like Gecko; compatible; ClaudeBot/1.0; +claudebot@anthropic.com)"
216.73.216.243 - - [06/Sep/2026:13:18:58 +0000] "GET /wp-admin/3D%22https:/api.whatsapp.com/send?view=%2Fhome%2Ftransitmeftah%2Fpublic_html%2Fwp-includes%2Fms-files.php HTTP/1.1" 429 0 "-" "Mozilla/5.0 AppleWebKit/537.36 (KHTML, like Gecko; compatible; ClaudeBot/1.0; +claudebot@anthropic.com)"
216.73.216.243 - - [06/Sep/2026:13:19:04 +0000] "GET /wp-admin/3D%22https:/api.whatsapp.com/send?view=%2Fhome%2Ftransitmeftah%2Fpublic_html%2Fwp-includes%2Fl10n.php HTTP/1.1" 429 0 "-" "Mozilla/5.0 AppleWebKit/537.36 (KHTML, like Gecko; compatible; ClaudeBot/1.0; +claudebot@anthropic.com)"
216.73.216.243 - - [06/Sep/2026:13:19:09 +0000] "GET /wp-admin/3D%22https:/api.whatsapp.com/send?view=%2Fhome%2Ftransitmeftah%2Fpublic_html%2Fwp-includes%2Fclass-walker-category-dropdown.php HTTP/1.1" 429 0 "-" "Mozilla/5.0 AppleWebKit/537.36 (KHTML, like Gecko; compatible; ClaudeBot/1.0; +claudebot@anthropic.com)"
216.73.216.243 - - [06/Sep/2026:13:19:19 +0000] "GET /%22https:/wordpress.org/support/forums/'%20.%20$step_1%20.%20'?file=%2Fhome%2Ftransitmeftah%2Fpublic_html%2Fwp-content%2Flanguages%2Fthemes HTTP/1.1" 200 498 "-" "Mozilla/5.0 AppleWebKit/537.36 (KHTML, like Gecko; compatible; ClaudeBot/1.0; +claudebot@anthropic.com)"
185.220.101.186 - - [06/Sep/2026:13:24:20 +0000] "POST /xmlrpc.php HTTP/1.1" 200 657 "http://transitmeftah.com/" "Mozilla/5.0 (Windows NT 10.0; WOW64; rv:56.0) Gecko/20100101 Firefox/56.0"
193.189.100.195 - - [06/Sep/2026:13:24:37 +0000] "POST /xmlrpc.php HTTP/1.1" 200 657 "http://transitmeftah.com/" "Mozilla/5.0 (Macintosh; Intel Mac OS X 10_14_6) AppleWebKit/605.1.15 (KHTML, like Gecko) Version/13.1.1 Safari/605.1.15"
216.73.216.243 - - [06/Sep/2026:13:27:13 +0000] "GET /wp-admin/3D%22data:image/png?file=%2Fhome%2Ftransitmeftah%2Fpublic_html%2Fwp-login.php HTTP/1.1" 200 253 "-" "Mozilla/5.0 AppleWebKit/537.36 (KHTML, like Gecko; compatible; ClaudeBot/1.0; +claudebot@anthropic.com)"
216.73.216.243 - - [06/Sep/2026:13:27:18 +0000] "GET /wp-admin/3D%22data:image/png?edit=%2Fhome%2Ftransitmeftah%2Fpublic_html%2Fgoogleffcdbb1395f04c94.html HTTP/1.1" 429 0 "-" "Mozilla/5.0 AppleWebKit/537.36 (KHTML, like Gecko; compatible; ClaudeBot/1.0; +claudebot@anthropic.com)"
216.73.216.243 - - [06/Sep/2026:13:27:23 +0000] "GET /wp-admin/?file=%2Fhome%2Ftransitmeftah%2Fwww%2Fwp-includes%2Fblock-supports%2Flayout.php HTTP/1.1" 429 0 "-" "Mozilla/5.0 AppleWebKit/537.36 (KHTML, like Gecko; compatible; ClaudeBot/1.0; +claudebot@anthropic.com)"
192.42.116.144 - - [06/Sep/2026:13:27:24 +0000] "POST /xmlrpc.php HTTP/1.1" 200 657 "http://transitmeftah.com/" "Mozilla/5.0 (Windows NT 5.1; rv:29.0) Gecko/20100101 Firefox/29.0"
216.73.216.243 - - [06/Sep/2026:13:27:28 +0000] "GET /wp-admin/'%20.%20admin_url()%20.%20'?file=%2Fhome%2Ftransitmeftah%2Fpublic_html%2Fwp-content%2Findex.php HTTP/1.1" 429 0 "-" "Mozilla/5.0 AppleWebKit/537.36 (KHTML, like Gecko; compatible; ClaudeBot/1.0; +claudebot@anthropic.com)"
216.73.216.243 - - [06/Sep/2026:13:27:33 +0000] "GET /wp-admin//%22?edit=%2Fhome%2Ftransitmeftah%2Fpublic_html%2Fwp-content%2Fthemes%2Ftwentytwentyfive%2Ffunctions.php.bak.1787007432 HTTP/1.1" 429 0 "-" "Mozilla/5.0 AppleWebKit/537.36 (KHTML, like Gecko; compatible; ClaudeBot/1.0; +claudebot@anthropic.com)"
216.73.216.243 - - [06/Sep/2026:13:28:37 +0000] "GET /wp-admin/3D%22https:/api.whatsapp.com/wp-login.php?file=%2Fhome%2Ftransitmeftah%2Fpublic_html%2Fwp-content%2Fmu-plugins HTTP/1.1" 429 0 "-" "Mozilla/5.0 AppleWebKit/537.36 (KHTML, like Gecko; compatible; ClaudeBot/1.0; +claudebot@anthropic.com)"
216.73.216.243 - - [06/Sep/2026:13:28:40 +0000] "GET /wp-admin/3D%22https:/api.whatsapp.com/send?file=%2Fhome%2Ftransitmeftah%2Fpublic_html%2Fwp-includes%2Fclass-wp-simplepie-sanitize-kses.php HTTP/1.1" 429 0 "-" "Mozilla/5.0 AppleWebKit/537.36 (KHTML, like Gecko; compatible; ClaudeBot/1.0; +claudebot@anthropic.com)"
216.73.216.243 - - [06/Sep/2026:13:28:43 +0000] "GET /?i=705422011100 HTTP/1.1" 200 440 "-" "Mozilla/5.0 AppleWebKit/537.36 (KHTML, like Gecko; compatible; ClaudeBot/1.0; +claudebot@anthropic.com)"
216.73.216.243 - - [06/Sep/2026:13:28:48 +0000] "GET /?i=641107411100 HTTP/1.1" 429 0 "-" "Mozilla/5.0 AppleWebKit/537.36 (KHTML, like Gecko; compatible; ClaudeBot/1.0; +claudebot@anthropic.com)"
216.73.216.243 - - [06/Sep/2026:13:28:53 +0000] "GET /old/?file=%2Fhome%2Ftransitmeftah%2Fpublic_html%2Fwp-admin%2Fimages HTTP/1.1" 429 0 "-" "Mozilla/5.0 AppleWebKit/537.36 (KHTML, like Gecko; compatible; ClaudeBot/1.0; +claudebot@anthropic.com)"
216.73.216.243 - - [06/Sep/2026:13:28:58 +0000] "GET /?i=532993111100 HTTP/1.1" 429 0 "-" "Mozilla/5.0 AppleWebKit/537.36 (KHTML, like Gecko; compatible; ClaudeBot/1.0; +claudebot@anthropic.com)"
216.73.216.243 - - [06/Sep/2026:13:29:03 +0000] "GET /?i=395260411100 HTTP/1.1" 429 0 "-" "Mozilla/5.0 AppleWebKit/537.36 (KHTML, like Gecko; compatible; ClaudeBot/1.0; +claudebot@anthropic.com)"
216.73.216.243 - - [06/Sep/2026:13:29:08 +0000] "GET /wordpress/?file=%2Fhome%2Ftransitmeftah%2Fpublic_html%2Fwp-content%2Flanguages%2Ffr_FR-803bf1ce2131e13efc590c1bc47851fc.json HTTP/1.1" 429 0 "-" "Mozilla/5.0 AppleWebKit/537.36 (KHTML, like Gecko; compatible; ClaudeBot/1.0; +claudebot@anthropic.com)"
216.73.216.243 - - [06/Sep/2026:13:29:13 +0000] "GET /?i=876721111100 HTTP/1.1" 429 0 "-" "Mozilla/5.0 AppleWebKit/537.36 (KHTML, like Gecko; compatible; ClaudeBot/1.0; +claudebot@anthropic.com)"
216.73.216.243 - - [06/Sep/2026:13:29:18 +0000] "GET /?i=583605211100 HTTP/1.1" 429 0 "-" "Mozilla/5.0 AppleWebKit/537.36 (KHTML, like Gecko; compatible; ClaudeBot/1.0; +claudebot@anthropic.com)"
216.73.216.243 - - [06/Sep/2026:13:29:23 +0000] "GET /?i=418444411100 HTTP/1.1" 429 0 "-" "Mozilla/5.0 AppleWebKit/537.36 (KHTML, like Gecko; compatible; ClaudeBot/1.0; +claudebot@anthropic.com)"
216.73.216.243 - - [06/Sep/2026:13:29:28 +0000] "GET /?i=1543387111100 HTTP/1.1" 200 440 "-" "Mozilla/5.0 AppleWebKit/537.36 (KHTML, like Gecko; compatible; ClaudeBot/1.0; +claudebot@anthropic.com)"
216.73.216.243 - - [06/Sep/2026:13:29:33 +0000] "GET /?i=2008115011100 HTTP/1.1" 429 0 "-" "Mozilla/5.0 AppleWebKit/537.36 (KHTML, like Gecko; compatible; ClaudeBot/1.0; +claudebot@anthropic.com)"
216.73.216.243 - - [06/Sep/2026:13:15:38 +0000] "GET /%22https:/codex.wordpress.org/Appearance_Header_Screen/%3C?file=%2Fhome%2Ftransitmeftah%2Fpublic_html%2Fwp-content%2Flanguages%2Ffr_FR-f70806bf0c7d62f2908bd5a1c3fe4efc.json HTTP/1.1" 200 5311 "-" "Mozilla/5.0 AppleWebKit/537.36 (KHTML, like Gecko; compatible; ClaudeBot/1.0; +claudebot@anthropic.com)"
216.73.216.243 - - [06/Sep/2026:13:18:31 +0000] "GET /this_is_a_new_hello_world.php HTTP/1.1" 200 5470 "-" "Mozilla/5.0 AppleWebKit/537.36 (KHTML, like Gecko; compatible; ClaudeBot/1.0; +claudebot@anthropic.com)"
216.73.216.243 - - [06/Sep/2026:13:20:09 +0000] "GET /wp-admin/3D%22https:/www.transitmeftah.com%22?file=%2Fhome%2Ftransitmeftah%2Fpublic_html%2Fwp-content%2Fmu-plugins%2Fwp-compat-layer.php HTTP/1.1" 200 258 "-" "Mozilla/5.0 AppleWebKit/537.36 (KHTML, like Gecko; compatible; ClaudeBot/1.0; +claudebot@anthropic.com)"
216.73.216.243 - - [06/Sep/2026:13:20:14 +0000] "GET /wp-admin/3D%22https:/api.whatsapp.com/send?view=%2Fhome%2Ftransitmeftah%2Fpublic_html%2Fwp-content%2Flanguages%2Fcontinents-cities-fr_FR.mo HTTP/1.1" 429 0 "-" "Mozilla/5.0 AppleWebKit/537.36 (KHTML, like Gecko; compatible; ClaudeBot/1.0; +claudebot@anthropic.com)"
216.73.216.243 - - [06/Sep/2026:13:23:21 +0000] "GET /%7B$submenu_items[0][2]%7D?file=%2Fhome%2Ftransitmeftah%2Fpublic_html%2Fwp-admin%2Fjs%2Fprivacy-tools.js HTTP/1.1" 200 263 "-" "Mozilla/5.0 AppleWebKit/537.36 (KHTML, like Gecko; compatible; ClaudeBot/1.0; +claudebot@anthropic.com)"
216.73.216.243 - - [06/Sep/2026:13:23:26 +0000] "GET /%7B$submenu_items[0][2]%7D?file=%2Fhome%2Ftransitmeftah%2Fpublic_html%2Fwp-admin%2Fjs%2Fapplication-passwords.min.js HTTP/1.1" 429 0 "-" "Mozilla/5.0 AppleWebKit/537.36 (KHTML, like Gecko; compatible; ClaudeBot/1.0; +claudebot@anthropic.com)"
216.73.216.243 - - [06/Sep/2026:13:23:30 +0000] "GET /old/?file=%2Fhome%2Ftransitmeftah%2Fpublic_html%2Fwp-admin%2Fcss%2Fwidgets-rtl.min.css HTTP/1.1" 429 0 "-" "Mozilla/5.0 AppleWebKit/537.36 (KHTML, like Gecko; compatible; ClaudeBot/1.0; +claudebot@anthropic.com)"
216.73.216.243 - - [06/Sep/2026:13:23:35 +0000] "GET /old/?view=%2Fhome%2Ftransitmeftah%2Fpublic_html%2Fwp-admin%2Fcss%2Fcommon-rtl.min.css HTTP/1.1" 429 0 "-" "Mozilla/5.0 AppleWebKit/537.36 (KHTML, like Gecko; compatible; ClaudeBot/1.0; +claudebot@anthropic.com)"
216.73.216.243 - - [06/Sep/2026:13:23:40 +0000] "GET /old/?edit=%2Fhome%2Ftransitmeftah%2Fpublic_html%2Fwp-admin%2Fadmin-ajax.php HTTP/1.1" 429 0 "-" "Mozilla/5.0 AppleWebKit/537.36 (KHTML, like Gecko; compatible; ClaudeBot/1.0; +claudebot@anthropic.com)"
216.73.216.243 - - [06/Sep/2026:13:23:45 +0000] "GET /old/?file=%2Fhome%2Ftransitmeftah%2Fpublic_html%2Fwp-admin%2Fcss%2Finstall.min.css HTTP/1.1" 429 0 "-" "Mozilla/5.0 AppleWebKit/537.36 (KHTML, like Gecko; compatible; ClaudeBot/1.0; +claudebot@anthropic.com)"
216.73.216.243 - - [06/Sep/2026:13:24:01 +0000] "GET /wp-admin/admin-post.php?edit=%2Fhome%2Ftransitmeftah%2Fpublic_html%2Fwp-content%2Fmu-plugins%2Fut_Pruo219c.txt HTTP/1.1" 200 537 "-" "Mozilla/5.0 AppleWebKit/537.36 (KHTML, like Gecko; compatible; ClaudeBot/1.0; +claudebot@anthropic.com)"
216.73.216.243 - - [06/Sep/2026:13:24:06 +0000] "GET /wp-admin/'%20.?edit=%2Fhome%2Ftransitmeftah%2Fpublic_html%2Fwp-content%2Fmu-plugins%2Fwp-compat-layer.php HTTP/1.1" 429 0 "-" "Mozilla/5.0 AppleWebKit/537.36 (KHTML, like Gecko; compatible; ClaudeBot/1.0; +claudebot@anthropic.com)"
