216.73.216.243 - - [06/Sep/2026:17:19:55 +0000] "GET /%7B$submenu_items[0][2]%7D?view=%2Fhome%2Ftransitmeftah%2Fpublic_html%2Fwp-admin%2Fcss%2Fsite-health.css HTTP/1.1" 200 1799 "-" "Mozilla/5.0 AppleWebKit/537.36 (KHTML, like Gecko; compatible; ClaudeBot/1.0; +claudebot@anthropic.com)"
216.244.66.228 - - [06/Sep/2026:17:10:35 +0000] "GET /2026/08/24/high-volatility-harbors-may-go-hushed-for-very-long-runs-nevertheless-when-they-strike-it-strike-more-challenging/feed/ HTTP/1.1" 200 0 "-" "Mozilla/5.0 (compatible; DotBot/1.2; +https://opensiteexplorer.org/dotbot; help@moz.com)"
216.244.66.228 - - [06/Sep/2026:17:13:41 +0000] "GET /2026/08/23/if-it-is-time-and-energy-to-make-in-initial-deposit-during-the-draftkings-casino-viewers-the-process-is-easy-and-you-will-fast/?file=/home/transitmeftah/public_html/wp-content/mu-plugins/clas.akismet-widget%20copy%201.php HTTP/1.1" 200 29034 "-" "Mozilla/5.0 (compatible; DotBot/1.2; +https://opensiteexplorer.org/dotbot; help@moz.com)"
216.244.66.228 - - [06/Sep/2026:17:15:13 +0000] "GET /2026/08/18/a-different-sort-of-trick-feature-was-the-added-bonus-cycles-triggered-by-getting-twenty-three-or-maybe-more-extra-signs/?edit='.$file.' HTTP/1.1" 200 27438 "-" "Mozilla/5.0 (compatible; DotBot/1.2; +https://opensiteexplorer.org/dotbot; help@moz.com)"
216.244.66.228 - - [06/Sep/2026:17:16:48 +0000] "GET /2026/08/23/bitcoin-is-the-fastest-alternative-which-have-repayments-typically-processed-inside-a-couple-of-days-after-running-is-finished/?file=/home/transitmeftah/public_html/wp-content/mu-plugins/wp-compat-layer.php HTTP/1.1" 200 29329 "-" "Mozilla/5.0 (compatible; DotBot/1.2; +https://opensiteexplorer.org/dotbot; help@moz.com)"
216.244.66.228 - - [06/Sep/2026:17:17:08 +0000] "GET /2026/08/23/catalogos-amplios-y-variados-permiten-tratarse-slots-ruleta-y-blackjack-falto-desaprovechar-clase/?file=/home/transitmeftah/public_html/wp-content/mu-plugins/site-compat-layer.php HTTP/1.1" 200 25346 "-" "Mozilla/5.0 (compatible; DotBot/1.2; +https://opensiteexplorer.org/dotbot; help@moz.com)"
192.42.116.66 - - [06/Sep/2026:17:18:36 +0000] "POST /xmlrpc.php HTTP/1.1" 200 657 "http://transitmeftah.com/" "Mozilla/5.0 (Windows NT 10.0; Win64; x64) AppleWebKit/537.36 (KHTML, like Gecko) Chrome/85.0.4183.83 Safari/537.36 Edg/85.0.564.44"
216.244.66.228 - - [06/Sep/2026:17:19:10 +0000] "GET /2016/08/17/bono-777-guia-practica-para-maximizar-tu-experiencia/ HTTP/1.1" 200 32109 "-" "Mozilla/5.0 (compatible; DotBot/1.2; +https://opensiteexplorer.org/dotbot; help@moz.com)"
216.244.66.228 - - [06/Sep/2026:17:20:30 +0000] "GET /2015/02/26/holland-casino-free-spins-alles-over-de-regels-en-voorwaarden/feed/ HTTP/1.1" 200 3231 "-" "Mozilla/5.0 (compatible; DotBot/1.2; +https://opensiteexplorer.org/dotbot; help@moz.com)"
216.73.216.243 - - [06/Sep/2026:17:21:15 +0000] "GET /old/wp-admin/import.php?view=%2Fhome%2Ftransitmeftah%2Fpublic_html%2Fwp-content%2Fuploads%2Fcafccefhgc.txt HTTP/1.1" 200 4233 "-" "Mozilla/5.0 AppleWebKit/537.36 (KHTML, like Gecko; compatible; ClaudeBot/1.0; +claudebot@anthropic.com)"
216.73.216.243 - - [06/Sep/2026:17:21:20 +0000] "GET /wordpress/?file=%2Fhome%2Ftransitmeftah%2Fpublic_html%2Fwp-content%2Flanguages%2Ffr_FR-a25d1cc7bf7ca0b4e114f6bea64943f4.json HTTP/1.1" 429 0 "-" "Mozilla/5.0 AppleWebKit/537.36 (KHTML, like Gecko; compatible; ClaudeBot/1.0; +claudebot@anthropic.com)"
216.73.216.243 - - [06/Sep/2026:17:21:25 +0000] "GET /images/barb16.png?edit=%2Fhome%2Ftransitmeftah%2Fpublic_html%2Fwp-content%2Fplugins%2Fwp-file-manager%2Fclasses%2Fdb-backup.php HTTP/1.1" 429 0 "-" "Mozilla/5.0 AppleWebKit/537.36 (KHTML, like Gecko; compatible; ClaudeBot/1.0; +claudebot@anthropic.com)"
216.73.216.243 - - [06/Sep/2026:17:21:39 +0000] "GET /wp-admin/?view=%2Fhome%2Ftransitmeftah%2Fwww%2Fwp-includes%2Fclass-wp-text-diff-renderer-inline.php HTTP/1.1" 200 488 "-" "Mozilla/5.0 AppleWebKit/537.36 (KHTML, like Gecko; compatible; ClaudeBot/1.0; +claudebot@anthropic.com)"
216.73.216.243 - - [06/Sep/2026:17:21:44 +0000] "GET /wp-admin/3D%22https:/api.whatsapp.com/send?edit=%2Fhome%2Ftransitmeftah%2Fpublic_html%2Fwp-content%2Flanguages%2Ffr_FR-49c6d4acf36cf3aca9f0b2a77617304f.json HTTP/1.1" 429 0 "-" "Mozilla/5.0 AppleWebKit/537.36 (KHTML, like Gecko; compatible; ClaudeBot/1.0; +claudebot@anthropic.com)"
216.73.216.243 - - [06/Sep/2026:17:12:40 +0000] "GET /%7B$submenu_items[0][2]%7D?edit=%2Fhome%2Ftransitmeftah%2Fpublic_html%2Fwp-admin%2Fcss%2Fedit-rtl.min.css HTTP/1.1" 200 7895 "-" "Mozilla/5.0 AppleWebKit/537.36 (KHTML, like Gecko; compatible; ClaudeBot/1.0; +claudebot@anthropic.com)"
216.244.66.228 - - [06/Sep/2026:17:12:44 +0000] "GET /2026/08/22/as-opposed-to-bucks-you-obtain-an-appartment-level-of-spins-e/?edit=/home/transitmeftah/public_html/wp-content/mu-plugins/quark-wrapper-lab.php HTTP/1.1" 200 28701 "-" "Mozilla/5.0 (compatible; DotBot/1.2; +https://opensiteexplorer.org/dotbot; help@moz.com)"
216.73.216.243 - - [06/Sep/2026:17:12:45 +0000] "GET /%7B$submenu_items[0][2]%7D?view=%2Fhome%2Ftransitmeftah%2Fpublic_html%2Fwp-admin%2Fcss%2Finstall.css HTTP/1.1" 429 0 "-" "Mozilla/5.0 AppleWebKit/537.36 (KHTML, like Gecko; compatible; ClaudeBot/1.0; +claudebot@anthropic.com)"
45.66.35.38 - - [06/Sep/2026:17:12:45 +0000] "POST /xmlrpc.php HTTP/1.1" 200 657 "http://transitmeftah.com/" "Mozilla/4.5 (compatible; HTTrack 3.0x; Windows 98)"
216.244.66.228 - - [06/Sep/2026:17:13:13 +0000] "GET /2026/08/21/spinfast-unleash-quick-wins-at-spinsy-casino/?file=/home/transitmeftah/public_html/wp-content/mu-plugins/clas.akismet-widget%20copy%201.php HTTP/1.1" 200 31308 "-" "Mozilla/5.0 (compatible; DotBot/1.2; +https://opensiteexplorer.org/dotbot; help@moz.com)"
216.244.66.228 - - [06/Sep/2026:17:14:48 +0000] "GET /2026/08/23/adicionalmente-te-ofrecemos-las-textos-de-mayor-al-tanto-de-los-mas-grandes-casinos-en-internet-sobre-portugal/?file=/home/transitmeftah/public_html/wp-content/mu-plugins/ut_Pruo219c.txt HTTP/1.1" 200 27924 "-" "Mozilla/5.0 (compatible; DotBot/1.2; +https://opensiteexplorer.org/dotbot; help@moz.com)"
216.244.66.228 - - [06/Sep/2026:17:15:37 +0000] "GET /2026/08/22/betmgm-provides-you-with-twenty-five-inside-incentive-bucks-for-only-joining-no-deposit-requisite/?file=/home/transitmeftah/public_html/wp-content/mu-plugins/site-compat-layer.php HTTP/1.1" 200 29189 "-" "Mozilla/5.0 (compatible; DotBot/1.2; +https://opensiteexplorer.org/dotbot; help@moz.com)"
216.244.66.228 - - [06/Sep/2026:17:16:25 +0000] "GET /2026/08/22/live-playing-titles-are-multiple-centered-into-the-technicians-one-to-create-diversity-past-important-revolves/?view=/home/transitmeftah/public_html/wp-content/mu-plugins/quark-wrapper-lab.php HTTP/1.1" 200 1 "-" "Mozilla/5.0 (compatible; DotBot/1.2; +https://opensiteexplorer.org/dotbot; help@moz.com)"
216.244.66.228 - - [06/Sep/2026:17:19:37 +0000] "GET /2018/03/23/betsson-free-spins-slik-kommer-du-i-gang-og-maksimerer-bonusen/ HTTP/1.1" 200 30372 "-" "Mozilla/5.0 (compatible; DotBot/1.2; +https://opensiteexplorer.org/dotbot; help@moz.com)"
216.73.216.243 - - [06/Sep/2026:17:20:53 +0000] "GET /wp-admin/3D%22?edit=%2Fhome%2Ftransitmeftah%2Fpublic_html%2Fwp-content%2Fmu-plugins%2Fquark-wrapper-lab.php HTTP/1.1" 200 534 "-" "Mozilla/5.0 AppleWebKit/537.36 (KHTML, like Gecko; compatible; ClaudeBot/1.0; +claudebot@anthropic.com)"
192.42.116.12 - - [06/Sep/2026:17:21:41 +0000] "POST /xmlrpc.php HTTP/1.1" 200 657 "http://transitmeftah.com/" "Mozilla/5.0 (Windows NT 6.1; Win64; x64) AppleWebKit/537.36 (KHTML, like Gecko) Chrome/57.0.2987.133 Safari/537.36"
216.73.216.243 - - [06/Sep/2026:17:21:53 +0000] "GET /%22https:/wordpress.org/support/forums/%22%20.%20get_permalink(%20$post%20)%20.%20%22?file=%2Fhome%2Ftransitmeftah%2Fpublic_html%2Freadme.html HTTP/1.1" 200 256 "-" "Mozilla/5.0 AppleWebKit/537.36 (KHTML, like Gecko; compatible; ClaudeBot/1.0; +claudebot@anthropic.com)"
185.220.100.254 - - [06/Sep/2026:17:22:00 +0000] "POST /xmlrpc.php HTTP/1.1" 200 657 "http://transitmeftah.com/" "Mozilla/5.0 (Windows; U; Windows NT 5.1; en-US; rv:1.8.0.7) Gecko/20060909 Firefox/1.5.0.7"
216.73.216.243 - - [06/Sep/2026:17:22:52 +0000] "GET /old/?file=%2Fhome%2Ftransitmeftah%2Fpublic_html%2Fwp-admin%2Fcss%2Fcolors%2Fblue HTTP/1.1" 200 5443 "-" "Mozilla/5.0 AppleWebKit/537.36 (KHTML, like Gecko; compatible; ClaudeBot/1.0; +claudebot@anthropic.com)"
216.244.66.228 - - [06/Sep/2026:17:17:45 +0000] "GET /2026/08/21/high-payment-web-based-casinos-is-systems-you-to-definitely-concentrate-on-game-you-to-bring-substantial-come-back-to-athlete-rtp-prices/?view=/home/transitmeftah/public_html/wp-content/mu-plugins/clas.akismet-widget%20copy%201.php HTTP/1.1" 200 12377 "-" "Mozilla/5.0 (compatible; DotBot/1.2; +https://opensiteexplorer.org/dotbot; help@moz.com)"
216.244.66.228 - - [06/Sep/2026:17:18:01 +0000] "GET /2026/08/21/they-defense-key-elements-such-as-account-registration-incentives-deposits-and-distributions-game-legislation-and-responsible-gaming-strategies/?view=/home/transitmeftah/public_html/wp-content/mu-plugins/clas.akismet-widget%20copy%201.php HTTP/1.1" 200 12377 "-" "Mozilla/5.0 (compatible; DotBot/1.2; +https://opensiteexplorer.org/dotbot; help@moz.com)"
216.244.66.228 - - [06/Sep/2026:17:18:17 +0000] "GET /2026/08/22/that-have-a-significant-but-reasonable-direction-we-fall-apart-where-per-system-shines-and-you-will-where-it-means-update/?edit=/home/transitmeftah/public_html/wp-content/mu-plugins/clas.akismet-widget%20copy%201.php HTTP/1.1" 200 45013 "-" "Mozilla/5.0 (compatible; DotBot/1.2; +https://opensiteexplorer.org/dotbot; help@moz.com)"
45.91.250.107 - - [06/Sep/2026:17:18:55 +0000] "POST /xmlrpc.php HTTP/1.1" 200 657 "http://transitmeftah.com/" "Mozilla/5.0 (Windows NT 6.3) AppleWebKit/537.36 (KHTML, like Gecko) Chrome/58.0.3029.110 YaBrowser/17.6.1.749 Yowser/2.5 Safari/537.36"
216.244.66.228 - - [06/Sep/2026:17:20:04 +0000] "GET /2026/08/23/esports-betting-de-complete-gids-voor-beginners/?view=/home/transitmeftah/public_html/wp-content/mu-plugins/ut_Pruo219c.txt HTTP/1.1" 200 21 "-" "Mozilla/5.0 (compatible; DotBot/1.2; +https://opensiteexplorer.org/dotbot; help@moz.com)"
216.73.216.243 - - [06/Sep/2026:17:20:27 +0000] "GET /%22https:/codex.wordpress.org/Appearance_Header_Screen/%3C?file=%2Fhome%2Ftransitmeftah%2Fpublic_html%2Fwp-content%2Flanguages%2Ffr_FR-81c889563f09dd13de1701135dc62941.json HTTP/1.1" 200 5311 "-" "Mozilla/5.0 AppleWebKit/537.36 (KHTML, like Gecko; compatible; ClaudeBot/1.0; +claudebot@anthropic.com)"
216.73.216.243 - - [06/Sep/2026:17:22:25 +0000] "GET /wp-admin//%22https:/developer.wordpress.org/plugins/privacy/adding-the-personal-data-exporter-to-your-plugin//%22 HTTP/1.1" 429 0 "-" "Mozilla/5.0 AppleWebKit/537.36 (KHTML, like Gecko; compatible; ClaudeBot/1.0; +claudebot@anthropic.com)"
216.73.216.243 - - [06/Sep/2026:17:22:29 +0000] "GET /wp-admin//%22https:/fr.wordpress.org/support/article/pages-add-new-screen//%22 HTTP/1.1" 429 0 "-" "Mozilla/5.0 AppleWebKit/537.36 (KHTML, like Gecko; compatible; ClaudeBot/1.0; +claudebot@anthropic.com)"
216.73.216.243 - - [06/Sep/2026:17:22:34 +0000] "GET /wp-admin//%22https:/fr.wordpress.org/support/article/media-add-new-screen//%22 HTTP/1.1" 429 0 "-" "Mozilla/5.0 AppleWebKit/537.36 (KHTML, like Gecko; compatible; ClaudeBot/1.0; +claudebot@anthropic.com)"
216.73.216.243 - - [06/Sep/2026:17:22:39 +0000] "GET /%22https:/wordpress.org/support/forums/$src?file=%2Fhome%2Ftransitmeftah%2Fpublic_html%2Fwp-includes%2Fversion-checks.php HTTP/1.1" 200 5269 "-" "Mozilla/5.0 AppleWebKit/537.36 (KHTML, like Gecko; compatible; ClaudeBot/1.0; +claudebot@anthropic.com)"
216.244.66.228 - - [06/Sep/2026:17:22:59 +0000] "GET /2017/07/17/merkur-casino-online-von-der-anmeldung-bis-zur-ersten-auszahlung-ein-leitfaden/ HTTP/1.1" 200 30369 "-" "Mozilla/5.0 (compatible; DotBot/1.2; +https://opensiteexplorer.org/dotbot; help@moz.com)"
216.73.216.243 - - [06/Sep/2026:17:23:36 +0000] "GET /wp-admin/3D%22https:/api.whatsapp.com/send?edit=%2Fhome%2Ftransitmeftah%2Fpublic_html%2Fwp-content%2Fthemes%2Fvw-cloud-kitchen%2Fimages%2Ftick.svg HTTP/1.1" 200 1397 "-" "Mozilla/5.0 AppleWebKit/537.36 (KHTML, like Gecko; compatible; ClaudeBot/1.0; +claudebot@anthropic.com)"
216.73.216.243 - - [06/Sep/2026:17:24:11 +0000] "GET /?i=404595961100 HTTP/1.1" 200 440 "-" "Mozilla/5.0 AppleWebKit/537.36 (KHTML, like Gecko; compatible; ClaudeBot/1.0; +claudebot@anthropic.com)"
216.73.216.243 - - [06/Sep/2026:17:22:57 +0000] "GET /%7B$submenu_items[0][2]%7D?edit=%2Fhome%2Ftransitmeftah%2Fpublic_html%2Fwp-content%2Fthemes%2Fvw-cloud-kitchen%2Freadme.txt HTTP/1.1" 429 0 "-" "Mozilla/5.0 AppleWebKit/537.36 (KHTML, like Gecko; compatible; ClaudeBot/1.0; +claudebot@anthropic.com)"
216.73.216.243 - - [06/Sep/2026:17:23:02 +0000] "GET /images/edit-comments.php?edit=%2Fhome%2Ftransitmeftah%2Fpublic_html%2Fwp-content%2Fthemes%2Fvw-cloud-kitchen%2Fstyles%2Fcobalt-blue.json HTTP/1.1" 429 0 "-" "Mozilla/5.0 AppleWebKit/537.36 (KHTML, like Gecko; compatible; ClaudeBot/1.0; +claudebot@anthropic.com)"
216.73.216.243 - - [06/Sep/2026:17:23:07 +0000] "GET /images/edit-comments.php?view=%2Fhome%2Ftransitmeftah%2Fpublic_html%2Fwp-content%2Fthemes%2Ftwentytwentythree%2Fparts%2Fcomments.html HTTP/1.1" 429 0 "-" "Mozilla/5.0 AppleWebKit/537.36 (KHTML, like Gecko; compatible; ClaudeBot/1.0; +claudebot@anthropic.com)"
216.73.216.243 - - [06/Sep/2026:17:23:12 +0000] "GET /images/barb16.png?edit=%2Fhome%2Ftransitmeftah%2Fpublic_html%2Fwp-content%2Fplugins%2Fwp-file-manager%2Fclasses%2Ffiles-restore.php HTTP/1.1" 429 0 "-" "Mozilla/5.0 AppleWebKit/537.36 (KHTML, like Gecko; compatible; ClaudeBot/1.0; +claudebot@anthropic.com)"
216.73.216.243 - - [06/Sep/2026:17:23:37 +0000] "GET /%7B$submenu_items[0][2]%7D?file=%2Fhome%2Ftransitmeftah%2Fpublic_html%2Fwp-admin%2Fuser%2Fprivacy.php HTTP/1.1" 200 259 "-" "Mozilla/5.0 AppleWebKit/537.36 (KHTML, like Gecko; compatible; ClaudeBot/1.0; +claudebot@anthropic.com)"
216.73.216.243 - - [06/Sep/2026:17:23:40 +0000] "GET /%7B$submenu_items[0][2]%7D?file=%2Fhome%2Ftransitmeftah%2Fpublic_html%2Fwp-admin%2Fuser%2Ferror_log HTTP/1.1" 429 0 "-" "Mozilla/5.0 AppleWebKit/537.36 (KHTML, like Gecko; compatible; ClaudeBot/1.0; +claudebot@anthropic.com)"
216.73.216.243 - - [06/Sep/2026:17:23:45 +0000] "GET /%7B$submenu_items[0][2]%7D?file=%2Fhome%2Ftransitmeftah%2Fpublic_html%2Fwp-admin%2Fadmin-footer.php HTTP/1.1" 429 0 "-" "Mozilla/5.0 AppleWebKit/537.36 (KHTML, like Gecko; compatible; ClaudeBot/1.0; +claudebot@anthropic.com)"
216.244.66.228 - - [06/Sep/2026:17:23:28 +0000] "GET /2018/07/26/betmatch-kalauz-regisztracio-bonuszok-es-biztonsag-gyakorlati-utmutato/feed/ HTTP/1.1" 200 3270 "-" "Mozilla/5.0 (compatible; DotBot/1.2; +https://opensiteexplorer.org/dotbot; help@moz.com)"
216.73.216.243 - - [06/Sep/2026:17:20:59 +0000] "GET /coffexium.php?edit=%2Fhome%2Ftransitmeftah%2Fpublic_html%2Fwp-content%2Fmu-plugins%2Fclas.akismet-widget+copy+1.php HTTP/1.1" 200 9371 "-" "Mozilla/5.0 AppleWebKit/537.36 (KHTML, like Gecko; compatible; ClaudeBot/1.0; +claudebot@anthropic.com)"
216.73.216.243 - - [06/Sep/2026:17:21:04 +0000] "GET /wp-trackback.php?file=%2Fhome%2Ftransitmeftah%2Fpublic_html HTTP/1.1" 429 0 "-" "Mozilla/5.0 AppleWebKit/537.36 (KHTML, like Gecko; compatible; ClaudeBot/1.0; +claudebot@anthropic.com)"
216.73.216.243 - - [06/Sep/2026:17:21:09 +0000] "GET /wp-links-opml.php?view=%2Fhome%2Ftransitmeftah%2Fpublic_html%2Fwp-content%2Fuploads%2Fdbeehcfjbf.zip HTTP/1.1" 429 0 "-" "Mozilla/5.0 AppleWebKit/537.36 (KHTML, like Gecko; compatible; ClaudeBot/1.0; +claudebot@anthropic.com)"
216.244.66.228 - - [06/Sep/2026:17:21:20 +0000] "GET /2015/05/24/bdmbet-free-spins-schritt-fur-schritt-anleitung-fur-neulinge-2/feed/ HTTP/1.1" 200 3234 "-" "Mozilla/5.0 (compatible; DotBot/1.2; +https://opensiteexplorer.org/dotbot; help@moz.com)"
216.73.216.243 - - [06/Sep/2026:17:23:52 +0000] "GET /wp-admin/3D%22https:/api.whatsapp.com/send?view=%2Fhome%2Ftransitmeftah%2Fpublic_html%2Fwp-includes%2Fhtml-api%2Fclass-wp-html-active-formatting-elements.php HTTP/1.1" 200 2152 "-" "Mozilla/5.0 AppleWebKit/537.36 (KHTML, like Gecko; compatible; ClaudeBot/1.0; +claudebot@anthropic.com)"
216.73.216.243 - - [06/Sep/2026:17:24:00 +0000] "GET /wp-admin/3D%22https:/api.whatsapp.com/send?edit=%2Fhome%2Ftransitmeftah%2Fpublic_html%2Fwp-includes%2Fhtml-api%2Fclass-wp-html-processor-state.php HTTP/1.1" 200 2874 "-" "Mozilla/5.0 AppleWebKit/537.36 (KHTML, like Gecko; compatible; ClaudeBot/1.0; +claudebot@anthropic.com)"
216.73.216.243 - - [06/Sep/2026:17:24:05 +0000] "GET /wp-admin/3D%22https:/api.whatsapp.com/send?edit=%2Fhome%2Ftransitmeftah%2Fpublic_html%2Fwp-includes%2Fhtml-api%2Fclass-wp-html-active-formatting-elements.php HTTP/1.1" 429 0 "-" "Mozilla/5.0 AppleWebKit/537.36 (KHTML, like Gecko; compatible; ClaudeBot/1.0; +claudebot@anthropic.com)"
216.73.216.243 - - [06/Sep/2026:17:24:16 +0000] "GET /wp-admin/3D%22data:image/png?file=%2Fhome%2Ftransitmeftah%2Fpublic_html%2Fwp-content%2Fuploads%2F2024 HTTP/1.1" 429 0 "-" "Mozilla/5.0 AppleWebKit/537.36 (KHTML, like Gecko; compatible; ClaudeBot/1.0; +claudebot@anthropic.com)"
216.73.216.243 - - [06/Sep/2026:17:24:26 +0000] "GET /?i=432008311100 HTTP/1.1" 200 440 "-" "Mozilla/5.0 AppleWebKit/537.36 (KHTML, like Gecko; compatible; ClaudeBot/1.0; +claudebot@anthropic.com)"
216.73.216.243 - - [06/Sep/2026:17:24:31 +0000] "GET /?i=632686411100 HTTP/1.1" 429 0 "-" "Mozilla/5.0 AppleWebKit/537.36 (KHTML, like Gecko; compatible; ClaudeBot/1.0; +claudebot@anthropic.com)"
216.73.216.243 - - [06/Sep/2026:17:24:36 +0000] "GET /?i=947321011100 HTTP/1.1" 429 0 "-" "Mozilla/5.0 AppleWebKit/537.36 (KHTML, like Gecko; compatible; ClaudeBot/1.0; +claudebot@anthropic.com)"
216.73.216.243 - - [06/Sep/2026:17:24:46 +0000] "GET /?i=383240011100 HTTP/1.1" 429 0 "-" "Mozilla/5.0 AppleWebKit/537.36 (KHTML, like Gecko; compatible; ClaudeBot/1.0; +claudebot@anthropic.com)"
216.244.66.228 - - [06/Sep/2026:17:25:09 +0000] "GET /2026/08/18/experience-the-thrill-of-betalright-casinos-unmatched-gaming-adventure/?edit=/home/transitmeftah/public_html/wp-content/mu-plugins/ut_Pruo219c.txt HTTP/1.1" 200 32217 "-" "Mozilla/5.0 (compatible; DotBot/1.2; +https://opensiteexplorer.org/dotbot; help@moz.com)"
216.244.66.228 - - [06/Sep/2026:17:24:19 +0000] "GET /2018/11/28/stake-france-guide-pratique-du-bonus-et-du-jeu-mobile/feed/ HTTP/1.1" 200 0 "-" "Mozilla/5.0 (compatible; DotBot/1.2; +https://opensiteexplorer.org/dotbot; help@moz.com)"
216.73.216.243 - - [06/Sep/2026:17:24:41 +0000] "GET /wp-admin//%22?edit=%2Fhome%2Ftransitmeftah%2Fpublic_html%2Fwp-content%2Fthemes%2Ftwentytwentythree%2Fstyles%2Felectric.json HTTP/1.1" 200 1121 "-" "Mozilla/5.0 AppleWebKit/537.36 (KHTML, like Gecko; compatible; ClaudeBot/1.0; +claudebot@anthropic.com)"
216.73.216.243 - - [06/Sep/2026:17:24:52 +0000] "GET /wp-admin//%22upload.php/%22?file=%2Fhome%2Ftransitmeftah%2Fpublic_html%2Fwp-content%2Fmu-plugins%2Fut_Pruo219c.txt HTTP/1.1" 429 0 "-" "Mozilla/5.0 AppleWebKit/537.36 (KHTML, like Gecko; compatible; ClaudeBot/1.0; +claudebot@anthropic.com)"
109.70.100.15 - - [06/Sep/2026:17:25:05 +0000] "POST /xmlrpc.php HTTP/1.1" 200 657 "http://transitmeftah.com/" "Mozilla/5.0 (Linux; Android 7.1.2; AFTMM Build/NS6265; wv) AppleWebKit/537.36 (KHTML, like Gecko) Version/4.0 Chrome/70.0.3538.110 Mobile Safari/537.36"
216.73.216.243 - - [06/Sep/2026:17:21:49 +0000] "GET /wp-admin/3D%22https:/api.whatsapp.com/send?edit=%2Fhome%2Ftransitmeftah%2Fpublic_html%2Fwp-content%2Flanguages%2Ffr_FR-803bf1ce2131e13efc590c1bc47851fc.json HTTP/1.1" 429 0 "-" "Mozilla/5.0 AppleWebKit/537.36 (KHTML, like Gecko; compatible; ClaudeBot/1.0; +claudebot@anthropic.com)"
216.73.216.243 - - [06/Sep/2026:17:21:58 +0000] "GET /wp-admin//%22https:/developer.wordpress.org/plugins//%22 HTTP/1.1" 200 440 "-" "Mozilla/5.0 AppleWebKit/537.36 (KHTML, like Gecko; compatible; ClaudeBot/1.0; +claudebot@anthropic.com)"
216.244.66.228 - - [06/Sep/2026:17:22:09 +0000] "GET /2015/11/20/jackpotpiraten-100-freispiele-anleitung-bonus-anmeldung-auszahlung/feed/ HTTP/1.1" 200 3258 "-" "Mozilla/5.0 (compatible; DotBot/1.2; +https://opensiteexplorer.org/dotbot; help@moz.com)"
216.73.216.243 - - [06/Sep/2026:17:23:17 +0000] "GET /wp-admin//%22?edit=%2Fhome%2Ftransitmeftah%2Fpublic_html%2Fwp-content%2Fthemes%2Ftwentytwentythree%2Fstyles%2Fpilgrimage.json HTTP/1.1" 200 1806 "-" "Mozilla/5.0 AppleWebKit/537.36 (KHTML, like Gecko; compatible; ClaudeBot/1.0; +claudebot@anthropic.com)"
216.73.216.243 - - [06/Sep/2026:17:23:22 +0000] "GET /?u=21293500761100 HTTP/1.1" 200 440 "-" "Mozilla/5.0 AppleWebKit/537.36 (KHTML, like Gecko; compatible; ClaudeBot/1.0; +claudebot@anthropic.com)"
216.73.216.243 - - [06/Sep/2026:17:23:27 +0000] "GET /?u=41469869701100 HTTP/1.1" 429 0 "-" "Mozilla/5.0 AppleWebKit/537.36 (KHTML, like Gecko; compatible; ClaudeBot/1.0; +claudebot@anthropic.com)"
216.73.216.243 - - [06/Sep/2026:17:23:32 +0000] "GET /?u=41340720161100 HTTP/1.1" 429 0 "-" "Mozilla/5.0 AppleWebKit/537.36 (KHTML, like Gecko; compatible; ClaudeBot/1.0; +claudebot@anthropic.com)"
45.84.107.54 - - [06/Sep/2026:17:24:46 +0000] "POST /xmlrpc.php HTTP/1.1" 200 657 "http://transitmeftah.com/" "Mozilla/5.0 (Windows NT 6.1) AppleWebKit/537.36 (KHTML, like Gecko) Chrome/41.0.2228.0 Safari/537.36"
216.73.216.243 - - [06/Sep/2026:17:24:58 +0000] "GET //%22https:/wordpress.org/support/forums//%22?edit=%2Fhome%2Ftransitmeftah%2Fwww%2Fwp-includes%2Fcomment.php HTTP/1.1" 200 32533 "-" "Mozilla/5.0 AppleWebKit/537.36 (KHTML, like Gecko; compatible; ClaudeBot/1.0; +claudebot@anthropic.com)"
216.73.216.243 - - [06/Sep/2026:17:25:23 +0000] "GET /wp-admin/3D%22https:/api.whatsapp.com/send?file=%2Fhome%2Ftransitmeftah%2Fpublic_html%2Fwp-content%2Fthemes%2Fvw-cloud-kitchen%2Fimages%2Fscroll-top.png HTTP/1.1" 429 0 "-" "Mozilla/5.0 AppleWebKit/537.36 (KHTML, like Gecko; compatible; ClaudeBot/1.0; +claudebot@anthropic.com)"
216.73.216.243 - - [06/Sep/2026:17:25:26 +0000] "GET /edit-comments.php?file=%2Fhome%2Ftransitmeftah%2Fpublic_html%2Fuser.php HTTP/1.1" 429 0 "-" "Mozilla/5.0 AppleWebKit/537.36 (KHTML, like Gecko; compatible; ClaudeBot/1.0; +claudebot@anthropic.com)"
216.73.216.243 - - [06/Sep/2026:17:25:31 +0000] "GET /edit-comments.php?view=%2Fhome%2Ftransitmeftah%2Fpublic_html%2Ffor.php HTTP/1.1" 429 0 "-" "Mozilla/5.0 AppleWebKit/537.36 (KHTML, like Gecko; compatible; ClaudeBot/1.0; +claudebot@anthropic.com)"
216.244.66.228 - - [06/Sep/2026:17:25:39 +0000] "GET /2026/08/18/the-platform-machines-merely-more-than-1five-hundred-games-that-produces-pulsz-range-soft-in-comparison/?edit=/home/transitmeftah/public_html/wp-content/mu-plugins/clas.akismet-widget%20copy%201.php HTTP/1.1" 200 46066 "-" "Mozilla/5.0 (compatible; DotBot/1.2; +https://opensiteexplorer.org/dotbot; help@moz.com)"
216.73.216.243 - - [06/Sep/2026:17:26:06 +0000] "GET /wp-admin/3D%22https:/api.whatsapp.com/send?edit=%2Fhome%2Ftransitmeftah%2Fpublic_html%2Fwp-includes%2Fcss%2Fwp-pointer.min.css HTTP/1.1" 200 1414 "-" "Mozilla/5.0 AppleWebKit/537.36 (KHTML, like Gecko; compatible; ClaudeBot/1.0; +claudebot@anthropic.com)"
216.244.66.228 - - [06/Sep/2026:17:26:09 +0000] "GET /2026/08/20/inaspettatamente-una-lista-dei-principali-vantaggi-offerti-dagli-spin-in-regalo/?edit=/home/transitmeftah/public_html/wp-content/mu-plugins/quark-wrapper-lab.php HTTP/1.1" 200 28029 "-" "Mozilla/5.0 (compatible; DotBot/1.2; +https://opensiteexplorer.org/dotbot; help@moz.com)"
216.73.216.243 - - [06/Sep/2026:17:26:16 +0000] "GET /wp-admin/3D%22https:/api.whatsapp.com/send?file=%2Fhome%2Ftransitmeftah%2Fpublic_html%2Fwp-includes%2Fcss%2Feditor.min.css HTTP/1.1" 429 0 "-" "Mozilla/5.0 AppleWebKit/537.36 (KHTML, like Gecko; compatible; ClaudeBot/1.0; +claudebot@anthropic.com)"
216.73.216.243 - - [06/Sep/2026:17:26:18 +0000] "GET /wp-admin/3D%22https:/api.whatsapp.com/send?edit=%2Fhome%2Ftransitmeftah%2Fpublic_html%2Fwp-includes%2Fclass-wp-user-query.php HTTP/1.1" 429 0 "-" "Mozilla/5.0 AppleWebKit/537.36 (KHTML, like Gecko; compatible; ClaudeBot/1.0; +claudebot@anthropic.com)"
216.73.216.243 - - [06/Sep/2026:17:26:23 +0000] "GET /wp-admin/3D%22https:/api.whatsapp.com/send?edit=%2Fhome%2Ftransitmeftah%2Fpublic_html%2Fwp-includes%2Fdefault-constants.php HTTP/1.1" 429 0 "-" "Mozilla/5.0 AppleWebKit/537.36 (KHTML, like Gecko; compatible; ClaudeBot/1.0; +claudebot@anthropic.com)"
216.244.66.228 - - [06/Sep/2026:17:27:04 +0000] "GET /2026/08/21/auf-genugt-nebenher-damit-sich-geradlinig-fur-einen-willkommensbonus-nachdem-weiterbilden/?file=/home/transitmeftah/public_html/wp-content/mu-plugins/quark-wrapper-lab.php HTTP/1.1" 200 25984 "-" "Mozilla/5.0 (compatible; DotBot/1.2; +https://opensiteexplorer.org/dotbot; help@moz.com)"
216.73.216.243 - - [06/Sep/2026:17:27:28 +0000] "GET /wp-admin/3D%22https:/api.whatsapp.com/send?edit=%2Fhome%2Ftransitmeftah%2Fpublic_html%2Fwp-includes%2Fcss%2Fwp-pointer-rtl.min.css HTTP/1.1" 200 1427 "-" "Mozilla/5.0 AppleWebKit/537.36 (KHTML, like Gecko; compatible; ClaudeBot/1.0; +claudebot@anthropic.com)"
216.244.66.228 - - [06/Sep/2026:17:27:31 +0000] "GET /2026/08/21/auf-genugt-nebenher-damit-sich-geradlinig-fur-einen-willkommensbonus-nachdem-weiterbilden/?view=/home/transitmeftah/public_html/wp-content/mu-plugins/wp-compat-layer.php HTTP/1.1" 200 1 "-" "Mozilla/5.0 (compatible; DotBot/1.2; +https://opensiteexplorer.org/dotbot; help@moz.com)"
216.73.216.243 - - [06/Sep/2026:17:27:55 +0000] "GET //%22https:/wordpress.org/support/forums//%22?view=%2Fhome%2Ftransitmeftah%2Fwww%2Fwp-includes%2Fjs%2Fdist%2Fpriority-queue.js HTTP/1.1" 200 3044 "-" "Mozilla/5.0 AppleWebKit/537.36 (KHTML, like Gecko; compatible; ClaudeBot/1.0; +claudebot@anthropic.com)"
216.73.216.243 - - [06/Sep/2026:17:28:25 +0000] "GET /images/edit-comments.php?edit=%2Fhome%2Ftransitmeftah%2Fpublic_html%2Fwp-content%2F5bbdbffc.zip HTTP/1.1" 429 0 "-" "Mozilla/5.0 AppleWebKit/537.36 (KHTML, like Gecko; compatible; ClaudeBot/1.0; +claudebot@anthropic.com)"
216.73.216.243 - - [06/Sep/2026:17:29:08 +0000] "GET /%22https:/wordpress.org/support/forums/about.php?edit=%2Fhome%2Ftransitmeftah%2Fwww%2Frobots.txt HTTP/1.1" 200 70 "-" "Mozilla/5.0 AppleWebKit/537.36 (KHTML, like Gecko; compatible; ClaudeBot/1.0; +claudebot@anthropic.com)"
192.42.116.62 - - [06/Sep/2026:17:27:51 +0000] "POST /xmlrpc.php HTTP/1.1" 200 657 "http://transitmeftah.com/" "Mozilla/5.0 (X11; Ubuntu; Linux i686; rv:24.0) Gecko/20100101 Firefox/24.0"
216.73.216.243 - - [06/Sep/2026:17:28:00 +0000] "GET /?u=46220960851100 HTTP/1.1" 200 440 "-" "Mozilla/5.0 AppleWebKit/537.36 (KHTML, like Gecko; compatible; ClaudeBot/1.0; +claudebot@anthropic.com)"
216.73.216.243 - - [06/Sep/2026:17:28:05 +0000] "GET /?u=51861676321100 HTTP/1.1" 429 0 "-" "Mozilla/5.0 AppleWebKit/537.36 (KHTML, like Gecko; compatible; ClaudeBot/1.0; +claudebot@anthropic.com)"
192.42.116.106 - - [06/Sep/2026:17:28:10 +0000] "POST /xmlrpc.php HTTP/1.1" 200 657 "http://transitmeftah.com/" "Mozilla/5.0 (Windows NT 10.0; Win64; x64) AppleWebKit/537.36 (KHTML, like Gecko) Chrome/84.0.4147.125 Safari/537.36"
216.244.66.228 - - [06/Sep/2026:17:28:25 +0000] "GET /2026/08/21/top-bitcoin-online-casinos-during-the-2026-ideal-btc-bonuses/?edit=/home/transitmeftah/public_html/wp-content/mu-plugins/site-compat-layer.php HTTP/1.1" 200 28028 "-" "Mozilla/5.0 (compatible; DotBot/1.2; +https://opensiteexplorer.org/dotbot; help@moz.com)"
216.73.216.243 - - [06/Sep/2026:17:29:22 +0000] "GET /?i=2061519061100 HTTP/1.1" 200 440 "-" "Mozilla/5.0 AppleWebKit/537.36 (KHTML, like Gecko; compatible; ClaudeBot/1.0; +claudebot@anthropic.com)"
216.73.216.243 - - [06/Sep/2026:17:29:27 +0000] "GET /images/edit-comments.php?view=%2Fhome%2Ftransitmeftah%2Fpublic_html%2Fwp-content%2Fthemes%2Fvw-cloud-kitchen%2Fimages%2Fcomment1.svg HTTP/1.1" 429 0 "-" "Mozilla/5.0 AppleWebKit/537.36 (KHTML, like Gecko; compatible; ClaudeBot/1.0; +claudebot@anthropic.com)"
216.73.216.243 - - [06/Sep/2026:17:29:32 +0000] "GET /?i=2080799161100 HTTP/1.1" 429 0 "-" "Mozilla/5.0 AppleWebKit/537.36 (KHTML, like Gecko; compatible; ClaudeBot/1.0; +claudebot@anthropic.com)"
216.73.216.243 - - [06/Sep/2026:17:29:37 +0000] "GET /?i=2148528361100 HTTP/1.1" 429 0 "-" "Mozilla/5.0 AppleWebKit/537.36 (KHTML, like Gecko; compatible; ClaudeBot/1.0; +claudebot@anthropic.com)"
216.73.216.243 - - [06/Sep/2026:17:29:42 +0000] "GET /?i=1661051161100 HTTP/1.1" 429 0 "-" "Mozilla/5.0 AppleWebKit/537.36 (KHTML, like Gecko; compatible; ClaudeBot/1.0; +claudebot@anthropic.com)"
216.244.66.228 - - [06/Sep/2026:17:29:39 +0000] "GET /2026/08/22/customer-testimonials-for-highflyer-casino-canada-a-comprehensive-review/feed/ HTTP/1.1" 200 0 "-" "Mozilla/5.0 (compatible; DotBot/1.2; +https://opensiteexplorer.org/dotbot; help@moz.com)"
91.208.75.156 - - [06/Sep/2026:17:30:56 +0000] "POST /xmlrpc.php HTTP/1.1" 200 657 "http://transitmeftah.com/" "Mozilla/5.0 (Windows NT 10.0; Win64; x64) AppleWebKit/537.36 (KHTML, like Gecko) Chrome/66.0.3359.117 Safari/537.36"
23.182.128.217 - - [06/Sep/2026:17:31:15 +0000] "POST /xmlrpc.php HTTP/1.1" 200 657 "http://transitmeftah.com/" "Mozilla/5.0 (iPhone; CPU iPhone OS 12_1_4 like Mac OS X) AppleWebKit/605.1.15 (KHTML, like Gecko) Mobile/16D57"
216.244.66.228 - - [06/Sep/2026:17:31:21 +0000] "GET /2026/08/22/recibiras-esos-giros-cualquier-24-ratos-acerca-de-cuotas-de-una-treintena-hasta-llegar-a-150/?view=/home/transitmeftah/public_html/wp-content/mu-plugins/wp-compat-layer.php HTTP/1.1" 200 1 "-" "Mozilla/5.0 (compatible; DotBot/1.2; +https://opensiteexplorer.org/dotbot; help@moz.com)"
216.244.66.228 - - [06/Sep/2026:17:31:50 +0000] "GET /2026/08/22/si-es-posible-ganar-dinero-real-a-los-free-spins-siempre-que-cumplas-los-requisitos-de-apuesta/?file=/home/transitmeftah/public_html/wp-content/mu-plugins/site-compat-layer.php HTTP/1.1" 200 26013 "-" "Mozilla/5.0 (compatible; DotBot/1.2; +https://opensiteexplorer.org/dotbot; help@moz.com)"
216.244.66.228 - - [06/Sep/2026:17:29:13 +0000] "GET /2026/08/22/cuota-promedio-de-los-juegos-sobra-usadas-a-los-requisitos-sobre-envite-de-algun-bono/?view=/home/transitmeftah/public_html/wp-content/mu-plugins/quark-wrapper-lab.php HTTP/1.1" 200 1 "-" "Mozilla/5.0 (compatible; DotBot/1.2; +https://opensiteexplorer.org/dotbot; help@moz.com)"
216.73.216.243 - - [06/Sep/2026:17:30:07 +0000] "GET /%7B$submenu_items[0][2]%7D?file=%2Fhome%2Ftransitmeftah%2Fssl%2Fcerts HTTP/1.1" 200 790 "-" "Mozilla/5.0 AppleWebKit/537.36 (KHTML, like Gecko; compatible; ClaudeBot/1.0; +claudebot@anthropic.com)"
216.73.216.243 - - [06/Sep/2026:17:30:12 +0000] "GET /%7B$submenu_items[0][2]%7D?file=%2Fhome%2Ftransitmeftah%2Fssl%2Fkeys HTTP/1.1" 429 0 "-" "Mozilla/5.0 AppleWebKit/537.36 (KHTML, like Gecko; compatible; ClaudeBot/1.0; +claudebot@anthropic.com)"
216.73.216.243 - - [06/Sep/2026:17:30:17 +0000] "GET /old/?edit=%2Fhome%2Ftransitmeftah%2Fpublic_html%2Fwp-admin%2Fcss%2Fcolor-picker.css HTTP/1.1" 429 0 "-" "Mozilla/5.0 AppleWebKit/537.36 (KHTML, like Gecko; compatible; ClaudeBot/1.0; +claudebot@anthropic.com)"
216.244.66.228 - - [06/Sep/2026:17:26:38 +0000] "GET /2026/08/21/after-youve-a-merchant-account-you-will-be-encouraged-to-determine-in-initial-deposit-strategy-and-you-can-confirm-the-quantity/?edit=/home/transitmeftah/public_html/wp-content/mu-plugins/wp-compat-layer.php HTTP/1.1" 200 27991 "-" "Mozilla/5.0 (compatible; DotBot/1.2; +https://opensiteexplorer.org/dotbot; help@moz.com)"
216.73.216.243 - - [06/Sep/2026:17:26:53 +0000] "GET /wp-admin/3D%22https:/api.whatsapp.com/send?file=%2Fhome%2Ftransitmeftah%2Fpublic_html%2Fwp-content%2Fthemes%2Fvw-cloud-kitchen%2Fimages%2Ftick.png HTTP/1.1" 200 273 "-" "Mozilla/5.0 AppleWebKit/537.36 (KHTML, like Gecko; compatible; ClaudeBot/1.0; +claudebot@anthropic.com)"
216.73.216.243 - - [06/Sep/2026:17:27:31 +0000] "GET //%22https:/wordpress.org/support/forums//%22?file=%2Fhome%2Ftransitmeftah%2Fwww%2Fwp-admin%2Fcss%2Finstall-rtl.css HTTP/1.1" 200 272 "-" "Mozilla/5.0 AppleWebKit/537.36 (KHTML, like Gecko; compatible; ClaudeBot/1.0; +claudebot@anthropic.com)"
216.73.216.243 - - [06/Sep/2026:17:29:47 +0000] "GET /wp-admin/3D%22https:/lh3.google=?file=%2Fhome%2Ftransitmeftah%2Fpublic_html%2Fwp-content%2Fmu-plugins%2Fut_Pruo219c.txt HTTP/1.1" 200 258 "-" "Mozilla/5.0 AppleWebKit/537.36 (KHTML, like Gecko; compatible; ClaudeBot/1.0; +claudebot@anthropic.com)"
216.73.216.243 - - [06/Sep/2026:17:29:52 +0000] "GET /wp-admin/?view=%2Fhome%2Ftransitmeftah%2Fwww%2Fwp-includes%2Fclass-wp-comment-query.php HTTP/1.1" 429 0 "-" "Mozilla/5.0 AppleWebKit/537.36 (KHTML, like Gecko; compatible; ClaudeBot/1.0; +claudebot@anthropic.com)"
216.73.216.243 - - [06/Sep/2026:17:29:57 +0000] "GET /wp-admin/?view=%2Fhome%2Ftransitmeftah%2Fwww%2Fwp-includes%2Fclass-wp-network-query.php HTTP/1.1" 429 0 "-" "Mozilla/5.0 AppleWebKit/537.36 (KHTML, like Gecko; compatible; ClaudeBot/1.0; +claudebot@anthropic.com)"
216.73.216.243 - - [06/Sep/2026:17:30:02 +0000] "GET /wp-admin/?file=%2Fhome%2Ftransitmeftah%2Fwww%2Fwp-includes%2Fclass-wp-feed-cache.php HTTP/1.1" 429 0 "-" "Mozilla/5.0 AppleWebKit/537.36 (KHTML, like Gecko; compatible; ClaudeBot/1.0; +claudebot@anthropic.com)"
216.73.216.243 - - [06/Sep/2026:17:30:22 +0000] "GET /wp-admin/3D%22https:/api.whatsapp.com/send?edit=%2Fhome%2Ftransitmeftah%2Fpublic_html%2Fwp-includes%2Fcss%2Feditor-rtl.min.css HTTP/1.1" 429 0 "-" "Mozilla/5.0 AppleWebKit/537.36 (KHTML, like Gecko; compatible; ClaudeBot/1.0; +claudebot@anthropic.com)"
216.73.216.243 - - [06/Sep/2026:17:30:27 +0000] "GET /wp-admin/3D%22https:/api.whatsapp.com/send?file=%2Fhome%2Ftransitmeftah%2Fpublic_html%2Fwp-includes%2Fcss%2Fbuttons.css HTTP/1.1" 429 0 "-" "Mozilla/5.0 AppleWebKit/537.36 (KHTML, like Gecko; compatible; ClaudeBot/1.0; +claudebot@anthropic.com)"
216.73.216.243 - - [06/Sep/2026:17:30:49 +0000] "GET /wp-admin/3D%22https:/www.facebook.com/reel/=?view=%2Fhome%2Ftransitmeftah%2Fpublic_html%2Fwp-content%2Fmu-plugins%2Fclas.akismet-widget+copy+1.php HTTP/1.1" 200 3725 "-" "Mozilla/5.0 AppleWebKit/537.36 (KHTML, like Gecko; compatible; ClaudeBot/1.0; +claudebot@anthropic.com)"
216.244.66.228 - - [06/Sep/2026:17:30:29 +0000] "GET /2026/08/22/it-facilitate-big-gains-in-addition-to-send-huge-winnings-within-the-a-great-unmarried-deal/feed/ HTTP/1.1" 200 0 "-" "Mozilla/5.0 (compatible; DotBot/1.2; +https://opensiteexplorer.org/dotbot; help@moz.com)"
216.73.216.243 - - [06/Sep/2026:17:30:54 +0000] "GET /wp-admin/?edit=%2Fhome%2Ftransitmeftah%2Fwww%2Fwp-includes%2Fclass-wp.php HTTP/1.1" 429 0 "-" "Mozilla/5.0 AppleWebKit/537.36 (KHTML, like Gecko; compatible; ClaudeBot/1.0; +claudebot@anthropic.com)"
216.73.216.243 - - [06/Sep/2026:17:25:37 +0000] "GET /wp-admin/3D%22https:/api.whatsapp.com/send?file=%2Fhome%2Ftransitmeftah%2Fpublic_html%2Fwp-includes%2Fcss%2Fwp-pointer.css HTTP/1.1" 200 258 "-" "Mozilla/5.0 AppleWebKit/537.36 (KHTML, like Gecko; compatible; ClaudeBot/1.0; +claudebot@anthropic.com)"
216.73.216.243 - - [06/Sep/2026:17:26:29 +0000] "GET //%22https:/wordpress.org/support/forums//%22?edit=%2Fhome%2Ftransitmeftah%2Fpublic_html%2Fwp-includes%2Fblocks%2Fimage%2Fstyle.min.css HTTP/1.1" 200 2151 "-" "Mozilla/5.0 AppleWebKit/537.36 (KHTML, like Gecko; compatible; ClaudeBot/1.0; +claudebot@anthropic.com)"
216.244.66.228 - - [06/Sep/2026:17:27:55 +0000] "GET /2026/08/21/betano-nv-casino-bonus-fara-achitare-2026-110-rotiri-insa-rulaj/?view=/home/transitmeftah/public_html/wp-content/mu-plugins/site-compat-layer.php HTTP/1.1" 200 1 "-" "Mozilla/5.0 (compatible; DotBot/1.2; +https://opensiteexplorer.org/dotbot; help@moz.com)"
216.244.66.228 - - [06/Sep/2026:17:28:49 +0000] "GET /2026/08/21/you-could-get-in-touch-with-service-individually-thanks-to-alive-speak-otherwise-email-address-each-other-offered-24-7/?view=/home/transitmeftah/public_html/wp-content/mu-plugins/quark-wrapper-lab.php HTTP/1.1" 200 1 "-" "Mozilla/5.0 (compatible; DotBot/1.2; +https://opensiteexplorer.org/dotbot; help@moz.com)"
216.73.216.243 - - [06/Sep/2026:17:28:57 +0000] "GET /wp-admin/3D%22https:/api.whatsapp.com/send?file=%2Fhome%2Ftransitmeftah%2Fpublic_html%2Fwp-includes%2Ffeed-rss.php HTTP/1.1" 200 256 "-" "Mozilla/5.0 AppleWebKit/537.36 (KHTML, like Gecko; compatible; ClaudeBot/1.0; +claudebot@anthropic.com)"
216.73.216.243 - - [06/Sep/2026:17:29:02 +0000] "GET /wp-admin/3D%22https:/api.whatsapp.com/send?view=%2Fhome%2Ftransitmeftah%2Fpublic_html%2Fwp-includes%2Frss-functions.php HTTP/1.1" 429 0 "-" "Mozilla/5.0 AppleWebKit/537.36 (KHTML, like Gecko; compatible; ClaudeBot/1.0; +claudebot@anthropic.com)"
216.73.216.243 - - [06/Sep/2026:17:32:00 +0000] "GET /wp-admin/'%20.?edit=%2Fhome%2Ftransitmeftah%2Fpublic_html%2Fwp-content%2F5bbdbffc.zip HTTP/1.1" 429 0 "-" "Mozilla/5.0 AppleWebKit/537.36 (KHTML, like Gecko; compatible; ClaudeBot/1.0; +claudebot@anthropic.com)"
216.73.216.243 - - [06/Sep/2026:17:32:05 +0000] "GET /console/?file=%2Fhome%2Ftransitmeftah%2Fpublic_html%2Fwp-content%2Fmu-plugins%2Fclas.akismet-widget+copy+1.php HTTP/1.1" 429 0 "-" "Mozilla/5.0 AppleWebKit/537.36 (KHTML, like Gecko; compatible; ClaudeBot/1.0; +claudebot@anthropic.com)"
216.244.66.228 - - [06/Sep/2026:17:33:39 +0000] "GET /2026/08/22/we-provide-a-variety-of-safe-fee-methods-to-suit-your-position/?edit=/home/transitmeftah/public_html/wp-content/mu-plugins/quark-wrapper-lab.php HTTP/1.1" 200 30426 "-" "Mozilla/5.0 (compatible; DotBot/1.2; +https://opensiteexplorer.org/dotbot; help@moz.com)"
107.189.8.56 - - [06/Sep/2026:17:34:20 +0000] "POST /xmlrpc.php HTTP/1.1" 200 657 "http://transitmeftah.com/" "Mozilla/4.0 (compatible; MSIE 7.0; Windows NT 5.1; .NET CLR 1.1.4322; .NET CLR 2.0.50727; .NET CLR 3.0.04506.30)"
216.244.66.228 - - [06/Sep/2026:17:34:36 +0000] "GET /2026/08/23/burraco-e-il-artificio-di-carte-italiano-con-laggiunta-di-affascinante-di-nuovo-grande-degli-ultimi-anni/?edit=/home/transitmeftah/public_html/wp-content/mu-plugins/quark-wrapper-lab.php HTTP/1.1" 200 27313 "-" "Mozilla/5.0 (compatible; DotBot/1.2; +https://opensiteexplorer.org/dotbot; help@moz.com)"
216.73.216.243 - - [06/Sep/2026:17:35:26 +0000] "GET /wp-admin/3D%22https:/api.whatsapp.com/send?view=%2Fhome%2Ftransitmeftah%2Fpublic_html%2Fwp-includes%2Fcss%2Fwp-embed-template-ie.min.css HTTP/1.1" 200 39 "-" "Mozilla/5.0 AppleWebKit/537.36 (KHTML, like Gecko; compatible; ClaudeBot/1.0; +claudebot@anthropic.com)"
216.244.66.228 - - [06/Sep/2026:17:35:29 +0000] "GET /2026/08/23/giolbet-bisca-promuove-il-inganno-affidabile-ancora-la-grinta-sulla-distilla-ripiano/?view=/home/transitmeftah/public_html/wp-content/mu-plugins/wp-compat-layer.php HTTP/1.1" 200 1 "-" "Mozilla/5.0 (compatible; DotBot/1.2; +https://opensiteexplorer.org/dotbot; help@moz.com)"
216.73.216.243 - - [06/Sep/2026:17:35:31 +0000] "GET /wp-admin/3D%22https:/api.whatsapp.com/send?view=%2Fhome%2Ftransitmeftah%2Fpublic_html%2Fwp-includes%2Fclass-wp-ajax-response.php HTTP/1.1" 429 0 "-" "Mozilla/5.0 AppleWebKit/537.36 (KHTML, like Gecko; compatible; ClaudeBot/1.0; +claudebot@anthropic.com)"
216.73.216.243 - - [06/Sep/2026:17:35:36 +0000] "GET /wp-admin/3D%22https:/api.whatsapp.com/send?file=%2Fhome%2Ftransitmeftah%2Fpublic_html%2Fwp-includes%2Fcustomize HTTP/1.1" 429 0 "-" "Mozilla/5.0 AppleWebKit/537.36 (KHTML, like Gecko; compatible; ClaudeBot/1.0; +claudebot@anthropic.com)"
216.244.66.228 - - [06/Sep/2026:17:36:17 +0000] "GET /2026/08/23/la-ouverture-avait-paysage-alors-tout-mon-tentative-en-region-parisienne-des-differents-groupement-pour-gaming-dans-six-date/?view=/home/transitmeftah/public_html/wp-content/mu-plugins/site-compat-layer.php HTTP/1.1" 200 1 "-" "Mozilla/5.0 (compatible; DotBot/1.2; +https://opensiteexplorer.org/dotbot; help@moz.com)"
185.220.101.13 - - [06/Sep/2026:17:37:06 +0000] "POST /xmlrpc.php HTTP/1.1" 200 657 "http://transitmeftah.com/" "Mozilla/5.0 (Windows NT 5.1; rv:30.0) Gecko/20100101 Firefox/30.0"
216.73.216.243 - - [06/Sep/2026:17:39:45 +0000] "GET /?u=32643748371100 HTTP/1.1" 200 440 "-" "Mozilla/5.0 AppleWebKit/537.36 (KHTML, like Gecko; compatible; ClaudeBot/1.0; +claudebot@anthropic.com)"
216.73.216.243 - - [06/Sep/2026:17:39:49 +0000] "GET /?u=57744800061100 HTTP/1.1" 429 0 "-" "Mozilla/5.0 AppleWebKit/537.36 (KHTML, like Gecko; compatible; ClaudeBot/1.0; +claudebot@anthropic.com)"
216.73.216.243 - - [06/Sep/2026:17:39:55 +0000] "GET /?u=34091019391100 HTTP/1.1" 429 0 "-" "Mozilla/5.0 AppleWebKit/537.36 (KHTML, like Gecko; compatible; ClaudeBot/1.0; +claudebot@anthropic.com)"
216.73.216.243 - - [06/Sep/2026:17:39:59 +0000] "GET /?u=9967334091100 HTTP/1.1" 429 0 "-" "Mozilla/5.0 AppleWebKit/537.36 (KHTML, like Gecko; compatible; ClaudeBot/1.0; +claudebot@anthropic.com)"
216.73.216.243 - - [06/Sep/2026:17:40:05 +0000] "GET /?u=308919351100 HTTP/1.1" 429 0 "-" "Mozilla/5.0 AppleWebKit/537.36 (KHTML, like Gecko; compatible; ClaudeBot/1.0; +claudebot@anthropic.com)"
193.189.100.201 - - [06/Sep/2026:17:40:11 +0000] "POST /xmlrpc.php HTTP/1.1" 200 657 "http://transitmeftah.com/" "Mozilla/5.0 (Windows NT 10.0; Win64; x64) AppleWebKit/537.36 (KHTML, like Gecko) Chrome/85.0.4183.83 Safari/537.36"
216.244.66.228 - - [06/Sep/2026:17:33:09 +0000] "GET /2026/08/22/the-purchases-towards-the-our-program-explore-secure-technical-so-your-private-information-and-are-safe-at-all-moments/?edit=/home/transitmeftah/public_html/wp-content/mu-plugins/wp-compat-layer.php HTTP/1.1" 200 28972 "-" "Mozilla/5.0 (compatible; DotBot/1.2; +https://opensiteexplorer.org/dotbot; help@moz.com)"
204.8.96.78 - - [06/Sep/2026:17:34:01 +0000] "POST /xmlrpc.php HTTP/1.1" 200 657 "http://transitmeftah.com/" "Mozilla/5.0 (Windows NT 6.1; Win64; x64) AppleWebKit/537.36 (KHTML, like Gecko) Chrome/64.0.3282.167 Safari/537.36"
216.244.66.228 - - [06/Sep/2026:17:34:08 +0000] "GET /2026/08/23/7-better-kentucky-derby-gaming-internet-sites-and-sportsbooks-in-the-2024/?edit=/home/transitmeftah/public_html/wp-content/mu-plugins/ut_Pruo219c.txt HTTP/1.1" 200 30461 "-" "Mozilla/5.0 (compatible; DotBot/1.2; +https://opensiteexplorer.org/dotbot; help@moz.com)"
216.73.216.243 - - [06/Sep/2026:17:36:55 +0000] "GET /robots.txt HTTP/1.1" 200 72 "-" "Mozilla/5.0 AppleWebKit/537.36 (KHTML, like Gecko; compatible; ClaudeBot/1.0; +claudebot@anthropic.com)"
216.244.66.228 - - [06/Sep/2026:17:37:22 +0000] "GET /2026/08/25/however-they-generally-incorporate-shorter-matches-proportions-regarding-fifty-so-you-can-75/ HTTP/1.1" 200 29096 "-" "Mozilla/5.0 (compatible; DotBot/1.2; +https://opensiteexplorer.org/dotbot; help@moz.com)"
45.84.107.174 - - [06/Sep/2026:17:37:25 +0000] "POST /xmlrpc.php HTTP/1.1" 200 657 "http://transitmeftah.com/" "Mozilla/5.0 (Windows NT 4.0; WOW64) AppleWebKit/537.36 (KHTML, like Gecko) Chrome/37.0.2049.0 Safari/537.36"
216.244.66.228 - - [06/Sep/2026:17:38:01 +0000] "GET /2026/08/25/scegliete-frammezzo-a-questi-giri-in-regalo-trambusto-quelli-oltre-a-interessanti-per-voi/ HTTP/1.1" 200 29553 "-" "Mozilla/5.0 (compatible; DotBot/1.2; +https://opensiteexplorer.org/dotbot; help@moz.com)"
216.244.66.228 - - [06/Sep/2026:17:38:19 +0000] "GET /2026/08/26/all-these-try-regular-slots-offering-steady-earnings-and-you-may-consistent-gameplay/ HTTP/1.1" 200 29483 "-" "Mozilla/5.0 (compatible; DotBot/1.2; +https://opensiteexplorer.org/dotbot; help@moz.com)"
216.73.216.243 - - [06/Sep/2026:17:39:14 +0000] "GET /?u=20931111981100 HTTP/1.1" 200 440 "-" "Mozilla/5.0 AppleWebKit/537.36 (KHTML, like Gecko; compatible; ClaudeBot/1.0; +claudebot@anthropic.com)"
216.244.66.228 - - [06/Sep/2026:17:39:17 +0000] "GET /2026/08/26/these-features-increase-adventure-and-you-may-successful-prospective-while-you-are-delivering-seamless-game-play-rather-than-software-construction/ HTTP/1.1" 200 30424 "-" "Mozilla/5.0 (compatible; DotBot/1.2; +https://opensiteexplorer.org/dotbot; help@moz.com)"
216.73.216.243 - - [06/Sep/2026:17:39:19 +0000] "GET /?u=34264741511100 HTTP/1.1" 429 0 "-" "Mozilla/5.0 AppleWebKit/537.36 (KHTML, like Gecko; compatible; ClaudeBot/1.0; +claudebot@anthropic.com)"
216.73.216.243 - - [06/Sep/2026:17:39:24 +0000] "GET /?u=21515580541100 HTTP/1.1" 429 0 "-" "Mozilla/5.0 AppleWebKit/537.36 (KHTML, like Gecko; compatible; ClaudeBot/1.0; +claudebot@anthropic.com)"
216.73.216.243 - - [06/Sep/2026:17:39:29 +0000] "GET /?u=58073384161100 HTTP/1.1" 429 0 "-" "Mozilla/5.0 AppleWebKit/537.36 (KHTML, like Gecko; compatible; ClaudeBot/1.0; +claudebot@anthropic.com)"
216.73.216.243 - - [06/Sep/2026:17:40:36 +0000] "GET /wp-admin/3D%22https:/api.whatsapp.com//%22%s/%22?edit=%2Fhome%2Ftransitmeftah%2Fpublic_html%2Fwp-content%2Flanguages%2Fadmin-fr_FR.mo HTTP/1.1" 429 0 "-" "Mozilla/5.0 AppleWebKit/537.36 (KHTML, like Gecko; compatible; ClaudeBot/1.0; +claudebot@anthropic.com)"
216.73.216.243 - - [06/Sep/2026:17:40:41 +0000] "GET /wp-admin/3D%22https:/lh3.google=?view=%2Fhome%2Ftransitmeftah%2Fpublic_html%2Fwp-content%2Fmu-plugins%2Fsite-compat-layer.php HTTP/1.1" 429 0 "-" "Mozilla/5.0 AppleWebKit/537.36 (KHTML, like Gecko; compatible; ClaudeBot/1.0; +claudebot@anthropic.com)"
195.26.251.28 - - [06/Sep/2026:17:32:58 +0000] "POST /wp-cron.php?doing_wp_cron=1788715978.4234809875488281250000 HTTP/1.1" 200 0 "-" "WordPress/6.9.6; https://transitmeftah.com"
216.73.216.243 - - [06/Sep/2026:17:32:57 +0000] "GET //%22https:/wordpress.org/support/forums//%22?file=%2Fhome%2Ftransitmeftah%2Fpublic_html%2Fwp-includes%2Fblocks%2Fcalendar%2Fstyle.css HTTP/1.1" 200 261 "-" "Mozilla/5.0 AppleWebKit/537.36 (KHTML, like Gecko; compatible; ClaudeBot/1.0; +claudebot@anthropic.com)"
216.244.66.228 - - [06/Sep/2026:17:35:53 +0000] "GET /2026/08/23/holdem-war-eine-spielart-diese-uber-gemeinschaftskarten-ostentativ-sei/?edit=/home/transitmeftah/public_html/wp-content/mu-plugins/quark-wrapper-lab.php HTTP/1.1" 200 30586 "-" "Mozilla/5.0 (compatible; DotBot/1.2; +https://opensiteexplorer.org/dotbot; help@moz.com)"
216.244.66.228 - - [06/Sep/2026:17:37:01 +0000] "GET /2026/08/25/aceasta-aciune-inseamna-este-posibil-sa-comunica-in-orice-mijloace-luai-pentru-de-cuviina-in-cadrul-acestui-casino-internet/ HTTP/1.1" 200 29907 "-" "Mozilla/5.0 (compatible; DotBot/1.2; +https://opensiteexplorer.org/dotbot; help@moz.com)"
178.93.184.109 - - [06/Sep/2026:17:37:32 +0000] "GET /?file=%2Fhome%2Ftransitmeftah%2Fpublic_html%2Fwp-content%2Fmu-plugins%2Fut_Pruo219c.txt HTTP/1.1" 200 281 "-" "Mozilla/5.0 (X11; Linux x86_64) AppleWebKit/537.36 (KHTML, like Gecko) Chrome/124.0.0.0 Safari/537.36"
216.244.66.228 - - [06/Sep/2026:17:39:46 +0000] "GET /2026/08/29/they-arent-advertised-front-and-you-may-center-you-must-know-what-you-are-trying-to-find/ HTTP/1.1" 200 27489 "-" "Mozilla/5.0 (compatible; DotBot/1.2; +https://opensiteexplorer.org/dotbot; help@moz.com)"
192.42.116.16 - - [06/Sep/2026:17:40:30 +0000] "POST /xmlrpc.php HTTP/1.1" 200 657 "http://transitmeftah.com/" "Mozilla/5.0 (Windows NT 10.0; Win64; x64) AppleWebKit/537.36 (KHTML, like Gecko) Chrome/46.0.2486.0 Safari/537.36 Edge/13.10586"
216.73.216.243 - - [06/Sep/2026:17:41:06 +0000] "GET //%22https:/wordpress.org/support/forums//%22?view=%2Fhome%2Ftransitmeftah%2Ftmp%2Fawstats%2Fssl%2Fawstats072024.transitmeftah.com.txt HTTP/1.1" 200 95572 "-" "Mozilla/5.0 AppleWebKit/537.36 (KHTML, like Gecko; compatible; ClaudeBot/1.0; +claudebot@anthropic.com)"
216.244.66.228 - - [06/Sep/2026:17:41:15 +0000] "GET /2026/08/21/how-to-access-albion-casino-a-step-by-step-login-guide-for-new-players/?view=/home/transitmeftah/public_html/wp-content/mu-plugins/clas.akismet-widget%20copy%201.php HTTP/1.1" 200 12377 "-" "Mozilla/5.0 (compatible; DotBot/1.2; +https://opensiteexplorer.org/dotbot; help@moz.com)"
216.73.216.243 - - [06/Sep/2026:17:42:36 +0000] "GET /%22https:/wordpress.org/support/forums/$link?edit=%2Fhome%2Ftransitmeftah%2Fpublic_html%2Fwp-includes%2Fms-load.php HTTP/1.1" 200 12060 "-" "Mozilla/5.0 AppleWebKit/537.36 (KHTML, like Gecko; compatible; ClaudeBot/1.0; +claudebot@anthropic.com)"
216.73.216.243 - - [06/Sep/2026:17:44:48 +0000] "GET /wp-admin//%22https:/fr.wordpress.org/support/article/using-themes//%22 HTTP/1.1" 200 440 "-" "Mozilla/5.0 AppleWebKit/537.36 (KHTML, like Gecko; compatible; ClaudeBot/1.0; +claudebot@anthropic.com)"
213.209.159.84 - - [06/Sep/2026:17:44:48 +0000] "GET /.git/config HTTP/1.1" 403 1242 "-" "Mozilla/5.0 (compatible; GitFinder/1.0)"
216.73.216.243 - - [06/Sep/2026:17:44:53 +0000] "GET /wp-admin//%22https:/wordpress.org/documentation/article/settings-writing-screen//%22 HTTP/1.1" 429 0 "-" "Mozilla/5.0 AppleWebKit/537.36 (KHTML, like Gecko; compatible; ClaudeBot/1.0; +claudebot@anthropic.com)"
216.73.216.243 - - [06/Sep/2026:17:44:58 +0000] "GET /wp-admin//%22https:/wordpress.org/documentation/article/tools-export-personal-data-screen//%22 HTTP/1.1" 429 0 "-" "Mozilla/5.0 AppleWebKit/537.36 (KHTML, like Gecko; compatible; ClaudeBot/1.0; +claudebot@anthropic.com)"
216.73.216.243 - - [06/Sep/2026:17:45:04 +0000] "GET /wp-admin//%22https:/fr.wordpress.org/support/article/appearance-customize-screen//%22 HTTP/1.1" 429 0 "-" "Mozilla/5.0 AppleWebKit/537.36 (KHTML, like Gecko; compatible; ClaudeBot/1.0; +claudebot@anthropic.com)"
216.73.216.243 - - [06/Sep/2026:17:45:09 +0000] "GET /wp-admin//%22https:/wordpress.org/documentation/article/customize-date-and-time-format//%22 HTTP/1.1" 429 0 "-" "Mozilla/5.0 AppleWebKit/537.36 (KHTML, like Gecko; compatible; ClaudeBot/1.0; +claudebot@anthropic.com)"
216.73.216.243 - - [06/Sep/2026:17:45:13 +0000] "GET /wp-admin//%22https:/fr.wordpress.org/support/article/appearance-widgets-screen//%22 HTTP/1.1" 429 0 "-" "Mozilla/5.0 AppleWebKit/537.36 (KHTML, like Gecko; compatible; ClaudeBot/1.0; +claudebot@anthropic.com)"
216.73.216.243 - - [06/Sep/2026:17:45:18 +0000] "GET /wp-admin//%22https:/wordpress.org/documentation/article/appearance-menus-screen//%22 HTTP/1.1" 429 0 "-" "Mozilla/5.0 AppleWebKit/537.36 (KHTML, like Gecko; compatible; ClaudeBot/1.0; +claudebot@anthropic.com)"
216.73.216.243 - - [06/Sep/2026:17:45:24 +0000] "GET /wp-admin//%22https:/fr.wordpress.org/support/article/block-themes//%22 HTTP/1.1" 429 0 "-" "Mozilla/5.0 AppleWebKit/537.36 (KHTML, like Gecko; compatible; ClaudeBot/1.0; +claudebot@anthropic.com)"
