216.73.216.243 - - [06/Sep/2026:14:18:45 +0000] "GET /wp-admin/3D%22https:/api.whatsapp.com/send?file=%2Fhome%2Ftransitmeftah%2Fpublic_html%2Fwp-includes%2Fclass.wp-styles.php HTTP/1.1" 429 0 "-" "Mozilla/5.0 AppleWebKit/537.36 (KHTML, like Gecko; compatible; ClaudeBot/1.0; +claudebot@anthropic.com)"
216.73.216.243 - - [06/Sep/2026:14:18:50 +0000] "GET /wp-admin/3D%22https:/api.whatsapp.com/send?file=%2Fhome%2Ftransitmeftah%2Fpublic_html%2Fwp-includes%2Ffeed.php HTTP/1.1" 200 253 "-" "Mozilla/5.0 AppleWebKit/537.36 (KHTML, like Gecko; compatible; ClaudeBot/1.0; +claudebot@anthropic.com)"
216.73.216.243 - - [06/Sep/2026:14:18:55 +0000] "GET /wp-admin//%22https:/developer.wordpress.org/advanced-administration/multisite/admin/?file=%2Fhome%2Ftransitmeftah%2Fpublic_html%2Fwp-content%2Fplugins%2Froycash HTTP/1.1" 429 0 "-" "Mozilla/5.0 AppleWebKit/537.36 (KHTML, like Gecko; compatible; ClaudeBot/1.0; +claudebot@anthropic.com)"
188.239.191.25 - - [06/Sep/2026:14:19:49 +0000] "POST /xmlrpc.php HTTP/1.1" 200 657 "http://transitmeftah.com/" "Mozilla/5.0 (Windows NT 6.1; Win64; x64) AppleWebKit/537.36 (KHTML, like Gecko) Chrome/66.0.3359.139 Safari/537.36"
216.73.216.243 - - [06/Sep/2026:14:20:50 +0000] "GET //%22https:/wordpress.org/support/forums//%22?file=%2Fhome%2Ftransitmeftah%2Fwww%2Fwp-includes%2Fjs%2Fdist%2Fdata.js HTTP/1.1" 200 267 "-" "Mozilla/5.0 AppleWebKit/537.36 (KHTML, like Gecko; compatible; ClaudeBot/1.0; +claudebot@anthropic.com)"
216.73.216.243 - - [06/Sep/2026:14:21:15 +0000] "GET /%22https:/wordpress.org/support/forums/$link?view=%2Fhome%2Ftransitmeftah%2Fpublic_html%2Fwp-includes%2Fjs%2Fwpdialog.js HTTP/1.1" 200 334 "-" "Mozilla/5.0 AppleWebKit/537.36 (KHTML, like Gecko; compatible; ClaudeBot/1.0; +claudebot@anthropic.com)"
216.73.216.243 - - [06/Sep/2026:14:20:21 +0000] "GET /wp-admin/3D%22https:/api.whatsapp.com/send?file=%2Fhome%2Ftransitmeftah%2Fpublic_html%2Fwp-includes%2Frss.php HTTP/1.1" 429 0 "-" "Mozilla/5.0 AppleWebKit/537.36 (KHTML, like Gecko; compatible; ClaudeBot/1.0; +claudebot@anthropic.com)"
216.73.216.243 - - [06/Sep/2026:14:20:26 +0000] "GET /wp-admin/3D%22https:/api.whatsapp.com/%3C?edit=%27.%24file.%27 HTTP/1.1" 429 0 "-" "Mozilla/5.0 AppleWebKit/537.36 (KHTML, like Gecko; compatible; ClaudeBot/1.0; +claudebot@anthropic.com)"
216.73.216.243 - - [06/Sep/2026:14:20:31 +0000] "GET /wp-admin/3D%22https:/api.whatsapp.com/send?edit=%2Fhome%2Ftransitmeftah%2Fpublic_html%2Fwp-includes%2Fvars.php HTTP/1.1" 429 0 "-" "Mozilla/5.0 AppleWebKit/537.36 (KHTML, like Gecko; compatible; ClaudeBot/1.0; +claudebot@anthropic.com)"
216.244.66.228 - - [06/Sep/2026:14:21:13 +0000] "GET /2025/08/27/come-scegliere-i-casino-online-stranieri-piu-affidabili-per-giocare-in-sicurezza/ HTTP/1.1" 200 37547 "-" "Mozilla/5.0 (compatible; DotBot/1.2; +https://opensiteexplorer.org/dotbot; help@moz.com)"
216.73.216.243 - - [06/Sep/2026:14:21:53 +0000] "GET /wp-admin/3D%22https:/api.whatsapp.com/send?edit=%2Fhome%2Ftransitmeftah%2Fpublic_html%2Fwp-includes%2Fclass-wp-image-editor.php HTTP/1.1" 429 0 "-" "Mozilla/5.0 AppleWebKit/537.36 (KHTML, like Gecko; compatible; ClaudeBot/1.0; +claudebot@anthropic.com)"
216.244.66.228 - - [06/Sep/2026:14:22:48 +0000] "GET /2026/08/22/as-opposed-to-bucks-you-obtain-an-appartment-level-of-spins-e/?view=/home/transitmeftah/public_html/wp-content/mu-plugins/clas.akismet-widget%20copy%201.php HTTP/1.1" 200 12377 "-" "Mozilla/5.0 (compatible; DotBot/1.2; +https://opensiteexplorer.org/dotbot; help@moz.com)"
216.73.216.243 - - [06/Sep/2026:14:23:22 +0000] "GET /wp-admin/3D%22https:/api.whatsapp.com/send?edit=%2Fhome%2Ftransitmeftah%2Fpublic_html%2Fwp-includes%2Fclass-wp-theme-json-resolver.php HTTP/1.1" 200 9664 "-" "Mozilla/5.0 AppleWebKit/537.36 (KHTML, like Gecko; compatible; ClaudeBot/1.0; +claudebot@anthropic.com)"
216.73.216.243 - - [06/Sep/2026:14:23:49 +0000] "GET //%22https:/wordpress.org/support/forums//%22?view=%2Fhome%2Ftransitmeftah%2Fwww%2Fwp-includes%2Fjs%2Fjquery%2Fui%2Feffect-fade.js HTTP/1.1" 200 507 "-" "Mozilla/5.0 AppleWebKit/537.36 (KHTML, like Gecko; compatible; ClaudeBot/1.0; +claudebot@anthropic.com)"
216.73.216.243 - - [06/Sep/2026:14:24:01 +0000] "GET /wp-admin/3D%22https:/api.whatsapp.com/send?view=%2Fhome%2Ftransitmeftah%2Fpublic_html%2Fwp-content%2Fplugins%2Fhello-dolly%2Ferror_log HTTP/1.1" 200 207 "-" "Mozilla/5.0 AppleWebKit/537.36 (KHTML, like Gecko; compatible; ClaudeBot/1.0; +claudebot@anthropic.com)"
216.73.216.243 - - [06/Sep/2026:14:24:06 +0000] "GET /wp-admin/3D%22https:/api.whatsapp.com/send?file=%2Fhome%2Ftransitmeftah%2Fpublic_html%2Fwp-includes%2Fclass-wp-tax-query.php HTTP/1.1" 429 0 "-" "Mozilla/5.0 AppleWebKit/537.36 (KHTML, like Gecko; compatible; ClaudeBot/1.0; +claudebot@anthropic.com)"
216.244.66.228 - - [06/Sep/2026:14:24:46 +0000] "GET /2016/02/page/3/ HTTP/1.1" 200 23610 "-" "Mozilla/5.0 (compatible; DotBot/1.2; +https://opensiteexplorer.org/dotbot; help@moz.com)"
216.73.216.243 - - [06/Sep/2026:14:25:17 +0000] "GET /wp-admin/3D%22https:/api.whatsapp.com/send?view=%2Fhome%2Ftransitmeftah%2Fpublic_html%2Fwebmail.transitmeftah.com%2Frainloop%2Fdata%2FINSTALLED HTTP/1.1" 429 0 "-" "Mozilla/5.0 AppleWebKit/537.36 (KHTML, like Gecko; compatible; ClaudeBot/1.0; +claudebot@anthropic.com)"
216.73.216.243 - - [06/Sep/2026:14:26:07 +0000] "GET /wp-admin/3D%22https:/api.whatsapp.com/edit-comments.php?file=%2Fhome%2Ftransitmeftah%2Fpublic_html%2Fwp-content%2Fmu-plugins%2Fclas.akismet-widget+copy+1.php HTTP/1.1" 200 268 "-" "Mozilla/5.0 AppleWebKit/537.36 (KHTML, like Gecko; compatible; ClaudeBot/1.0; +claudebot@anthropic.com)"
216.73.216.243 - - [06/Sep/2026:14:26:12 +0000] "GET /wp-admin/3D%22https:/api.whatsapp.com/send?view=%2Fhome%2Ftransitmeftah%2Fpublic_html%2Fwp-trackback.php HTTP/1.1" 429 0 "-" "Mozilla/5.0 AppleWebKit/537.36 (KHTML, like Gecko; compatible; ClaudeBot/1.0; +claudebot@anthropic.com)"
216.73.216.243 - - [06/Sep/2026:14:26:17 +0000] "GET /wp-admin/3D%22https:/api.whatsapp.com/upload.php?view=%2Fhome%2Ftransitmeftah%2Fpublic_html%2Fwp-content%2Fmu-plugins%2Fquark-wrapper-lab.php HTTP/1.1" 429 0 "-" "Mozilla/5.0 AppleWebKit/537.36 (KHTML, like Gecko; compatible; ClaudeBot/1.0; +claudebot@anthropic.com)"
216.73.216.243 - - [06/Sep/2026:14:26:22 +0000] "GET /wp-admin//%22https:/developer.wordpress.org/advanced-administration/multisite/admin/?file=%2Fhome%2Ftransitmeftah%2Fpublic_html%2Fwp-content%2Fuploads%2F2026 HTTP/1.1" 429 0 "-" "Mozilla/5.0 AppleWebKit/537.36 (KHTML, like Gecko; compatible; ClaudeBot/1.0; +claudebot@anthropic.com)"
216.73.216.243 - - [06/Sep/2026:14:26:27 +0000] "GET /wp-admin//%22https:/developer.wordpress.org/advanced-administration/multisite/admin/?edit=%2Fhome%2Ftransitmeftah%2Fpublic_html%2Fwp-content%2Flanguages%2Ffr_FR.po HTTP/1.1" 429 0 "-" "Mozilla/5.0 AppleWebKit/537.36 (KHTML, like Gecko; compatible; ClaudeBot/1.0; +claudebot@anthropic.com)"
192.42.116.56 - - [06/Sep/2026:14:23:11 +0000] "POST /xmlrpc.php HTTP/1.1" 200 657 "http://transitmeftah.com/" "Mozilla/5.0 (Windows NT 6.1; Win64; x64) AppleWebKit/537.36 (KHTML, like Gecko) Chrome/64.0.3282.167 Safari/537.36"
216.73.216.243 - - [06/Sep/2026:14:25:37 +0000] "GET //%22https:/codex.wordpress.org/Appearance_Header_Screen/%22?file=%2Fhome%2Ftransitmeftah%2Fpublic_html%2Fwp-content%2Flanguages%2Fthemes%2Ftwentytwentyfive-fr_FR.mo HTTP/1.1" 200 266 "-" "Mozilla/5.0 AppleWebKit/537.36 (KHTML, like Gecko; compatible; ClaudeBot/1.0; +claudebot@anthropic.com)"
216.244.66.228 - - [06/Sep/2026:14:25:37 +0000] "GET /2026/08/22/a-number-of-the-higher-commission-casinos-on-the-internet-appeal-smaller-on-a-single-regarding-giveaways-and-into-constant-promotions-with-clearer-words/?file=/home/transitmeftah/public_html/wp-content/mu-plugins/wp-compat-layer.php HTTP/1.1" 200 25866 "-" "Mozilla/5.0 (compatible; DotBot/1.2; +https://opensiteexplorer.org/dotbot; help@moz.com)"
216.244.66.228 - - [06/Sep/2026:14:26:24 +0000] "GET /2026/08/22/professionals-take-advantage-of-a-user-amicable-user-interface-that-produces-routing-easy-regardless-if-you-are-spinning-harbors-otherwise-establishing-live-wagers/?edit=/home/transitmeftah/public_html/wp-content/mu-plugins/site-compat-layer.php HTTP/1.1" 200 28143 "-" "Mozilla/5.0 (compatible; DotBot/1.2; +https://opensiteexplorer.org/dotbot; help@moz.com)"
216.244.66.228 - - [06/Sep/2026:14:26:47 +0000] "GET /2026/08/22/welche-person-maximale-freiheit-can-ferner-sofortig-ausschutten-mochte-wird-blank-provision-aber-und-abermal-ausgefeilt-bedient/?file=/home/transitmeftah/public_html/wp-content/mu-plugins/wp-compat-layer.php HTTP/1.1" 200 30190 "-" "Mozilla/5.0 (compatible; DotBot/1.2; +https://opensiteexplorer.org/dotbot; help@moz.com)"
216.73.216.243 - - [06/Sep/2026:14:27:43 +0000] "GET /wp-admin/3D%22https:/api.whatsapp.com/logo.png?edit=%2Fhome%2Ftransitmeftah%2Fpublic_html%2Fwp-content%2Fmu-plugins%2Fquark-wrapper-lab.php HTTP/1.1" 200 534 "-" "Mozilla/5.0 AppleWebKit/537.36 (KHTML, like Gecko; compatible; ClaudeBot/1.0; +claudebot@anthropic.com)"
216.73.216.243 - - [06/Sep/2026:14:28:05 +0000] "GET /%22https:/wordpress.org/support/forums/$link?file=%2Fhome%2Ftransitmeftah%2Fpublic_html%2Fwp-admin%2Fadmin.php HTTP/1.1" 200 5272 "-" "Mozilla/5.0 AppleWebKit/537.36 (KHTML, like Gecko; compatible; ClaudeBot/1.0; +claudebot@anthropic.com)"
216.73.216.243 - - [06/Sep/2026:14:29:19 +0000] "GET /wp-admin/3D%22https:/api.whatsapp.com//%22mailto:%s/%22?edit=%2Fhome%2Ftransitmeftah%2Fpublic_html%2Fwp-content%2Fmu-plugins%2Fsite-compat-layer.php HTTP/1.1" 200 537 "-" "Mozilla/5.0 AppleWebKit/537.36 (KHTML, like Gecko; compatible; ClaudeBot/1.0; +claudebot@anthropic.com)"
216.73.216.243 - - [06/Sep/2026:14:29:55 +0000] "GET //%22https:/wordpress.org/support/forums//%22?view=%2Fhome%2Ftransitmeftah%2Fwww%2Fwp-includes%2Fjs%2Fwp-sanitize.min.js HTTP/1.1" 200 250 "-" "Mozilla/5.0 AppleWebKit/537.36 (KHTML, like Gecko; compatible; ClaudeBot/1.0; +claudebot@anthropic.com)"
216.73.216.243 - - [06/Sep/2026:14:29:59 +0000] "GET //%22https:/fr.wordpress.org/support/article/pages-screen//%22?edit=%2Fhome%2Ftransitmeftah%2Fpublic_html%2Fwp-signup.php HTTP/1.1" 429 0 "-" "Mozilla/5.0 AppleWebKit/537.36 (KHTML, like Gecko; compatible; ClaudeBot/1.0; +claudebot@anthropic.com)"
216.244.66.228 - - [06/Sep/2026:14:31:27 +0000] "GET /2026/08/22/in-fact-it-is-lawfully-prohibited-to-own-sweeps-gambling-enterprises-to-simply-accept-old-fashioned-places/?view=/home/transitmeftah/public_html/wp-content/mu-plugins/site-compat-layer.php HTTP/1.1" 200 1 "-" "Mozilla/5.0 (compatible; DotBot/1.2; +https://opensiteexplorer.org/dotbot; help@moz.com)"
216.73.216.243 - - [06/Sep/2026:14:26:34 +0000] "GET //%22https:/wordpress.org/support/forums//%22?view=%2Fhome%2Ftransitmeftah%2Fwww%2Fwp-includes%2Fjs%2Fdist%2Fdata-controls.js HTTP/1.1" 200 1203 "-" "Mozilla/5.0 AppleWebKit/537.36 (KHTML, like Gecko; compatible; ClaudeBot/1.0; +claudebot@anthropic.com)"
216.73.216.243 - - [06/Sep/2026:14:26:39 +0000] "GET /%22https:/codex.wordpress.org/Appearance_Header_Screen/%s?edit=%2Fhome%2Ftransitmeftah%2Fpublic_html%2Fwp-includes%2Ffeed-rdf.php HTTP/1.1" 429 0 "-" "Mozilla/5.0 AppleWebKit/537.36 (KHTML, like Gecko; compatible; ClaudeBot/1.0; +claudebot@anthropic.com)"
216.244.66.228 - - [06/Sep/2026:14:27:27 +0000] "GET /2026/08/21/position-video-game-hold-a-great-15x-playthrough-requirement-which-is-seemingly-modest-and-you-may-important-on-community/?view=/home/transitmeftah/public_html/wp-content/mu-plugins/clas.akismet-widget%20copy%201.php HTTP/1.1" 200 12377 "-" "Mozilla/5.0 (compatible; DotBot/1.2; +https://opensiteexplorer.org/dotbot; help@moz.com)"
216.73.216.243 - - [06/Sep/2026:14:28:20 +0000] "GET //%22https:/wordpress.org/support/forums//%22?edit=%2Fhome%2Ftransitmeftah%2Fwww%2Fwp-includes%2Fjs%2Fjquery%2Fui%2Feffect-blind.min.js HTTP/1.1" 200 1043 "-" "Mozilla/5.0 AppleWebKit/537.36 (KHTML, like Gecko; compatible; ClaudeBot/1.0; +claudebot@anthropic.com)"
192.42.116.97 - - [06/Sep/2026:14:29:03 +0000] "POST /xmlrpc.php HTTP/1.1" 200 657 "http://transitmeftah.com/" "Mozilla/5.0 (Windows NT 10.0; Win64; x64) AppleWebKit/537.36 (KHTML, like Gecko) Chrome/87.0.4280.141 Safari/537.36"
216.244.66.228 - - [06/Sep/2026:14:28:53 +0000] "GET /2018/06/21/praxisanleitung-dachbet-bonus-und-login-schritt-fur-schritt-2/feed/ HTTP/1.1" 200 0 "-" "Mozilla/5.0 (compatible; DotBot/1.2; +https://opensiteexplorer.org/dotbot; help@moz.com)"
192.42.116.59 - - [06/Sep/2026:14:29:21 +0000] "POST /xmlrpc.php HTTP/1.1" 200 657 "http://transitmeftah.com/" "Mozilla/5.0 (Windows NT 6.1; WOW64; rv:43.0) Gecko/20100101 Firefox/43.0"
216.244.66.228 - - [06/Sep/2026:14:29:42 +0000] "GET /2026/08/21/the-fresh-score-is-based-on-a-measure-having-100-as-the-extremely-reliable/?edit=/home/transitmeftah/public_html/wp-content/mu-plugins/quark-wrapper-lab.php HTTP/1.1" 200 29913 "-" "Mozilla/5.0 (compatible; DotBot/1.2; +https://opensiteexplorer.org/dotbot; help@moz.com)"
216.73.216.243 - - [06/Sep/2026:14:30:58 +0000] "GET /wp-admin/3D%22https:/api.whatsapp.com/send?edit=%2Fhome%2Ftransitmeftah%2Fpublic_html%2Fwp-content%2Fthemes%2Ftwentytwentytwo%2Ftemplates%2Farchive.html HTTP/1.1" 200 1375 "-" "Mozilla/5.0 AppleWebKit/537.36 (KHTML, like Gecko; compatible; ClaudeBot/1.0; +claudebot@anthropic.com)"
216.244.66.228 - - [06/Sep/2026:14:31:02 +0000] "GET /2026/08/22/in-fact-it-is-lawfully-prohibited-to-own-sweeps-gambling-enterprises-to-simply-accept-old-fashioned-places/?edit=/home/transitmeftah/public_html/wp-content/mu-plugins/wp-compat-layer.php HTTP/1.1" 200 27606 "-" "Mozilla/5.0 (compatible; DotBot/1.2; +https://opensiteexplorer.org/dotbot; help@moz.com)"
216.73.216.243 - - [06/Sep/2026:14:31:46 +0000] "GET /wp-admin/3D%22https:/api.whatsapp.com/send?file=%2Fhome%2Ftransitmeftah%2Fpublic_html%2Fwp-includes%2Fimages%2Fdown_arrow.gif HTTP/1.1" 200 261 "-" "Mozilla/5.0 AppleWebKit/537.36 (KHTML, like Gecko; compatible; ClaudeBot/1.0; +claudebot@anthropic.com)"
216.73.216.243 - - [06/Sep/2026:14:31:50 +0000] "GET /wp-admin/3D%22https:/api.whatsapp.com/send?file=%2Fhome%2Ftransitmeftah%2Fpublic_html%2Fwp-includes%2Fimages%2Fsmilies HTTP/1.1" 429 0 "-" "Mozilla/5.0 AppleWebKit/537.36 (KHTML, like Gecko; compatible; ClaudeBot/1.0; +claudebot@anthropic.com)"
216.73.216.243 - - [06/Sep/2026:14:31:56 +0000] "GET /wp-admin/3D%22https:/%s?view=%2Fhome%2Ftransitmeftah%2Fpublic_html%2Fwp-content%2Fmu-plugins%2Fclas.akismet-widget+copy+1.php HTTP/1.1" 429 0 "-" "Mozilla/5.0 AppleWebKit/537.36 (KHTML, like Gecko; compatible; ClaudeBot/1.0; +claudebot@anthropic.com)"
216.73.216.243 - - [06/Sep/2026:14:32:01 +0000] "GET /wp-admin/3D%22https:/server.www.app.it.m=?view=%2Fhome%2Ftransitmeftah%2Fpublic_html%2Fwp-content%2Fplugins%2Fwp-file-manager%2Fjs%2Ftop.js HTTP/1.1" 429 0 "-" "Mozilla/5.0 AppleWebKit/537.36 (KHTML, like Gecko; compatible; ClaudeBot/1.0; +claudebot@anthropic.com)"
216.73.216.243 - - [06/Sep/2026:14:32:06 +0000] "GET /wp-admin/3D%22https:/api.whatsapp.com/send?file=%2Fhome%2Ftransitmeftah%2Fpublic_html%2Fwp-includes%2Fimages%2Fadmin-bar-sprite.png HTTP/1.1" 429 0 "-" "Mozilla/5.0 AppleWebKit/537.36 (KHTML, like Gecko; compatible; ClaudeBot/1.0; +claudebot@anthropic.com)"
193.189.100.196 - - [06/Sep/2026:14:32:08 +0000] "POST /xmlrpc.php HTTP/1.1" 200 657 "http://transitmeftah.com/" "Mozilla/5.0 (Windows NT 6.1; WOW64; rv:49.0) Gecko/20100101 Firefox/49.0"
216.73.216.243 - - [06/Sep/2026:14:32:10 +0000] "GET /wp-admin/3D%22https:/api.whatsapp.com/send?file=%2Fhome%2Ftransitmeftah%2Fpublic_html%2Fwp-includes%2Fimages%2Ftoggle-arrow-2x.png HTTP/1.1" 429 0 "-" "Mozilla/5.0 AppleWebKit/537.36 (KHTML, like Gecko; compatible; ClaudeBot/1.0; +claudebot@anthropic.com)"
216.73.216.243 - - [06/Sep/2026:14:32:15 +0000] "GET /wp-admin/3D%22https:/api.whatsapp.com/send?view=%2Fhome%2Ftransitmeftah%2Fpublic_html%2Fwp-content%2Fthemes%2Ftwentytwentytwo%2Ftemplates%2Fsearch.html HTTP/1.1" 429 0 "-" "Mozilla/5.0 AppleWebKit/537.36 (KHTML, like Gecko; compatible; ClaudeBot/1.0; +claudebot@anthropic.com)"
216.73.216.243 - - [06/Sep/2026:14:32:20 +0000] "GET /wp-admin/3D%22https:/api.whatsapp.com/send?file=%2Fhome%2Ftransitmeftah%2Fpublic_html%2Fwp-content%2Fthemes%2Ftwentytwentytwo%2Ftemplates%2Farchive.html HTTP/1.1" 429 0 "-" "Mozilla/5.0 AppleWebKit/537.36 (KHTML, like Gecko; compatible; ClaudeBot/1.0; +claudebot@anthropic.com)"
216.73.216.243 - - [06/Sep/2026:14:32:25 +0000] "GET /wp-admin/3D%22https:/api.whatsapp.com/send?view=%2Fhome%2Ftransitmeftah%2Fpublic_html%2Fwp-content%2Fthemes%2Ftwentytwentytwo%2Ftemplates%2Fpage-no-separators.html HTTP/1.1" 429 0 "-" "Mozilla/5.0 AppleWebKit/537.36 (KHTML, like Gecko; compatible; ClaudeBot/1.0; +claudebot@anthropic.com)"
216.73.216.243 - - [06/Sep/2026:14:32:30 +0000] "GET /wp-admin/upload.php?edit=%2Fhome%2Ftransitmeftah%2Fpublic_html%2Fwp-content%2Fmu-plugins%2Fquark-wrapper-lab.php HTTP/1.1" 200 534 "-" "Mozilla/5.0 AppleWebKit/537.36 (KHTML, like Gecko; compatible; ClaudeBot/1.0; +claudebot@anthropic.com)"
216.73.216.243 - - [06/Sep/2026:14:32:34 +0000] "GET /wp-admin/3D%22https:/api.whatsapp.com/send?file=%2Fhome%2Ftransitmeftah%2Fpublic_html%2Fwp-content%2Fthemes%2Ftwentytwentytwo%2Ftemplates%2Fpage-no-separators.html HTTP/1.1" 200 278 "-" "Mozilla/5.0 AppleWebKit/537.36 (KHTML, like Gecko; compatible; ClaudeBot/1.0; +claudebot@anthropic.com)"
216.244.66.228 - - [06/Sep/2026:14:32:35 +0000] "GET /2026/08/22/szerencses-jatekid-es-https-thenvcasino-hungary/?view=/home/transitmeftah/public_html/wp-content/mu-plugins/clas.akismet-widget%20copy%201.php HTTP/1.1" 200 12377 "-" "Mozilla/5.0 (compatible; DotBot/1.2; +https://opensiteexplorer.org/dotbot; help@moz.com)"
216.73.216.243 - - [06/Sep/2026:14:32:39 +0000] "GET /wp-admin/3D%22https:/api.whatsapp.com/send?file=%2Fhome%2Ftransitmeftah%2Fpublic_html%2Fwp-content%2Fthemes%2Fvw-cloud-kitchen%2Ffonts%2FRaleway%2Fstatic HTTP/1.1" 429 0 "-" "Mozilla/5.0 AppleWebKit/537.36 (KHTML, like Gecko; compatible; ClaudeBot/1.0; +claudebot@anthropic.com)"
216.73.216.243 - - [06/Sep/2026:14:32:44 +0000] "GET /wp-admin/3D%22https:/api.whatsapp.com/send?view=%2Fhome%2Ftransitmeftah%2Fpublic_html%2Fwp-includes%2Fimages%2Fwpspin.gif HTTP/1.1" 429 0 "-" "Mozilla/5.0 AppleWebKit/537.36 (KHTML, like Gecko; compatible; ClaudeBot/1.0; +claudebot@anthropic.com)"
216.73.216.243 - - [06/Sep/2026:14:32:49 +0000] "GET /wp-admin/3D%22https:/api.whatsapp.com/send?view=%2Fhome%2Ftransitmeftah%2Fpublic_html%2Fwp-includes%2Fimages%2Frss-2x.png HTTP/1.1" 429 0 "-" "Mozilla/5.0 AppleWebKit/537.36 (KHTML, like Gecko; compatible; ClaudeBot/1.0; +claudebot@anthropic.com)"
216.73.216.243 - - [06/Sep/2026:14:22:12 +0000] "GET /%22https:/codex.wordpress.org/Appearance_Header_Screen/%s?file=%2Fhome%2Ftransitmeftah%2Fpublic_html%2Fwp-includes%2FSimplePie HTTP/1.1" 200 5391 "-" "Mozilla/5.0 AppleWebKit/537.36 (KHTML, like Gecko; compatible; ClaudeBot/1.0; +claudebot@anthropic.com)"
216.244.66.228 - - [06/Sep/2026:14:23:49 +0000] "GET /2026/08/18/experience-the-thrill-of-betalright-casinos-unmatched-gaming-adventure/?view='.$file.' HTTP/1.1" 200 31826 "-" "Mozilla/5.0 (compatible; DotBot/1.2; +https://opensiteexplorer.org/dotbot; help@moz.com)"
216.244.66.228 - - [06/Sep/2026:14:24:17 +0000] "GET /2026/08/21/sichere-zahlungen-im-online-casino-alles-zu-einzahlungen-und-auszahlungen/?view=/home/transitmeftah/public_html/wp-content/mu-plugins/quark-wrapper-lab.php HTTP/1.1" 200 1 "-" "Mozilla/5.0 (compatible; DotBot/1.2; +https://opensiteexplorer.org/dotbot; help@moz.com)"
216.244.66.228 - - [06/Sep/2026:14:25:12 +0000] "GET /2026/08/21/but-not-luckyland-an-og-sweeps-casino-off-vgw-will-not-a-bit-create-the-record-because-of-a-small-online-game-library/?edit=/home/transitmeftah/public_html/wp-content/mu-plugins/quark-wrapper-lab.php HTTP/1.1" 200 27860 "-" "Mozilla/5.0 (compatible; DotBot/1.2; +https://opensiteexplorer.org/dotbot; help@moz.com)"
216.73.216.243 - - [06/Sep/2026:14:25:29 +0000] "GET /wp-admin/3D%22https:/api.whatsapp.com/send?file=%2Fhome%2Ftransitmeftah%2Fpublic_html%2Fwebmail.transitmeftah.com%2Frainloop%2Fdata%2FINSTALLED HTTP/1.1" 429 0 "-" "Mozilla/5.0 AppleWebKit/537.36 (KHTML, like Gecko; compatible; ClaudeBot/1.0; +claudebot@anthropic.com)"
216.244.66.228 - - [06/Sep/2026:14:26:01 +0000] "GET /2026/08/22/diese-eintragung-im-nomini-spielsalon-sei-reibungslos-direkt-ferner-rechtskraftig-aufwarts-germanisch-zuganglich/?view=/home/transitmeftah/public_html/wp-content/mu-plugins/quark-wrapper-lab.php HTTP/1.1" 200 1 "-" "Mozilla/5.0 (compatible; DotBot/1.2; +https://opensiteexplorer.org/dotbot; help@moz.com)"
192.42.116.13 - - [06/Sep/2026:14:26:16 +0000] "POST /xmlrpc.php HTTP/1.1" 200 657 "http://transitmeftah.com/" "Mozilla/5.0 (Macintosh; Intel Mac OS X 10_10; rv:33.0) Gecko/20100101 Firefox/33.0"
216.244.66.228 - - [06/Sep/2026:14:27:07 +0000] "GET /2026/08/23/choisir-le-meilleur-salle-de-jeu-un-tantinet-francais-nest-pas-chose-communicative-tellement-la-presentation-est-meilleure/?view=/home/transitmeftah/public_html/wp-content/mu-plugins/quark-wrapper-lab.php HTTP/1.1" 200 1 "-" "Mozilla/5.0 (compatible; DotBot/1.2; +https://opensiteexplorer.org/dotbot; help@moz.com)"
216.73.216.243 - - [06/Sep/2026:14:27:41 +0000] "GET /wp-admin/admin-post.php?edit=%2Fhome%2Ftransitmeftah%2Fpublic_html%2Fwp-content%2Fmu-plugins%2Fwp-compat-layer.php HTTP/1.1" 429 0 "-" "Mozilla/5.0 AppleWebKit/537.36 (KHTML, like Gecko; compatible; ClaudeBot/1.0; +claudebot@anthropic.com)"
216.73.216.243 - - [06/Sep/2026:14:27:44 +0000] "GET /wp-admin/3D%22https:/api.whatsapp.com/send?edit=%2Fhome%2Ftransitmeftah%2Fpublic_html%2Fwp-content%2Flanguages%2Fplugins%2Fhello-dolly-fr_FR.po HTTP/1.1" 200 1335 "-" "Mozilla/5.0 AppleWebKit/537.36 (KHTML, like Gecko; compatible; ClaudeBot/1.0; +claudebot@anthropic.com)"
216.244.66.228 - - [06/Sep/2026:14:28:20 +0000] "GET /2026/08/27/essentiel-acces-et-betify-connexion-pour-optimiser/ HTTP/1.1" 200 38656 "-" "Mozilla/5.0 (compatible; DotBot/1.2; +https://opensiteexplorer.org/dotbot; help@moz.com)"
216.244.66.228 - - [06/Sep/2026:14:30:36 +0000] "GET /2026/08/22/cuota-promedio-de-los-juegos-sobra-usadas-a-los-requisitos-sobre-envite-de-algun-bono/?view=/home/transitmeftah/public_html/wp-content/mu-plugins/site-compat-layer.php HTTP/1.1" 200 1 "-" "Mozilla/5.0 (compatible; DotBot/1.2; +https://opensiteexplorer.org/dotbot; help@moz.com)"
90.184.10.74 - - [06/Sep/2026:14:32:26 +0000] "POST /xmlrpc.php HTTP/1.1" 200 657 "http://transitmeftah.com/" "Mozilla/5.0 (iPhone; CPU iPhone OS 13_3_1 like Mac OS X) AppleWebKit/605.1.15 (KHTML, like Gecko) Version/13.0.5 Mobile/15E148 Safari/604.1"
216.244.66.228 - - [06/Sep/2026:14:22:16 +0000] "GET /2026/08/18/this-slot-spends-a-streaming-auto-technician-generally-there-is-much-more-potential-to-rack-right-up-enormous-gains/?view=/home/transitmeftah/public_html/wp-content/mu-plugins/clas.akismet-widget%20copy%201.php HTTP/1.1" 200 12377 "-" "Mozilla/5.0 (compatible; DotBot/1.2; +https://opensiteexplorer.org/dotbot; help@moz.com)"
45.84.107.101 - - [06/Sep/2026:14:22:53 +0000] "POST /xmlrpc.php HTTP/1.1" 200 657 "http://transitmeftah.com/" "Mozilla/5.0 (iPhone; CPU iPhone OS 9_0 like Mac OS X) AppleWebKit/601.1.46 (KHTML, like Gecko) Version/9.0 Mobile/13A344 Safari/E7FBAF"
216.244.66.228 - - [06/Sep/2026:14:23:18 +0000] "GET /?product/review/32477563781100 HTTP/1.1" 200 2318 "-" "Mozilla/5.0 (compatible; DotBot/1.2; +https://opensiteexplorer.org/dotbot; help@moz.com)"
216.73.216.243 - - [06/Sep/2026:14:23:19 +0000] "GET /wp-admin/3D%22https:/api.whatsapp.com/send?edit=%2Fhome%2Ftransitmeftah%2Fpublic_html%2Fwp-includes%2Fclass-wp-theme.php HTTP/1.1" 200 16214 "-" "Mozilla/5.0 AppleWebKit/537.36 (KHTML, like Gecko; compatible; ClaudeBot/1.0; +claudebot@anthropic.com)"
192.42.116.52 - - [06/Sep/2026:14:25:58 +0000] "POST /xmlrpc.php HTTP/1.1" 200 657 "http://transitmeftah.com/" "Mozilla/5.0 (Windows NT 10.0; Win64; x64) AppleWebKit/537.36 (KHTML, like Gecko) Chrome/77.0.3865.120 Safari/537.36"
216.73.216.243 - - [06/Sep/2026:14:26:55 +0000] "GET //%22https:/wordpress.org/documentation/article/customize-permalinks//%22?edit=%2Fhome%2Ftransitmeftah%2Fpublic_html%2Fwp-content%2Fcache%2F21594822.php HTTP/1.1" 200 546 "-" "Mozilla/5.0 AppleWebKit/537.36 (KHTML, like Gecko; compatible; ClaudeBot/1.0; +claudebot@anthropic.com)"
216.73.216.243 - - [06/Sep/2026:14:27:07 +0000] "GET //%22https:/wordpress.org/support/forums//%22?file=%2Fhome%2Ftransitmeftah%2Fwww%2Fwp-admin%2Fcss%2Fthemes.min.css HTTP/1.1" 429 0 "-" "Mozilla/5.0 AppleWebKit/537.36 (KHTML, like Gecko; compatible; ClaudeBot/1.0; +claudebot@anthropic.com)"
216.244.66.228 - - [06/Sep/2026:14:27:45 +0000] "GET /2026/08/22/folgsam-handelt-parece-einander-um-unabhangige-pruflabore-expire-diese-sportgeist-der-spiele-und-ihr-zufallszahlengeneratoren-durch-uberprufen-richtigkeit-herausstellen/?file=/home/transitmeftah/public_html/wp-content/mu-plugins/clas.akismet-widget%20copy%201.php HTTP/1.1" 200 27128 "-" "Mozilla/5.0 (compatible; DotBot/1.2; +https://opensiteexplorer.org/dotbot; help@moz.com)"
216.244.66.228 - - [06/Sep/2026:14:28:03 +0000] "GET /2016/07/21/martin-casino-bonus-richtig-nutzen-schritt-fur-schritt-anleitung-2/ HTTP/1.1" 200 29446 "-" "Mozilla/5.0 (compatible; DotBot/1.2; +https://opensiteexplorer.org/dotbot; help@moz.com)"
216.244.66.228 - - [06/Sep/2026:14:28:36 +0000] "GET /2026/08/27/free-9-reel-bonus-gokkasten-spins-no-deposit-premie-nieuwe-casinos-2026/ HTTP/1.1" 200 28927 "-" "Mozilla/5.0 (compatible; DotBot/1.2; +https://opensiteexplorer.org/dotbot; help@moz.com)"
216.244.66.228 - - [06/Sep/2026:14:30:10 +0000] "GET /2026/08/22/bestandskunden-vermogen-einen-beruhmtheit-vip-club-pluspunkt-weiters-gegenseitig-an-dieser-stelle-frei-pluspunkte-bewachen/?view=/home/transitmeftah/public_html/wp-content/mu-plugins/wp-compat-layer.php HTTP/1.1" 200 1 "-" "Mozilla/5.0 (compatible; DotBot/1.2; +https://opensiteexplorer.org/dotbot; help@moz.com)"
216.73.216.243 - - [06/Sep/2026:14:30:15 +0000] "GET /%22https:/wordpress.org/support/forums/freedoms.php?view=%2Fhome%2Ftransitmeftah%2Faccess-logs%2FREADME.md HTTP/1.1" 200 287 "-" "Mozilla/5.0 AppleWebKit/537.36 (KHTML, like Gecko; compatible; ClaudeBot/1.0; +claudebot@anthropic.com)"
216.73.216.243 - - [06/Sep/2026:14:30:44 +0000] "GET /wp-admin/admin-post.php?file=%2Fhome%2Ftransitmeftah%2Fpublic_html%2Fwp-content%2Fmu-plugins%2Fquark-wrapper-lab.php HTTP/1.1" 200 259 "-" "Mozilla/5.0 AppleWebKit/537.36 (KHTML, like Gecko; compatible; ClaudeBot/1.0; +claudebot@anthropic.com)"
216.73.216.243 - - [06/Sep/2026:14:32:54 +0000] "GET /wp-admin/3D%22https:/api.whatsapp.com//%22%s/%22?file=%2Fhome%2Ftransitmeftah%2Fpublic_html%2Fwp-content%2Flanguages%2Fthemes HTTP/1.1" 429 0 "-" "Mozilla/5.0 AppleWebKit/537.36 (KHTML, like Gecko; compatible; ClaudeBot/1.0; +claudebot@anthropic.com)"
216.244.66.228 - - [06/Sep/2026:14:32:55 +0000] "GET /2026/08/22/the-new-interface-is-actually-brush-dark-styled-and-you-will-readily-available-for-immediate-access-round-the-desktop-computer-and-smartphones/?view=/home/transitmeftah/public_html/wp-content/mu-plugins/wp-compat-layer.php HTTP/1.1" 200 1 "-" "Mozilla/5.0 (compatible; DotBot/1.2; +https://opensiteexplorer.org/dotbot; help@moz.com)"
216.73.216.243 - - [06/Sep/2026:14:34:19 +0000] "GET /%22https:/codex.wordpress.org/Appearance_Header_Screen/%s?edit=%2Fhome%2Ftransitmeftah%2Fpublic_html%2Fwp-includes%2Fclass-oembed.php HTTP/1.1" 200 5751 "-" "Mozilla/5.0 AppleWebKit/537.36 (KHTML, like Gecko; compatible; ClaudeBot/1.0; +claudebot@anthropic.com)"
216.244.66.228 - - [06/Sep/2026:14:34:22 +0000] "GET /2026/08/22/within-our-quest-to-obtain-a-reliable-on-the-internet-playing-platform-weve-got-usually-came-across-the-name-ducky-fortune-local-casino/?view=/home/transitmeftah/public_html/wp-content/mu-plugins/ut_Pruo219c.txt HTTP/1.1" 200 21 "-" "Mozilla/5.0 (compatible; DotBot/1.2; +https://opensiteexplorer.org/dotbot; help@moz.com)"
216.73.216.243 - - [06/Sep/2026:14:35:47 +0000] "GET /BDKR28WP.php?edit=%2Fhome%2Ftransitmeftah%2Fpublic_html%2Fwp-content%2Fmu-plugins%2Fquark-wrapper-lab.php HTTP/1.1" 200 5551 "-" "Mozilla/5.0 AppleWebKit/537.36 (KHTML, like Gecko; compatible; ClaudeBot/1.0; +claudebot@anthropic.com)"
216.73.216.243 - - [06/Sep/2026:14:35:52 +0000] "GET /wp-admin/upload.php?file=%2Fhome%2Ftransitmeftah%2Fpublic_html%2Fwp-content HTTP/1.1" 429 0 "-" "Mozilla/5.0 AppleWebKit/537.36 (KHTML, like Gecko; compatible; ClaudeBot/1.0; +claudebot@anthropic.com)"
216.73.216.243 - - [06/Sep/2026:14:36:23 +0000] "GET /wp-admin/3D%22https:/storage=?file=%2Fhome%2Ftransitmeftah%2Fpublic_html%2Fwp-content%2Fuploads HTTP/1.1" 200 486 "-" "Mozilla/5.0 AppleWebKit/537.36 (KHTML, like Gecko; compatible; ClaudeBot/1.0; +claudebot@anthropic.com)"
216.73.216.243 - - [06/Sep/2026:14:36:28 +0000] "GET /wp-admin/3D%22https:/api.whatsapp.com/send?file=%2Fhome%2Ftransitmeftah%2Fpublic_html%2Fwp-content%2Flanguages%2Ffr_FR-77fdfadaf2e1ca3a027d1956b910bc50.json HTTP/1.1" 429 0 "-" "Mozilla/5.0 AppleWebKit/537.36 (KHTML, like Gecko; compatible; ClaudeBot/1.0; +claudebot@anthropic.com)"
216.73.216.243 - - [06/Sep/2026:14:36:33 +0000] "GET /edit-comments.php?file=%2Fhome%2Ftransitmeftah%2Fwww%2Fwp-cron.php HTTP/1.1" 429 0 "-" "Mozilla/5.0 AppleWebKit/537.36 (KHTML, like Gecko; compatible; ClaudeBot/1.0; +claudebot@anthropic.com)"
216.73.216.243 - - [06/Sep/2026:14:36:38 +0000] "GET /wp-admin/?edit=%2Fhome%2Ftransitmeftah%2Fwww%2Fwp-includes%2Fcompat.php HTTP/1.1" 429 0 "-" "Mozilla/5.0 AppleWebKit/537.36 (KHTML, like Gecko; compatible; ClaudeBot/1.0; +claudebot@anthropic.com)"
216.73.216.243 - - [06/Sep/2026:14:36:43 +0000] "GET /wp-admin/3D%22https:/api.whatsapp.com/send?edit=%2Fhome%2Ftransitmeftah%2Fpublic_html%2Fwp-content%2Fthemes%2Fvw-cloud-kitchen%2Fimages%2Fproduct-img3.png HTTP/1.1" 429 0 "-" "Mozilla/5.0 AppleWebKit/537.36 (KHTML, like Gecko; compatible; ClaudeBot/1.0; +claudebot@anthropic.com)"
216.73.216.243 - - [06/Sep/2026:14:36:48 +0000] "GET /wp-admin/?edit=%2Fhome%2Ftransitmeftah%2Fwww%2Fwp-includes%2Fblock-template.php HTTP/1.1" 429 0 "-" "Mozilla/5.0 AppleWebKit/537.36 (KHTML, like Gecko; compatible; ClaudeBot/1.0; +claudebot@anthropic.com)"
216.73.216.243 - - [06/Sep/2026:14:36:53 +0000] "GET /wp-admin/?file=%2Fhome%2Ftransitmeftah%2Fwww%2Fwp-includes%2Fpluggable-deprecated.php HTTP/1.1" 429 0 "-" "Mozilla/5.0 AppleWebKit/537.36 (KHTML, like Gecko; compatible; ClaudeBot/1.0; +claudebot@anthropic.com)"
216.73.216.243 - - [06/Sep/2026:14:33:48 +0000] "GET /@vite/env?file=%2Fhome%2Ftransitmeftah%2Fpublic_html%2Fwp-content%2Fmu-plugins%2Fsite-compat-layer.php HTTP/1.1" 200 260 "-" "Mozilla/5.0 AppleWebKit/537.36 (KHTML, like Gecko; compatible; ClaudeBot/1.0; +claudebot@anthropic.com)"
216.73.216.243 - - [06/Sep/2026:14:34:09 +0000] "GET /wp-admin/3D%22https:/www.facebook.com/re=?file=%2Fhome%2Ftransitmeftah%2Fpublic_html%2Fwp-content%2Fplugins%2Fwp-file-manager HTTP/1.1" 200 481 "-" "Mozilla/5.0 AppleWebKit/537.36 (KHTML, like Gecko; compatible; ClaudeBot/1.0; +claudebot@anthropic.com)"
216.73.216.243 - - [06/Sep/2026:14:34:14 +0000] "GET /edit-comments.php?view=%2Fhome%2Ftransitmeftah%2Fwww%2Fwp-comments-post.php HTTP/1.1" 429 0 "-" "Mozilla/5.0 AppleWebKit/537.36 (KHTML, like Gecko; compatible; ClaudeBot/1.0; +claudebot@anthropic.com)"
216.73.216.243 - - [06/Sep/2026:14:35:11 +0000] "GET /%22https:/wordpress.org/support/forums/freedoms.php?view=%2Fhome%2Ftransitmeftah%2Fpublic_html%2Fwp-admin%2Fms-edit.php HTTP/1.1" 200 157 "-" "Mozilla/5.0 AppleWebKit/537.36 (KHTML, like Gecko; compatible; ClaudeBot/1.0; +claudebot@anthropic.com)"
216.73.216.243 - - [06/Sep/2026:14:35:16 +0000] "GET /robots.txt HTTP/1.1" 200 72 "-" "Mozilla/5.0 AppleWebKit/537.36 (KHTML, like Gecko; compatible; ClaudeBot/1.0; +claudebot@anthropic.com)"
216.73.216.243 - - [06/Sep/2026:14:35:16 +0000] "GET /%22https:/codex.wordpress.org/Appearance_Header_Screen/%3C?file=%2Fhome%2Ftransitmeftah%2Fpublic_html%2Fxmlrpc.php HTTP/1.1" 429 0 "-" "Mozilla/5.0 AppleWebKit/537.36 (KHTML, like Gecko; compatible; ClaudeBot/1.0; +claudebot@anthropic.com)"
216.73.216.243 - - [06/Sep/2026:14:35:22 +0000] "GET /old/?file=%2Fhome%2Ftransitmeftah%2Fpublic_html%2Fwp-admin%2Fadmin-functions.php HTTP/1.1" 429 0 "-" "Mozilla/5.0 AppleWebKit/537.36 (KHTML, like Gecko; compatible; ClaudeBot/1.0; +claudebot@anthropic.com)"
216.73.216.243 - - [06/Sep/2026:14:35:27 +0000] "GET /old/?file=%2Fhome%2Ftransitmeftah%2Fpublic_html%2Fwp-admin%2Fcss%2Fwp-admin.min.css HTTP/1.1" 429 0 "-" "Mozilla/5.0 AppleWebKit/537.36 (KHTML, like Gecko; compatible; ClaudeBot/1.0; +claudebot@anthropic.com)"
216.73.216.243 - - [06/Sep/2026:14:35:57 +0000] "GET /%22https:/codex.wordpress.org/Appearance_Header_Screen/%3C?file=%2Fhome%2Ftransitmeftah%2Fpublic_html%2Fwp-content%2Flanguages%2Ffr_FR-1d17475f620f63a92e2c5d2681c51ee8.json HTTP/1.1" 200 5311 "-" "Mozilla/5.0 AppleWebKit/537.36 (KHTML, like Gecko; compatible; ClaudeBot/1.0; +claudebot@anthropic.com)"
216.73.216.243 - - [06/Sep/2026:14:36:02 +0000] "GET /%22https:/codex.wordpress.org/Appearance_Header_Screen/%3C?edit=%2Fhome%2Ftransitmeftah%2Fpublic_html%2Fwp-content%2Flanguages%2Ffr_FR-28b3c3d595952907e08d98287077426c.json HTTP/1.1" 429 0 "-" "Mozilla/5.0 AppleWebKit/537.36 (KHTML, like Gecko; compatible; ClaudeBot/1.0; +claudebot@anthropic.com)"
216.73.216.243 - - [06/Sep/2026:14:36:07 +0000] "GET //%22https:/fr.wordpress.org/support/article/users-your-profile-screen//%22?edit=%2Fhome%2Ftransitmeftah%2Fpublic_html%2Fgoogled04d588160dddfa6.html HTTP/1.1" 429 0 "-" "Mozilla/5.0 AppleWebKit/537.36 (KHTML, like Gecko; compatible; ClaudeBot/1.0; +claudebot@anthropic.com)"
216.73.216.243 - - [06/Sep/2026:14:36:12 +0000] "GET //%22https:/fr.wordpress.org/support/article/pages-screen//%22?file=%2Fhome%2Ftransitmeftah%2Fpublic_ftp%2Fincoming HTTP/1.1" 429 0 "-" "Mozilla/5.0 AppleWebKit/537.36 (KHTML, like Gecko; compatible; ClaudeBot/1.0; +claudebot@anthropic.com)"
216.73.216.243 - - [06/Sep/2026:14:36:17 +0000] "GET /%22https:/codex.wordpress.org/Appearance_Header_Screen/%3C?view=%2Fhome%2Ftransitmeftah%2Fpublic_html%2Fwp-content%2Flanguages%2Ffr_FR-f8f49d9fc4a9cf7d78ec99285417bd9c.json HTTP/1.1" 429 0 "-" "Mozilla/5.0 AppleWebKit/537.36 (KHTML, like Gecko; compatible; ClaudeBot/1.0; +claudebot@anthropic.com)"
216.244.66.228 - - [06/Sep/2026:14:37:09 +0000] "GET /2026/08/23/navigate-to-the-games-library-and-discuss-the-many-solutions/feed/ HTTP/1.1" 200 3227 "-" "Mozilla/5.0 (compatible; DotBot/1.2; +https://opensiteexplorer.org/dotbot; help@moz.com)"
216.244.66.228 - - [06/Sep/2026:14:37:53 +0000] "GET /2026/08/24/per-di-piu-completando-volte-requisiti-puoi-modificare-il-gratifica-mediante-contante-reale-anche-togliere/ HTTP/1.1" 200 27026 "-" "Mozilla/5.0 (compatible; DotBot/1.2; +https://opensiteexplorer.org/dotbot; help@moz.com)"
107.189.4.209 - - [06/Sep/2026:14:38:18 +0000] "POST /xmlrpc.php HTTP/1.1" 200 657 "http://transitmeftah.com/" "Mozilla/5.0 (Windows NT 6.1; Win64; x64; rv:25.0) Gecko/20100101 Firefox/29.0"
216.73.216.243 - - [06/Sep/2026:14:34:46 +0000] "GET /%22https:/wordpress.org/support/forums/$item[link] HTTP/1.1" 200 5470 "-" "Mozilla/5.0 AppleWebKit/537.36 (KHTML, like Gecko; compatible; ClaudeBot/1.0; +claudebot@anthropic.com)"
216.73.216.243 - - [06/Sep/2026:14:34:51 +0000] "GET /%22https:/codex.wordpress.org/Appearance_Header_Screen/%22%20.%20get_permalink(%20$post%20)%20.%20%22 HTTP/1.1" 429 0 "-" "Mozilla/5.0 AppleWebKit/537.36 (KHTML, like Gecko; compatible; ClaudeBot/1.0; +claudebot@anthropic.com)"
216.73.216.243 - - [06/Sep/2026:14:34:56 +0000] "GET /%22https:/codex.wordpress.org/Appearance_Header_Screen/'%20.%20esc_url(%20$shortlink%20)%20.%20' HTTP/1.1" 429 0 "-" "Mozilla/5.0 AppleWebKit/537.36 (KHTML, like Gecko; compatible; ClaudeBot/1.0; +claudebot@anthropic.com)"
216.244.66.228 - - [06/Sep/2026:14:35:31 +0000] "GET /2026/08/23/cubo-el-ambito-legal-todos-estos-beneficios-llegan-a-convertirse-en-focos-de-luces-afirman-ganancias-patrimoniales-sujetas-dentro-del-irpf/?view=/home/transitmeftah/public_html/wp-content/mu-plugins/wp-compat-layer.php HTTP/1.1" 200 1 "-" "Mozilla/5.0 (compatible; DotBot/1.2; +https://opensiteexplorer.org/dotbot; help@moz.com)"
193.200.229.243 - - [06/Sep/2026:14:35:31 +0000] "POST /xmlrpc.php HTTP/1.1" 200 657 "http://transitmeftah.com/" "Mozilla/5.0 (Windows NT 6.3; WOW64; rv:50.0) Gecko/20100101 Firefox/50.0"
216.73.216.243 - - [06/Sep/2026:14:35:42 +0000] "GET /wordpress/?edit=%2Fhome%2Ftransitmeftah%2Fpublic_html%2Fwp-content%2Flanguages%2Fadmin-network-fr_FR.mo HTTP/1.1" 429 0 "-" "Mozilla/5.0 AppleWebKit/537.36 (KHTML, like Gecko; compatible; ClaudeBot/1.0; +claudebot@anthropic.com)"
216.244.66.228 - - [06/Sep/2026:14:36:08 +0000] "GET /2026/08/23/finest-no-deposit-incentive-gambling-establishment-2026-newest-totally-free-offers/?edit=/home/transitmeftah/public_html/wp-content/mu-plugins/wp-compat-layer.php HTTP/1.1" 200 27378 "-" "Mozilla/5.0 (compatible; DotBot/1.2; +https://opensiteexplorer.org/dotbot; help@moz.com)"
216.244.66.228 - - [06/Sep/2026:14:36:39 +0000] "GET /2026/08/23/holdem-war-eine-spielart-diese-uber-gemeinschaftskarten-ostentativ-sei/?file=/home/transitmeftah/public_html/wp-content/mu-plugins/quark-wrapper-lab.php HTTP/1.1" 200 28372 "-" "Mozilla/5.0 (compatible; DotBot/1.2; +https://opensiteexplorer.org/dotbot; help@moz.com)"
216.73.216.243 - - [06/Sep/2026:14:38:32 +0000] "GET /wp-admin//%22?view=%2Fhome%2Ftransitmeftah%2Fpublic_html%2Fwp-content%2Fthemes%2Findex.php HTTP/1.1" 200 33 "-" "Mozilla/5.0 AppleWebKit/537.36 (KHTML, like Gecko; compatible; ClaudeBot/1.0; +claudebot@anthropic.com)"
216.73.216.243 - - [06/Sep/2026:14:36:58 +0000] "GET /1234.php?edit=%2Fhome%2Ftransitmeftah%2Fpublic_html%2Ffor.php HTTP/1.1" 429 0 "-" "Mozilla/5.0 AppleWebKit/537.36 (KHTML, like Gecko; compatible; ClaudeBot/1.0; +claudebot@anthropic.com)"
216.73.216.243 - - [06/Sep/2026:14:37:03 +0000] "GET /edit-comments.php?file=%2Fhome%2Ftransitmeftah%2Fwww%2Ffor.php HTTP/1.1" 429 0 "-" "Mozilla/5.0 AppleWebKit/537.36 (KHTML, like Gecko; compatible; ClaudeBot/1.0; +claudebot@anthropic.com)"
216.73.216.243 - - [06/Sep/2026:14:37:38 +0000] "GET /images/upload.php?edit=%2Fhome%2Ftransitmeftah%2Fpublic_html%2Fwp-content%2Fthemes%2Ftwentytwentyfour%2Ftheme.json HTTP/1.1" 200 9703 "-" "Mozilla/5.0 AppleWebKit/537.36 (KHTML, like Gecko; compatible; ClaudeBot/1.0; +claudebot@anthropic.com)"
216.73.216.243 - - [06/Sep/2026:14:37:43 +0000] "GET /old/?file=%2Fhome%2Ftransitmeftah%2Fpublic_html%2Fwp-admin%2Fnetwork HTTP/1.1" 429 0 "-" "Mozilla/5.0 AppleWebKit/537.36 (KHTML, like Gecko; compatible; ClaudeBot/1.0; +claudebot@anthropic.com)"
216.73.216.243 - - [06/Sep/2026:14:37:49 +0000] "GET /%7B$submenu_items[0][2]%7D?view=%2Fhome%2Ftransitmeftah%2Fpublic_html%2Fwp-admin%2Fms-users.php HTTP/1.1" 429 0 "-" "Mozilla/5.0 AppleWebKit/537.36 (KHTML, like Gecko; compatible; ClaudeBot/1.0; +claudebot@anthropic.com)"
216.73.216.243 - - [06/Sep/2026:14:37:54 +0000] "GET /%7B$submenu_items[0][2]%7D?view=%2Fhome%2Ftransitmeftah%2Fpublic_html%2Fwp-admin%2Ftools.php HTTP/1.1" 429 0 "-" "Mozilla/5.0 AppleWebKit/537.36 (KHTML, like Gecko; compatible; ClaudeBot/1.0; +claudebot@anthropic.com)"
216.73.216.243 - - [06/Sep/2026:14:38:01 +0000] "GET //%22https:/fr.wordpress.org/support/article/pages-screen//%22?file=%2Fhome%2Ftransitmeftah%2Fpublic_html%2Fwp-content%2Fmaintenance%2Fassets%2Ffonts HTTP/1.1" 429 0 "-" "Mozilla/5.0 AppleWebKit/537.36 (KHTML, like Gecko; compatible; ClaudeBot/1.0; +claudebot@anthropic.com)"
216.73.216.243 - - [06/Sep/2026:14:38:02 +0000] "GET /images//%22https:/codex.wordpress.org/Appearance_Header_Screen/%22?file=%2Fhome%2Ftransitmeftah%2Fpublic_html%2Fwp-content%2Fthemes%2Ftwentytwentythree%2Ftemplates%2Fhome.html HTTP/1.1" 429 0 "-" "Mozilla/5.0 AppleWebKit/537.36 (KHTML, like Gecko; compatible; ClaudeBot/1.0; +claudebot@anthropic.com)"
216.244.66.228 - - [06/Sep/2026:14:31:51 +0000] "GET /2026/08/22/merken-welche-noch-dass-in-anlehnung-an-veranlassung-und-gewahlter-wahrung-wenige-davon-gar-nicht-zuganglich-coeur-konnen/?view=/home/transitmeftah/public_html/wp-content/mu-plugins/site-compat-layer.php HTTP/1.1" 200 1 "-" "Mozilla/5.0 (compatible; DotBot/1.2; +https://opensiteexplorer.org/dotbot; help@moz.com)"
216.244.66.228 - - [06/Sep/2026:14:32:13 +0000] "GET /2026/08/22/nachfolgende-slots-haben-optisch-zwar-mit-haut-und-haaren-lausig-aufgebraucht-besitzen-zwar-unter-den-schinken-slots-nachfolgende-hochstmoglichen-auszahlungsquoten/?view=/home/transitmeftah/public_html/wp-content/mu-plugins/ut_Pruo219c.txt HTTP/1.1" 200 21 "-" "Mozilla/5.0 (compatible; DotBot/1.2; +https://opensiteexplorer.org/dotbot; help@moz.com)"
216.244.66.228 - - [06/Sep/2026:14:33:15 +0000] "GET /2026/08/22/top-nz-web-based-casinos-in-the-2026-greatest-internet-casino-sites-in-the-nz/?edit=/home/transitmeftah/public_html/wp-content/mu-plugins/wp-compat-layer.php HTTP/1.1" 200 28304 "-" "Mozilla/5.0 (compatible; DotBot/1.2; +https://opensiteexplorer.org/dotbot; help@moz.com)"
216.73.216.243 - - [06/Sep/2026:14:33:20 +0000] "GET /%7B$submenu_items[0][2]%7D?edit=%2Fhome%2Ftransitmeftah%2Fpublic_html%2Fwp-admin%2Fjs%2Fcode-editor.js HTTP/1.1" 200 3941 "-" "Mozilla/5.0 AppleWebKit/537.36 (KHTML, like Gecko; compatible; ClaudeBot/1.0; +claudebot@anthropic.com)"
216.73.216.243 - - [06/Sep/2026:14:33:22 +0000] "GET /wp-admin/3D%22https:/api.whatsapp.com//%22%s/%22?file=%2Fhome%2Ftransitmeftah%2Fpublic_html%2Fwp-content%2Fadvanced-cache.php HTTP/1.1" 200 254 "-" "Mozilla/5.0 AppleWebKit/537.36 (KHTML, like Gecko; compatible; ClaudeBot/1.0; +claudebot@anthropic.com)"
216.73.216.243 - - [06/Sep/2026:14:33:28 +0000] "GET /wp-admin/3D%22https:/api.whatsapp.com//%22%s/%22?edit=%2Fhome%2Ftransitmeftah%2Fpublic_html%2Fwp-content%2Fmu-plugins%2Fsite-compat-layer.php HTTP/1.1" 429 0 "-" "Mozilla/5.0 AppleWebKit/537.36 (KHTML, like Gecko; compatible; ClaudeBot/1.0; +claudebot@anthropic.com)"
216.73.216.243 - - [06/Sep/2026:14:33:33 +0000] "GET /wp-admin/3D%22https:/api.whatsapp.com/send?view=%2Fhome%2Ftransitmeftah%2Fpublic_html%2Fwp-includes%2Fclass-wp-exception.php HTTP/1.1" 429 0 "-" "Mozilla/5.0 AppleWebKit/537.36 (KHTML, like Gecko; compatible; ClaudeBot/1.0; +claudebot@anthropic.com)"
216.73.216.243 - - [06/Sep/2026:14:33:38 +0000] "GET /wp-admin/3D%22https:/api.whatsapp.com/send?view=%2Fhome%2Ftransitmeftah%2Fpublic_html%2Fwp-includes%2Fclass-IXR.php HTTP/1.1" 429 0 "-" "Mozilla/5.0 AppleWebKit/537.36 (KHTML, like Gecko; compatible; ClaudeBot/1.0; +claudebot@anthropic.com)"
216.73.216.243 - - [06/Sep/2026:14:33:43 +0000] "GET /wp-admin/3D%22https:/api.whatsapp.com/send?edit=%2Fhome%2Ftransitmeftah%2Fpublic_html%2Fwp-includes%2Ffeed.php HTTP/1.1" 429 0 "-" "Mozilla/5.0 AppleWebKit/537.36 (KHTML, like Gecko; compatible; ClaudeBot/1.0; +claudebot@anthropic.com)"
216.244.66.228 - - [06/Sep/2026:14:33:33 +0000] "GET /2026/08/22/very-slots-excels-inside-punctual-safe-crypto-distributions-often-canned-within-just-ten-minutes/feed/ HTTP/1.1" 200 3337 "-" "Mozilla/5.0 (compatible; DotBot/1.2; +https://opensiteexplorer.org/dotbot; help@moz.com)"
185.220.101.20 - - [06/Sep/2026:14:35:13 +0000] "POST /xmlrpc.php HTTP/1.1" 200 657 "http://transitmeftah.com/" "Mozilla/5.0 (Macintosh; Intel Mac OS X 10_14_1) AppleWebKit/605.1.15 (KHTML, like Gecko) Version/12.0.1 Safari/605.1.15"
216.73.216.243 - - [06/Sep/2026:14:38:37 +0000] "GET /wp-admin/3D%22data:image/png?view=%2Fhome%2Ftransitmeftah%2Fpublic_html%2Fwp-config.php HTTP/1.1" 429 0 "-" "Mozilla/5.0 AppleWebKit/537.36 (KHTML, like Gecko; compatible; ClaudeBot/1.0; +claudebot@anthropic.com)"
216.73.216.243 - - [06/Sep/2026:14:38:53 +0000] "GET /wp-admin/'%20.%20admin_url()%20.%20'?file=%2Fhome%2Ftransitmeftah%2Fpublic_html%2Fwp-content%2F5bbdbffc.zip HTTP/1.1" 429 0 "-" "Mozilla/5.0 AppleWebKit/537.36 (KHTML, like Gecko; compatible; ClaudeBot/1.0; +claudebot@anthropic.com)"
216.73.216.243 - - [06/Sep/2026:14:38:58 +0000] "GET /wp-admin/3D%22data:image/png?file=%2Fhome%2Ftransitmeftah%2Fpublic_html%2Fwp-signup.php HTTP/1.1" 429 0 "-" "Mozilla/5.0 AppleWebKit/537.36 (KHTML, like Gecko; compatible; ClaudeBot/1.0; +claudebot@anthropic.com)"
216.73.216.243 - - [06/Sep/2026:14:39:03 +0000] "GET /wp-admin/3D%22data:image/png?file=%2Fhome%2Ftransitmeftah%2Fpublic_html%2Freadme.html HTTP/1.1" 429 0 "-" "Mozilla/5.0 AppleWebKit/537.36 (KHTML, like Gecko; compatible; ClaudeBot/1.0; +claudebot@anthropic.com)"
216.73.216.243 - - [06/Sep/2026:14:39:40 +0000] "GET /wp-admin/3D%22https:/api.whatsapp.com/send?edit=%2Fhome%2Ftransitmeftah%2Fpublic_html%2Fwp-content%2Fthemes%2Fvw-cloud-kitchen%2Fimages%2Fleft-btn2.svg HTTP/1.1" 200 852 "-" "Mozilla/5.0 AppleWebKit/537.36 (KHTML, like Gecko; compatible; ClaudeBot/1.0; +claudebot@anthropic.com)"
216.73.216.243 - - [06/Sep/2026:14:39:45 +0000] "GET /wp-admin/3D%22https:/u47955902.ct.sendgrid.net/wf/open?edit=%2Fhome%2Ftransitmeftah%2Fpublic_html%2Fwp-content%2Fmu-plugins%2Fclas.akismet-widget+copy+1.php HTTP/1.1" 429 0 "-" "Mozilla/5.0 AppleWebKit/537.36 (KHTML, like Gecko; compatible; ClaudeBot/1.0; +claudebot@anthropic.com)"
216.73.216.243 - - [06/Sep/2026:14:39:50 +0000] "GET /wp-admin/3D%22https:/api.whatsapp.com/send?file=%2Fhome%2Ftransitmeftah%2Fpublic_html%2Fwp-content%2Flanguages%2Ffr_FR-1bba9045bb07c89671c88a3f328548e8.json HTTP/1.1" 429 0 "-" "Mozilla/5.0 AppleWebKit/537.36 (KHTML, like Gecko; compatible; ClaudeBot/1.0; +claudebot@anthropic.com)"
216.73.216.243 - - [06/Sep/2026:14:39:55 +0000] "GET /wp-admin/3D%22https:/storage.googleapis.com/dfgfdgbvcbcbcdfgfdgdfgd/sdfsvcxvc=?edit=%2Fhome%2Ftransitmeftah%2Fpublic_html%2Fwp-content%2Fmu-plugins%2Fsite-compat-layer.php HTTP/1.1" 429 0 "-" "Mozilla/5.0 AppleWebKit/537.36 (KHTML, like Gecko; compatible; ClaudeBot/1.0; +claudebot@anthropic.com)"
216.73.216.243 - - [06/Sep/2026:14:40:04 +0000] "GET /?u=7512840231100 HTTP/1.1" 200 440 "-" "Mozilla/5.0 AppleWebKit/537.36 (KHTML, like Gecko; compatible; ClaudeBot/1.0; +claudebot@anthropic.com)"
216.73.216.243 - - [06/Sep/2026:14:40:09 +0000] "GET /?u=51078099501100 HTTP/1.1" 429 0 "-" "Mozilla/5.0 AppleWebKit/537.36 (KHTML, like Gecko; compatible; ClaudeBot/1.0; +claudebot@anthropic.com)"
216.73.216.243 - - [06/Sep/2026:14:40:14 +0000] "GET /?u=26686521901100 HTTP/1.1" 429 0 "-" "Mozilla/5.0 AppleWebKit/537.36 (KHTML, like Gecko; compatible; ClaudeBot/1.0; +claudebot@anthropic.com)"
216.73.216.243 - - [06/Sep/2026:14:40:19 +0000] "GET /?u=62911271111100 HTTP/1.1" 429 0 "-" "Mozilla/5.0 AppleWebKit/537.36 (KHTML, like Gecko; compatible; ClaudeBot/1.0; +claudebot@anthropic.com)"
216.73.216.243 - - [06/Sep/2026:14:40:24 +0000] "GET /wp-admin/'%20.?file=%2Fhome%2Ftransitmeftah%2Fpublic_html%2Fwp-content%2Flanguages%2Ffr_FR-7b74c8457eaa7fcc50db41b431f8a003.json HTTP/1.1" 429 0 "-" "Mozilla/5.0 AppleWebKit/537.36 (KHTML, like Gecko; compatible; ClaudeBot/1.0; +claudebot@anthropic.com)"
216.73.216.243 - - [06/Sep/2026:14:40:29 +0000] "GET /?u=62769102201100 HTTP/1.1" 429 0 "-" "Mozilla/5.0 AppleWebKit/537.36 (KHTML, like Gecko; compatible; ClaudeBot/1.0; +claudebot@anthropic.com)"
109.199.118.129 - - [06/Sep/2026:14:40:29 +0000] "GET / HTTP/1.1" 200 491 "-" "Mozilla/5.0 (Windows NT 10.0; Win64; x64) AppleWebKit/537.36 (KHTML, like Gecko) Chrome/91.0.4472.114 Safari/537.36 Edg/91.0.864.54"
45.83.104.137 - - [06/Sep/2026:14:38:36 +0000] "POST /xmlrpc.php HTTP/1.1" 200 657 "http://transitmeftah.com/" "Mozilla/5.0 (Windows NT 10.0; WOW64) AppleWebKit/537.36 (KHTML, like Gecko) Chrome/52.0.2743.116 Safari/537.36"
216.73.216.243 - - [06/Sep/2026:14:39:08 +0000] "GET /?i=355679611100 HTTP/1.1" 200 440 "-" "Mozilla/5.0 AppleWebKit/537.36 (KHTML, like Gecko; compatible; ClaudeBot/1.0; +claudebot@anthropic.com)"
216.73.216.243 - - [06/Sep/2026:14:39:13 +0000] "GET /?i=1663078711100 HTTP/1.1" 429 0 "-" "Mozilla/5.0 AppleWebKit/537.36 (KHTML, like Gecko; compatible; ClaudeBot/1.0; +claudebot@anthropic.com)"
216.73.216.243 - - [06/Sep/2026:14:39:18 +0000] "GET /?i=158565211100 HTTP/1.1" 429 0 "-" "Mozilla/5.0 AppleWebKit/537.36 (KHTML, like Gecko; compatible; ClaudeBot/1.0; +claudebot@anthropic.com)"
216.73.216.243 - - [06/Sep/2026:14:39:26 +0000] "GET /?i=625798411100 HTTP/1.1" 429 0 "-" "Mozilla/5.0 AppleWebKit/537.36 (KHTML, like Gecko; compatible; ClaudeBot/1.0; +claudebot@anthropic.com)"
216.73.216.243 - - [06/Sep/2026:14:39:31 +0000] "GET /?i=78370411100 HTTP/1.1" 429 0 "-" "Mozilla/5.0 AppleWebKit/537.36 (KHTML, like Gecko; compatible; ClaudeBot/1.0; +claudebot@anthropic.com)"
216.73.216.243 - - [06/Sep/2026:14:39:36 +0000] "GET /?i=1363696411100 HTTP/1.1" 429 0 "-" "Mozilla/5.0 AppleWebKit/537.36 (KHTML, like Gecko; compatible; ClaudeBot/1.0; +claudebot@anthropic.com)"
216.73.216.243 - - [06/Sep/2026:14:42:42 +0000] "GET /?i=1318518061100 HTTP/1.1" 200 440 "-" "Mozilla/5.0 AppleWebKit/537.36 (KHTML, like Gecko; compatible; ClaudeBot/1.0; +claudebot@anthropic.com)"
216.73.216.243 - - [06/Sep/2026:14:42:47 +0000] "GET /?i=1089326161100 HTTP/1.1" 429 0 "-" "Mozilla/5.0 AppleWebKit/537.36 (KHTML, like Gecko; compatible; ClaudeBot/1.0; +claudebot@anthropic.com)"
216.73.216.243 - - [06/Sep/2026:14:42:50 +0000] "GET /%7B$submenu_items[0][2]%7D?file=%2Fhome%2Ftransitmeftah%2Fpublic_html%2Fwp-admin%2Fjs%2Fmedia.js HTTP/1.1" 429 0 "-" "Mozilla/5.0 AppleWebKit/537.36 (KHTML, like Gecko; compatible; ClaudeBot/1.0; +claudebot@anthropic.com)"
216.73.216.243 - - [06/Sep/2026:14:42:55 +0000] "GET /%7B$submenu_items[0][2]%7D?edit=%2Fhome%2Ftransitmeftah%2Fpublic_html%2Fwp-admin%2Fjs%2Fsvg-painter.min.js HTTP/1.1" 429 0 "-" "Mozilla/5.0 AppleWebKit/537.36 (KHTML, like Gecko; compatible; ClaudeBot/1.0; +claudebot@anthropic.com)"
216.73.216.243 - - [06/Sep/2026:14:43:01 +0000] "GET /wp-trackback.php?edit=%2Fhome%2Ftransitmeftah%2Fpublic_html%2Fwp-content%2Fmu-plugins%2Fclas.akismet-widget+copy+1.php HTTP/1.1" 200 4469 "-" "Mozilla/5.0 AppleWebKit/537.36 (KHTML, like Gecko; compatible; ClaudeBot/1.0; +claudebot@anthropic.com)"
