216.73.216.243 - - [06/Sep/2026:12:14:43 +0000] "GET /?i=628996711100 HTTP/1.1" 429 0 "-" "Mozilla/5.0 AppleWebKit/537.36 (KHTML, like Gecko; compatible; ClaudeBot/1.0; +claudebot@anthropic.com)"
216.73.216.243 - - [06/Sep/2026:12:14:44 +0000] "GET /?i=1926059611100 HTTP/1.1" 429 0 "-" "Mozilla/5.0 AppleWebKit/537.36 (KHTML, like Gecko; compatible; ClaudeBot/1.0; +claudebot@anthropic.com)"
216.73.216.243 - - [06/Sep/2026:12:14:44 +0000] "GET /?i=1675855111100 HTTP/1.1" 429 0 "-" "Mozilla/5.0 AppleWebKit/537.36 (KHTML, like Gecko; compatible; ClaudeBot/1.0; +claudebot@anthropic.com)"
216.73.216.243 - - [06/Sep/2026:12:14:45 +0000] "GET /wordpress/?file=%2Fhome%2Ftransitmeftah%2Fpublic_html%2Fwp-content%2Flanguages%2Ffr_FR-60d06fac6f98e8e8f0ec5a945738b660.json HTTP/1.1" 429 0 "-" "Mozilla/5.0 AppleWebKit/537.36 (KHTML, like Gecko; compatible; ClaudeBot/1.0; +claudebot@anthropic.com)"
216.73.216.243 - - [06/Sep/2026:12:14:45 +0000] "GET /old/?file=%2Fhome%2Ftransitmeftah%2Fpublic_html%2Fwp-content%2Flanguages%2Ffr_FR-7b74c8457eaa7fcc50db41b431f8a003.json HTTP/1.1" 429 0 "-" "Mozilla/5.0 AppleWebKit/537.36 (KHTML, like Gecko; compatible; ClaudeBot/1.0; +claudebot@anthropic.com)"
216.73.216.243 - - [06/Sep/2026:12:14:46 +0000] "GET /?i=1815971311100 HTTP/1.1" 429 0 "-" "Mozilla/5.0 AppleWebKit/537.36 (KHTML, like Gecko; compatible; ClaudeBot/1.0; +claudebot@anthropic.com)"
216.73.216.243 - - [06/Sep/2026:12:14:46 +0000] "GET /?i=2146208911100 HTTP/1.1" 429 0 "-" "Mozilla/5.0 AppleWebKit/537.36 (KHTML, like Gecko; compatible; ClaudeBot/1.0; +claudebot@anthropic.com)"
216.73.216.243 - - [06/Sep/2026:12:14:47 +0000] "GET /?i=2000451061100 HTTP/1.1" 429 0 "-" "Mozilla/5.0 AppleWebKit/537.36 (KHTML, like Gecko; compatible; ClaudeBot/1.0; +claudebot@anthropic.com)"
216.73.216.243 - - [06/Sep/2026:12:14:47 +0000] "GET /?i=464869111100 HTTP/1.1" 429 0 "-" "Mozilla/5.0 AppleWebKit/537.36 (KHTML, like Gecko; compatible; ClaudeBot/1.0; +claudebot@anthropic.com)"
216.73.216.243 - - [06/Sep/2026:12:14:48 +0000] "GET /?i=407297611100 HTTP/1.1" 429 0 "-" "Mozilla/5.0 AppleWebKit/537.36 (KHTML, like Gecko; compatible; ClaudeBot/1.0; +claudebot@anthropic.com)"
216.73.216.243 - - [06/Sep/2026:12:14:48 +0000] "GET /?i=1921242211100 HTTP/1.1" 429 0 "-" "Mozilla/5.0 AppleWebKit/537.36 (KHTML, like Gecko; compatible; ClaudeBot/1.0; +claudebot@anthropic.com)"
216.73.216.243 - - [06/Sep/2026:12:14:49 +0000] "GET /?i=1385152111100 HTTP/1.1" 429 0 "-" "Mozilla/5.0 AppleWebKit/537.36 (KHTML, like Gecko; compatible; ClaudeBot/1.0; +claudebot@anthropic.com)"
216.73.216.243 - - [06/Sep/2026:12:14:49 +0000] "GET /?i=551937211100 HTTP/1.1" 429 0 "-" "Mozilla/5.0 AppleWebKit/537.36 (KHTML, like Gecko; compatible; ClaudeBot/1.0; +claudebot@anthropic.com)"
216.73.216.243 - - [06/Sep/2026:12:14:50 +0000] "GET /?i=697403161100 HTTP/1.1" 429 0 "-" "Mozilla/5.0 AppleWebKit/537.36 (KHTML, like Gecko; compatible; ClaudeBot/1.0; +claudebot@anthropic.com)"
216.73.216.243 - - [06/Sep/2026:12:14:50 +0000] "GET /?i=351725311100 HTTP/1.1" 429 0 "-" "Mozilla/5.0 AppleWebKit/537.36 (KHTML, like Gecko; compatible; ClaudeBot/1.0; +claudebot@anthropic.com)"
216.73.216.243 - - [06/Sep/2026:12:14:51 +0000] "GET /?i=643516111100 HTTP/1.1" 429 0 "-" "Mozilla/5.0 AppleWebKit/537.36 (KHTML, like Gecko; compatible; ClaudeBot/1.0; +claudebot@anthropic.com)"
216.73.216.243 - - [06/Sep/2026:12:14:51 +0000] "GET /?i=371513611100 HTTP/1.1" 429 0 "-" "Mozilla/5.0 AppleWebKit/537.36 (KHTML, like Gecko; compatible; ClaudeBot/1.0; +claudebot@anthropic.com)"
216.73.216.243 - - [06/Sep/2026:12:14:52 +0000] "GET /?i=223457311100 HTTP/1.1" 429 0 "-" "Mozilla/5.0 AppleWebKit/537.36 (KHTML, like Gecko; compatible; ClaudeBot/1.0; +claudebot@anthropic.com)"
216.73.216.243 - - [06/Sep/2026:12:14:52 +0000] "GET /?i=324043111100 HTTP/1.1" 429 0 "-" "Mozilla/5.0 AppleWebKit/537.36 (KHTML, like Gecko; compatible; ClaudeBot/1.0; +claudebot@anthropic.com)"
216.73.216.243 - - [06/Sep/2026:12:14:53 +0000] "GET /?i=161003311100 HTTP/1.1" 429 0 "-" "Mozilla/5.0 AppleWebKit/537.36 (KHTML, like Gecko; compatible; ClaudeBot/1.0; +claudebot@anthropic.com)"
216.73.216.243 - - [06/Sep/2026:12:14:53 +0000] "GET /?i=1759909711100 HTTP/1.1" 429 0 "-" "Mozilla/5.0 AppleWebKit/537.36 (KHTML, like Gecko; compatible; ClaudeBot/1.0; +claudebot@anthropic.com)"
216.73.216.243 - - [06/Sep/2026:12:14:54 +0000] "GET /?i=2117233111100 HTTP/1.1" 429 0 "-" "Mozilla/5.0 AppleWebKit/537.36 (KHTML, like Gecko; compatible; ClaudeBot/1.0; +claudebot@anthropic.com)"
216.73.216.243 - - [06/Sep/2026:12:14:54 +0000] "GET /?i=829534111100 HTTP/1.1" 429 0 "-" "Mozilla/5.0 AppleWebKit/537.36 (KHTML, like Gecko; compatible; ClaudeBot/1.0; +claudebot@anthropic.com)"
216.73.216.243 - - [06/Sep/2026:12:14:55 +0000] "GET /?i=1676573311100 HTTP/1.1" 429 0 "-" "Mozilla/5.0 AppleWebKit/537.36 (KHTML, like Gecko; compatible; ClaudeBot/1.0; +claudebot@anthropic.com)"
216.73.216.243 - - [06/Sep/2026:12:14:55 +0000] "GET /%22.admin_url(?file=%27.%24file.%27 HTTP/1.1" 429 0 "-" "Mozilla/5.0 AppleWebKit/537.36 (KHTML, like Gecko; compatible; ClaudeBot/1.0; +claudebot@anthropic.com)"
216.73.216.243 - - [06/Sep/2026:12:14:56 +0000] "GET /?i=480150811100 HTTP/1.1" 429 0 "-" "Mozilla/5.0 AppleWebKit/537.36 (KHTML, like Gecko; compatible; ClaudeBot/1.0; +claudebot@anthropic.com)"
216.73.216.243 - - [06/Sep/2026:12:14:56 +0000] "GET /?i=457634611100 HTTP/1.1" 429 0 "-" "Mozilla/5.0 AppleWebKit/537.36 (KHTML, like Gecko; compatible; ClaudeBot/1.0; +claudebot@anthropic.com)"
216.73.216.243 - - [06/Sep/2026:12:14:57 +0000] "GET /?i=358806511100 HTTP/1.1" 429 0 "-" "Mozilla/5.0 AppleWebKit/537.36 (KHTML, like Gecko; compatible; ClaudeBot/1.0; +claudebot@anthropic.com)"
216.73.216.243 - - [06/Sep/2026:12:14:57 +0000] "GET /?i=870824311100 HTTP/1.1" 429 0 "-" "Mozilla/5.0 AppleWebKit/537.36 (KHTML, like Gecko; compatible; ClaudeBot/1.0; +claudebot@anthropic.com)"
216.73.216.243 - - [06/Sep/2026:12:14:58 +0000] "GET /?i=636470611100 HTTP/1.1" 429 0 "-" "Mozilla/5.0 AppleWebKit/537.36 (KHTML, like Gecko; compatible; ClaudeBot/1.0; +claudebot@anthropic.com)"
216.73.216.243 - - [06/Sep/2026:12:14:58 +0000] "GET /?i=707620711100 HTTP/1.1" 429 0 "-" "Mozilla/5.0 AppleWebKit/537.36 (KHTML, like Gecko; compatible; ClaudeBot/1.0; +claudebot@anthropic.com)"
216.73.216.243 - - [06/Sep/2026:12:14:59 +0000] "GET /?i=562743811100 HTTP/1.1" 429 0 "-" "Mozilla/5.0 AppleWebKit/537.36 (KHTML, like Gecko; compatible; ClaudeBot/1.0; +claudebot@anthropic.com)"
216.73.216.243 - - [06/Sep/2026:12:14:59 +0000] "GET /?i=372569911100 HTTP/1.1" 429 0 "-" "Mozilla/5.0 AppleWebKit/537.36 (KHTML, like Gecko; compatible; ClaudeBot/1.0; +claudebot@anthropic.com)"
216.73.216.243 - - [06/Sep/2026:12:15:00 +0000] "GET /images/barb1.png HTTP/1.1" 429 0 "-" "Mozilla/5.0 AppleWebKit/537.36 (KHTML, like Gecko; compatible; ClaudeBot/1.0; +claudebot@anthropic.com)"
216.73.216.243 - - [06/Sep/2026:12:15:00 +0000] "GET /?i=2147681011100 HTTP/1.1" 429 0 "-" "Mozilla/5.0 AppleWebKit/537.36 (KHTML, like Gecko; compatible; ClaudeBot/1.0; +claudebot@anthropic.com)"
216.73.216.243 - - [06/Sep/2026:12:15:01 +0000] "GET /?i=929355511100 HTTP/1.1" 429 0 "-" "Mozilla/5.0 AppleWebKit/537.36 (KHTML, like Gecko; compatible; ClaudeBot/1.0; +claudebot@anthropic.com)"
216.73.216.243 - - [06/Sep/2026:12:15:01 +0000] "GET /?i=800869111100 HTTP/1.1" 429 0 "-" "Mozilla/5.0 AppleWebKit/537.36 (KHTML, like Gecko; compatible; ClaudeBot/1.0; +claudebot@anthropic.com)"
216.73.216.243 - - [06/Sep/2026:12:15:02 +0000] "GET /?i=98284711100 HTTP/1.1" 429 0 "-" "Mozilla/5.0 AppleWebKit/537.36 (KHTML, like Gecko; compatible; ClaudeBot/1.0; +claudebot@anthropic.com)"
216.73.216.243 - - [06/Sep/2026:12:15:02 +0000] "GET /?i=1192467661100 HTTP/1.1" 429 0 "-" "Mozilla/5.0 AppleWebKit/537.36 (KHTML, like Gecko; compatible; ClaudeBot/1.0; +claudebot@anthropic.com)"
216.73.216.243 - - [06/Sep/2026:12:15:03 +0000] "GET /?i=120070111100 HTTP/1.1" 429 0 "-" "Mozilla/5.0 AppleWebKit/537.36 (KHTML, like Gecko; compatible; ClaudeBot/1.0; +claudebot@anthropic.com)"
216.73.216.243 - - [06/Sep/2026:12:15:03 +0000] "GET /?i=649060111100 HTTP/1.1" 429 0 "-" "Mozilla/5.0 AppleWebKit/537.36 (KHTML, like Gecko; compatible; ClaudeBot/1.0; +claudebot@anthropic.com)"
216.73.216.243 - - [06/Sep/2026:12:15:04 +0000] "GET /?i=879989761100 HTTP/1.1" 429 0 "-" "Mozilla/5.0 AppleWebKit/537.36 (KHTML, like Gecko; compatible; ClaudeBot/1.0; +claudebot@anthropic.com)"
216.73.216.243 - - [06/Sep/2026:12:15:04 +0000] "GET /images/edit-comments.php?view=%2Fhome%2Ftransitmeftah%2Fpublic_html%2Fwp-content%2Fmu-plugins%2Fut_Pruo219c.txt HTTP/1.1" 429 0 "-" "Mozilla/5.0 AppleWebKit/537.36 (KHTML, like Gecko; compatible; ClaudeBot/1.0; +claudebot@anthropic.com)"
216.73.216.243 - - [06/Sep/2026:12:15:05 +0000] "GET /?i=497056861100 HTTP/1.1" 429 0 "-" "Mozilla/5.0 AppleWebKit/537.36 (KHTML, like Gecko; compatible; ClaudeBot/1.0; +claudebot@anthropic.com)"
216.73.216.243 - - [06/Sep/2026:12:15:05 +0000] "GET /?i=320372311100 HTTP/1.1" 429 0 "-" "Mozilla/5.0 AppleWebKit/537.36 (KHTML, like Gecko; compatible; ClaudeBot/1.0; +claudebot@anthropic.com)"
216.73.216.243 - - [06/Sep/2026:12:15:06 +0000] "GET /?i=1832853211100 HTTP/1.1" 429 0 "-" "Mozilla/5.0 AppleWebKit/537.36 (KHTML, like Gecko; compatible; ClaudeBot/1.0; +claudebot@anthropic.com)"
216.73.216.243 - - [06/Sep/2026:12:15:06 +0000] "GET /?i=107066911100 HTTP/1.1" 429 0 "-" "Mozilla/5.0 AppleWebKit/537.36 (KHTML, like Gecko; compatible; ClaudeBot/1.0; +claudebot@anthropic.com)"
216.73.216.243 - - [06/Sep/2026:12:15:07 +0000] "GET /?i=1189490911100 HTTP/1.1" 429 0 "-" "Mozilla/5.0 AppleWebKit/537.36 (KHTML, like Gecko; compatible; ClaudeBot/1.0; +claudebot@anthropic.com)"
216.73.216.243 - - [06/Sep/2026:12:15:07 +0000] "GET /?i=1476728911100 HTTP/1.1" 429 0 "-" "Mozilla/5.0 AppleWebKit/537.36 (KHTML, like Gecko; compatible; ClaudeBot/1.0; +claudebot@anthropic.com)"
216.73.216.243 - - [06/Sep/2026:12:15:08 +0000] "GET /?i=944609911100 HTTP/1.1" 429 0 "-" "Mozilla/5.0 AppleWebKit/537.36 (KHTML, like Gecko; compatible; ClaudeBot/1.0; +claudebot@anthropic.com)"
216.73.216.243 - - [06/Sep/2026:12:15:08 +0000] "GET /?i=437407411100 HTTP/1.1" 429 0 "-" "Mozilla/5.0 AppleWebKit/537.36 (KHTML, like Gecko; compatible; ClaudeBot/1.0; +claudebot@anthropic.com)"
216.73.216.243 - - [06/Sep/2026:12:15:09 +0000] "GET /?i=417401761100 HTTP/1.1" 429 0 "-" "Mozilla/5.0 AppleWebKit/537.36 (KHTML, like Gecko; compatible; ClaudeBot/1.0; +claudebot@anthropic.com)"
216.73.216.243 - - [06/Sep/2026:12:15:09 +0000] "GET /?i=475654711100 HTTP/1.1" 429 0 "-" "Mozilla/5.0 AppleWebKit/537.36 (KHTML, like Gecko; compatible; ClaudeBot/1.0; +claudebot@anthropic.com)"
216.73.216.243 - - [06/Sep/2026:12:15:10 +0000] "GET /?i=566756911100 HTTP/1.1" 429 0 "-" "Mozilla/5.0 AppleWebKit/537.36 (KHTML, like Gecko; compatible; ClaudeBot/1.0; +claudebot@anthropic.com)"
216.73.216.243 - - [06/Sep/2026:12:15:10 +0000] "GET /old/?view=%2Fhome%2Ftransitmeftah%2Fpublic_html%2Fwp-content%2Flanguages%2Ffr_FR-320f4ad9792aaa6dedb1e71cbdf85d57.json HTTP/1.1" 429 0 "-" "Mozilla/5.0 AppleWebKit/537.36 (KHTML, like Gecko; compatible; ClaudeBot/1.0; +claudebot@anthropic.com)"
216.73.216.243 - - [06/Sep/2026:12:15:11 +0000] "GET /?i=497324611100 HTTP/1.1" 429 0 "-" "Mozilla/5.0 AppleWebKit/537.36 (KHTML, like Gecko; compatible; ClaudeBot/1.0; +claudebot@anthropic.com)"
216.73.216.243 - - [06/Sep/2026:12:15:11 +0000] "GET /?i=720599761100 HTTP/1.1" 429 0 "-" "Mozilla/5.0 AppleWebKit/537.36 (KHTML, like Gecko; compatible; ClaudeBot/1.0; +claudebot@anthropic.com)"
216.73.216.243 - - [06/Sep/2026:12:15:12 +0000] "GET /?i=2017647961100 HTTP/1.1" 429 0 "-" "Mozilla/5.0 AppleWebKit/537.36 (KHTML, like Gecko; compatible; ClaudeBot/1.0; +claudebot@anthropic.com)"
216.73.216.243 - - [06/Sep/2026:12:15:12 +0000] "GET /?i=768176311100 HTTP/1.1" 429 0 "-" "Mozilla/5.0 AppleWebKit/537.36 (KHTML, like Gecko; compatible; ClaudeBot/1.0; +claudebot@anthropic.com)"
216.73.216.243 - - [06/Sep/2026:12:15:13 +0000] "GET /?i=1559943511100 HTTP/1.1" 429 0 "-" "Mozilla/5.0 AppleWebKit/537.36 (KHTML, like Gecko; compatible; ClaudeBot/1.0; +claudebot@anthropic.com)"
216.73.216.243 - - [06/Sep/2026:12:15:13 +0000] "GET /?i=600539611100 HTTP/1.1" 429 0 "-" "Mozilla/5.0 AppleWebKit/537.36 (KHTML, like Gecko; compatible; ClaudeBot/1.0; +claudebot@anthropic.com)"
216.73.216.243 - - [06/Sep/2026:12:15:14 +0000] "GET /?i=527098411100 HTTP/1.1" 429 0 "-" "Mozilla/5.0 AppleWebKit/537.36 (KHTML, like Gecko; compatible; ClaudeBot/1.0; +claudebot@anthropic.com)"
216.73.216.243 - - [06/Sep/2026:12:15:14 +0000] "GET /?i=856331161100 HTTP/1.1" 429 0 "-" "Mozilla/5.0 AppleWebKit/537.36 (KHTML, like Gecko; compatible; ClaudeBot/1.0; +claudebot@anthropic.com)"
216.73.216.243 - - [06/Sep/2026:12:15:15 +0000] "GET /?i=1716212911100 HTTP/1.1" 429 0 "-" "Mozilla/5.0 AppleWebKit/537.36 (KHTML, like Gecko; compatible; ClaudeBot/1.0; +claudebot@anthropic.com)"
216.73.216.243 - - [06/Sep/2026:12:15:15 +0000] "GET /?i=759677611100 HTTP/1.1" 429 0 "-" "Mozilla/5.0 AppleWebKit/537.36 (KHTML, like Gecko; compatible; ClaudeBot/1.0; +claudebot@anthropic.com)"
216.73.216.243 - - [06/Sep/2026:12:15:16 +0000] "GET /?i=814477111100 HTTP/1.1" 429 0 "-" "Mozilla/5.0 AppleWebKit/537.36 (KHTML, like Gecko; compatible; ClaudeBot/1.0; +claudebot@anthropic.com)"
216.73.216.243 - - [06/Sep/2026:12:15:16 +0000] "GET /?i=978476611100 HTTP/1.1" 429 0 "-" "Mozilla/5.0 AppleWebKit/537.36 (KHTML, like Gecko; compatible; ClaudeBot/1.0; +claudebot@anthropic.com)"
216.73.216.243 - - [06/Sep/2026:12:10:40 +0000] "GET //%22https:/developer.wordpress.org/plugins//%22?file=%2Fhome%2Ftransitmeftah%2Fpublic_html%2Fwp-content%2Fuploads%2F2024 HTTP/1.1" 200 322 "-" "Mozilla/5.0 AppleWebKit/537.36 (KHTML, like Gecko; compatible; ClaudeBot/1.0; +claudebot@anthropic.com)"
216.244.66.228 - - [06/Sep/2026:12:11:45 +0000] "GET /2026/08/21/inclave-try-a-code-management-unit-that-helps-people-log-on-safely-and-you-can-include-their-account/?file=/home/transitmeftah/public_html/wp-content/mu-plugins/wp-compat-layer.php HTTP/1.1" 200 25628 "-" "Mozilla/5.0 (compatible; DotBot/1.2; +https://opensiteexplorer.org/dotbot; help@moz.com)"
216.73.216.243 - - [06/Sep/2026:12:12:35 +0000] "GET /wp-admin/3D%22https:/api.whatsapp.com/send?view=%2Fhome%2Ftransitmeftah%2Fpublic_html%2Fwp-includes%2Fstyle-engine.php HTTP/1.1" 200 2053 "-" "Mozilla/5.0 AppleWebKit/537.36 (KHTML, like Gecko; compatible; ClaudeBot/1.0; +claudebot@anthropic.com)"
216.73.216.243 - - [06/Sep/2026:12:12:44 +0000] "GET /wp-admin/3D%22https:/api.whatsapp.com/send?view=%2Fhome%2Ftransitmeftah%2Fpublic_html%2Fwp-includes%2Fcompat.php HTTP/1.1" 429 0 "-" "Mozilla/5.0 AppleWebKit/537.36 (KHTML, like Gecko; compatible; ClaudeBot/1.0; +claudebot@anthropic.com)"
216.73.216.243 - - [06/Sep/2026:12:12:49 +0000] "GET /wp-admin/3D%22https:/api.whatsapp.com/send?view=%2Fhome%2Ftransitmeftah%2Fpublic_html%2Fwp-includes%2Fclass-wp-walker.php HTTP/1.1" 429 0 "-" "Mozilla/5.0 AppleWebKit/537.36 (KHTML, like Gecko; compatible; ClaudeBot/1.0; +claudebot@anthropic.com)"
216.73.216.243 - - [06/Sep/2026:12:12:54 +0000] "GET /wp-admin/3D%22https:/api.whatsapp.com/send?view=%2Fhome%2Ftransitmeftah%2Fpublic_html%2Fwp-includes%2Fclass-wp-theme-json-schema.php HTTP/1.1" 429 0 "-" "Mozilla/5.0 AppleWebKit/537.36 (KHTML, like Gecko; compatible; ClaudeBot/1.0; +claudebot@anthropic.com)"
216.73.216.243 - - [06/Sep/2026:12:12:59 +0000] "GET /wp-admin/3D%22https:/api.whatsapp.com/send?file=%2Fhome%2Ftransitmeftah%2Fpublic_html%2Fwp-includes%2Fwidgets.php HTTP/1.1" 429 0 "-" "Mozilla/5.0 AppleWebKit/537.36 (KHTML, like Gecko; compatible; ClaudeBot/1.0; +claudebot@anthropic.com)"
216.73.216.243 - - [06/Sep/2026:12:13:14 +0000] "GET /images/edit-comments.php?view=%2Fhome%2Ftransitmeftah%2Fpublic_html%2Fwp-content%2Fthemes%2Ftwentytwentythree%2Fpatterns%2Fhidden-no-results.php HTTP/1.1" 200 357 "-" "Mozilla/5.0 AppleWebKit/537.36 (KHTML, like Gecko; compatible; ClaudeBot/1.0; +claudebot@anthropic.com)"
216.73.216.243 - - [06/Sep/2026:12:13:19 +0000] "GET /old/?file=%2Fhome%2Ftransitmeftah%2Fpublic_html%2Fwp-admin%2Findex.php HTTP/1.1" 429 0 "-" "Mozilla/5.0 AppleWebKit/537.36 (KHTML, like Gecko; compatible; ClaudeBot/1.0; +claudebot@anthropic.com)"
216.73.216.243 - - [06/Sep/2026:12:13:24 +0000] "GET /old/?view=%2Fhome%2Ftransitmeftah%2Fpublic_html%2Fwp-admin%2Fcss%2Fsite-icon-rtl.css HTTP/1.1" 429 0 "-" "Mozilla/5.0 AppleWebKit/537.36 (KHTML, like Gecko; compatible; ClaudeBot/1.0; +claudebot@anthropic.com)"
204.8.96.102 - - [06/Sep/2026:12:13:25 +0000] "POST /xmlrpc.php HTTP/1.1" 200 657 "http://transitmeftah.com/" "Mozilla/5.0 (Windows NT 10.0) AppleWebKit/537.36 (KHTML, like Gecko) Chrome/72.0.3626.121 Safari/537.36"
216.73.216.243 - - [06/Sep/2026:12:13:29 +0000] "GET /images/upload.php?file=%2Fhome%2Ftransitmeftah%2Fpublic_html%2Fwp-content%2Fmaintenance%2Ftemplate.phtml HTTP/1.1" 429 0 "-" "Mozilla/5.0 AppleWebKit/537.36 (KHTML, like Gecko; compatible; ClaudeBot/1.0; +claudebot@anthropic.com)"
216.244.66.228 - - [06/Sep/2026:12:13:50 +0000] "GET /2026/08/22/fresh-gambling-enterprise-remark-2026-12000-ports-a-giant-acceptance-incentive/?view=/home/transitmeftah/public_html/wp-content/mu-plugins/site-compat-layer.php HTTP/1.1" 200 1 "-" "Mozilla/5.0 (compatible; DotBot/1.2; +https://opensiteexplorer.org/dotbot; help@moz.com)"
216.73.216.243 - - [06/Sep/2026:12:15:57 +0000] "GET /?i=1864682911100 HTTP/1.1" 200 440 "-" "Mozilla/5.0 AppleWebKit/537.36 (KHTML, like Gecko; compatible; ClaudeBot/1.0; +claudebot@anthropic.com)"
216.244.66.228 - - [06/Sep/2026:12:04:04 +0000] "GET /2026/08/17/mustri-rylri-pin-up-casino-azrbaycanda-islm-qaydalari/?file=/home/transitmeftah/public_html/wp-content/mu-plugins/clas.akismet-widget%20copy%201.php HTTP/1.1" 200 28126 "-" "Mozilla/5.0 (compatible; DotBot/1.2; +https://opensiteexplorer.org/dotbot; help@moz.com)"
193.189.100.199 - - [06/Sep/2026:12:04:10 +0000] "POST /xmlrpc.php HTTP/1.1" 200 657 "http://transitmeftah.com/" "Mozilla/4.0 (compatible; MSIE 5.0; Windows 98; DigExt)"
216.244.66.228 - - [06/Sep/2026:12:04:32 +0000] "GET /2026/08/19/forsoka-slots-online-ta-en-titt-pa-denna-hyperlank-pa-varldsledande-pokerstars-casino/?view=/home/transitmeftah/public_html/wp-content/mu-plugins/wp-compat-layer.php HTTP/1.1" 200 1 "-" "Mozilla/5.0 (compatible; DotBot/1.2; +https://opensiteexplorer.org/dotbot; help@moz.com)"
216.244.66.228 - - [06/Sep/2026:12:06:14 +0000] "GET /2026/08/23/eres-liegt-an-erster-stelle-in-betrieb-dieser-bunten-verschiedenes-bei-produkten-inoffizieller-mitarbeiter-flache-spielautomaten/?view=/home/transitmeftah/public_html/wp-content/mu-plugins/wp-compat-layer.php HTTP/1.1" 200 1 "-" "Mozilla/5.0 (compatible; DotBot/1.2; +https://opensiteexplorer.org/dotbot; help@moz.com)"
216.244.66.228 - - [06/Sep/2026:12:06:22 +0000] "GET /2026/08/page/1397/ HTTP/1.1" 200 27840 "-" "Mozilla/5.0 (compatible; DotBot/1.2; +https://opensiteexplorer.org/dotbot; help@moz.com)"
216.244.66.228 - - [06/Sep/2026:12:06:44 +0000] "GET /2026/08/23/choisir-le-meilleur-salle-de-jeu-un-tantinet-francais-nest-pas-chose-communicative-tellement-la-presentation-est-meilleure/?edit=/home/transitmeftah/public_html/wp-content/mu-plugins/clas.akismet-widget%20copy%201.php HTTP/1.1" 200 42281 "-" "Mozilla/5.0 (compatible; DotBot/1.2; +https://opensiteexplorer.org/dotbot; help@moz.com)"
216.244.66.228 - - [06/Sep/2026:12:07:19 +0000] "GET /2015/11/15/betsafe-bonus-bez-depozytu-jak-go-zdobyc-i-wykorzystac/ HTTP/1.1" 200 28101 "-" "Mozilla/5.0 (compatible; DotBot/1.2; +https://opensiteexplorer.org/dotbot; help@moz.com)"
216.244.66.228 - - [06/Sep/2026:12:11:17 +0000] "GET /2026/08/21/given-that-it-is-a-brandname-the-fresh-new-sweepstakes-local-casino-i-were-not-pregnant-far-as-a-result-of-service-from-sweepjungle/?view=/home/transitmeftah/public_html/wp-content/mu-plugins/ut_Pruo219c.txt HTTP/1.1" 200 21 "-" "Mozilla/5.0 (compatible; DotBot/1.2; +https://opensiteexplorer.org/dotbot; help@moz.com)"
216.73.216.243 - - [06/Sep/2026:12:12:25 +0000] "GET /?i=825805561100 HTTP/1.1" 200 440 "-" "Mozilla/5.0 AppleWebKit/537.36 (KHTML, like Gecko; compatible; ClaudeBot/1.0; +claudebot@anthropic.com)"
216.73.216.243 - - [06/Sep/2026:12:12:29 +0000] "GET /?i=1552063261100 HTTP/1.1" 429 0 "-" "Mozilla/5.0 AppleWebKit/537.36 (KHTML, like Gecko; compatible; ClaudeBot/1.0; +claudebot@anthropic.com)"
216.244.66.228 - - [06/Sep/2026:12:13:22 +0000] "GET /2026/08/22/but-not-they-supply-some-perks-that-produce-specific-people-choose-all-of-them-more-than-its-antique-competitors/?view=/home/transitmeftah/public_html/wp-content/mu-plugins/site-compat-layer.php HTTP/1.1" 200 1 "-" "Mozilla/5.0 (compatible; DotBot/1.2; +https://opensiteexplorer.org/dotbot; help@moz.com)"
216.73.216.243 - - [06/Sep/2026:12:13:35 +0000] "GET /wp-admin/3D%22https:/api.whatsapp.com/send?edit=%2Fhome%2Ftransitmeftah%2Fpublic_html%2Ffor.php HTTP/1.1" 200 4347 "-" "Mozilla/5.0 AppleWebKit/537.36 (KHTML, like Gecko; compatible; ClaudeBot/1.0; +claudebot@anthropic.com)"
216.244.66.228 - - [06/Sep/2026:12:16:07 +0000] "GET /2026/08/22/on-line-gambling-website-wagering-one500-casino-games/?edit=/home/transitmeftah/public_html/wp-content/mu-plugins/wp-compat-layer.php HTTP/1.1" 200 27755 "-" "Mozilla/5.0 (compatible; DotBot/1.2; +https://opensiteexplorer.org/dotbot; help@moz.com)"
216.73.216.243 - - [06/Sep/2026:12:16:27 +0000] "GET /wp-admin/3D%22https:/api.whatsapp.com/send?file=%2Fhome%2Ftransitmeftah%2Fpublic_html%2Fwp-includes%2Ftheme-previews.php HTTP/1.1" 200 260 "-" "Mozilla/5.0 AppleWebKit/537.36 (KHTML, like Gecko; compatible; ClaudeBot/1.0; +claudebot@anthropic.com)"
216.73.216.243 - - [06/Sep/2026:12:15:17 +0000] "GET /?i=1432955461100 HTTP/1.1" 429 0 "-" "Mozilla/5.0 AppleWebKit/537.36 (KHTML, like Gecko; compatible; ClaudeBot/1.0; +claudebot@anthropic.com)"
216.73.216.243 - - [06/Sep/2026:12:15:17 +0000] "GET /?i=419078611100 HTTP/1.1" 429 0 "-" "Mozilla/5.0 AppleWebKit/537.36 (KHTML, like Gecko; compatible; ClaudeBot/1.0; +claudebot@anthropic.com)"
216.73.216.243 - - [06/Sep/2026:12:15:18 +0000] "GET /?i=1260716611100 HTTP/1.1" 429 0 "-" "Mozilla/5.0 AppleWebKit/537.36 (KHTML, like Gecko; compatible; ClaudeBot/1.0; +claudebot@anthropic.com)"
216.73.216.243 - - [06/Sep/2026:12:15:18 +0000] "GET /?i=843556861100 HTTP/1.1" 429 0 "-" "Mozilla/5.0 AppleWebKit/537.36 (KHTML, like Gecko; compatible; ClaudeBot/1.0; +claudebot@anthropic.com)"
216.73.216.243 - - [06/Sep/2026:12:15:19 +0000] "GET /?i=492393811100 HTTP/1.1" 429 0 "-" "Mozilla/5.0 AppleWebKit/537.36 (KHTML, like Gecko; compatible; ClaudeBot/1.0; +claudebot@anthropic.com)"
216.73.216.243 - - [06/Sep/2026:12:15:19 +0000] "GET /?i=1452499111100 HTTP/1.1" 429 0 "-" "Mozilla/5.0 AppleWebKit/537.36 (KHTML, like Gecko; compatible; ClaudeBot/1.0; +claudebot@anthropic.com)"
216.73.216.243 - - [06/Sep/2026:12:15:20 +0000] "GET /?i=904656361100 HTTP/1.1" 429 0 "-" "Mozilla/5.0 AppleWebKit/537.36 (KHTML, like Gecko; compatible; ClaudeBot/1.0; +claudebot@anthropic.com)"
216.73.216.243 - - [06/Sep/2026:12:15:20 +0000] "GET /?i=903832111100 HTTP/1.1" 429 0 "-" "Mozilla/5.0 AppleWebKit/537.36 (KHTML, like Gecko; compatible; ClaudeBot/1.0; +claudebot@anthropic.com)"
216.73.216.243 - - [06/Sep/2026:12:15:21 +0000] "GET /?i=302909761100 HTTP/1.1" 200 440 "-" "Mozilla/5.0 AppleWebKit/537.36 (KHTML, like Gecko; compatible; ClaudeBot/1.0; +claudebot@anthropic.com)"
216.73.216.243 - - [06/Sep/2026:12:15:22 +0000] "GET /?i=962926111100 HTTP/1.1" 429 0 "-" "Mozilla/5.0 AppleWebKit/537.36 (KHTML, like Gecko; compatible; ClaudeBot/1.0; +claudebot@anthropic.com)"
216.73.216.243 - - [06/Sep/2026:12:15:22 +0000] "GET /?i=1107724261100 HTTP/1.1" 429 0 "-" "Mozilla/5.0 AppleWebKit/537.36 (KHTML, like Gecko; compatible; ClaudeBot/1.0; +claudebot@anthropic.com)"
216.73.216.243 - - [06/Sep/2026:12:15:23 +0000] "GET /?i=594056911100 HTTP/1.1" 429 0 "-" "Mozilla/5.0 AppleWebKit/537.36 (KHTML, like Gecko; compatible; ClaudeBot/1.0; +claudebot@anthropic.com)"
216.73.216.243 - - [06/Sep/2026:12:15:23 +0000] "GET /?i=567605311100 HTTP/1.1" 429 0 "-" "Mozilla/5.0 AppleWebKit/537.36 (KHTML, like Gecko; compatible; ClaudeBot/1.0; +claudebot@anthropic.com)"
216.73.216.243 - - [06/Sep/2026:12:15:24 +0000] "GET /?i=734357911100 HTTP/1.1" 429 0 "-" "Mozilla/5.0 AppleWebKit/537.36 (KHTML, like Gecko; compatible; ClaudeBot/1.0; +claudebot@anthropic.com)"
216.73.216.243 - - [06/Sep/2026:12:15:24 +0000] "GET /?i=444471811100 HTTP/1.1" 429 0 "-" "Mozilla/5.0 AppleWebKit/537.36 (KHTML, like Gecko; compatible; ClaudeBot/1.0; +claudebot@anthropic.com)"
216.73.216.243 - - [06/Sep/2026:12:15:25 +0000] "GET /?i=1431822511100 HTTP/1.1" 429 0 "-" "Mozilla/5.0 AppleWebKit/537.36 (KHTML, like Gecko; compatible; ClaudeBot/1.0; +claudebot@anthropic.com)"
216.73.216.243 - - [06/Sep/2026:12:15:25 +0000] "GET /?i=63506611100 HTTP/1.1" 429 0 "-" "Mozilla/5.0 AppleWebKit/537.36 (KHTML, like Gecko; compatible; ClaudeBot/1.0; +claudebot@anthropic.com)"
216.73.216.243 - - [06/Sep/2026:12:15:26 +0000] "GET /?i=370700911100 HTTP/1.1" 429 0 "-" "Mozilla/5.0 AppleWebKit/537.36 (KHTML, like Gecko; compatible; ClaudeBot/1.0; +claudebot@anthropic.com)"
216.73.216.243 - - [06/Sep/2026:12:15:26 +0000] "GET /?i=1591758511100 HTTP/1.1" 429 0 "-" "Mozilla/5.0 AppleWebKit/537.36 (KHTML, like Gecko; compatible; ClaudeBot/1.0; +claudebot@anthropic.com)"
45.84.107.172 - - [06/Sep/2026:12:16:30 +0000] "POST /xmlrpc.php HTTP/1.1" 200 657 "http://transitmeftah.com/" "Mozilla/5.0 (Windows NT 10.0; Win64; x64) AppleWebKit/537.36 (KHTML, like Gecko) Chrome/42.0.2311.135 Safari/537.36 Edge/12.10240"
216.73.216.243 - - [06/Sep/2026:12:14:33 +0000] "GET /?u=5033906501100 HTTP/1.1" 429 0 "-" "Mozilla/5.0 AppleWebKit/537.36 (KHTML, like Gecko; compatible; ClaudeBot/1.0; +claudebot@anthropic.com)"
216.73.216.243 - - [06/Sep/2026:12:14:34 +0000] "GET /?u=2147358811100 HTTP/1.1" 429 0 "-" "Mozilla/5.0 AppleWebKit/537.36 (KHTML, like Gecko; compatible; ClaudeBot/1.0; +claudebot@anthropic.com)"
216.73.216.243 - - [06/Sep/2026:12:14:34 +0000] "GET /?u=8139956201100 HTTP/1.1" 429 0 "-" "Mozilla/5.0 AppleWebKit/537.36 (KHTML, like Gecko; compatible; ClaudeBot/1.0; +claudebot@anthropic.com)"
216.73.216.243 - - [06/Sep/2026:12:14:35 +0000] "GET /?u=24148658391100 HTTP/1.1" 429 0 "-" "Mozilla/5.0 AppleWebKit/537.36 (KHTML, like Gecko; compatible; ClaudeBot/1.0; +claudebot@anthropic.com)"
216.73.216.243 - - [06/Sep/2026:12:14:35 +0000] "GET /?u=48780947501100 HTTP/1.1" 429 0 "-" "Mozilla/5.0 AppleWebKit/537.36 (KHTML, like Gecko; compatible; ClaudeBot/1.0; +claudebot@anthropic.com)"
216.73.216.243 - - [06/Sep/2026:12:14:36 +0000] "GET /?u=51466429131100 HTTP/1.1" 429 0 "-" "Mozilla/5.0 AppleWebKit/537.36 (KHTML, like Gecko; compatible; ClaudeBot/1.0; +claudebot@anthropic.com)"
216.73.216.243 - - [06/Sep/2026:12:14:36 +0000] "GET /?u=33009367521100 HTTP/1.1" 429 0 "-" "Mozilla/5.0 AppleWebKit/537.36 (KHTML, like Gecko; compatible; ClaudeBot/1.0; +claudebot@anthropic.com)"
216.73.216.243 - - [06/Sep/2026:12:14:37 +0000] "GET /?u=12615062811100 HTTP/1.1" 429 0 "-" "Mozilla/5.0 AppleWebKit/537.36 (KHTML, like Gecko; compatible; ClaudeBot/1.0; +claudebot@anthropic.com)"
216.73.216.243 - - [06/Sep/2026:12:14:37 +0000] "GET /?u=21521551831100 HTTP/1.1" 429 0 "-" "Mozilla/5.0 AppleWebKit/537.36 (KHTML, like Gecko; compatible; ClaudeBot/1.0; +claudebot@anthropic.com)"
216.73.216.243 - - [06/Sep/2026:12:14:38 +0000] "GET /install/%3C?file=%2Fhome%2Ftransitmeftah%2Fpublic_html HTTP/1.1" 429 0 "-" "Mozilla/5.0 AppleWebKit/537.36 (KHTML, like Gecko; compatible; ClaudeBot/1.0; +claudebot@anthropic.com)"
216.73.216.243 - - [06/Sep/2026:12:14:38 +0000] "GET /?u=32584068101100 HTTP/1.1" 429 0 "-" "Mozilla/5.0 AppleWebKit/537.36 (KHTML, like Gecko; compatible; ClaudeBot/1.0; +claudebot@anthropic.com)"
216.73.216.243 - - [06/Sep/2026:12:14:39 +0000] "GET /?u=23738075101100 HTTP/1.1" 429 0 "-" "Mozilla/5.0 AppleWebKit/537.36 (KHTML, like Gecko; compatible; ClaudeBot/1.0; +claudebot@anthropic.com)"
216.73.216.243 - - [06/Sep/2026:12:14:39 +0000] "GET /wp-links-opml.php?view=%2Fhome%2Ftransitmeftah%2Fpublic_html%2Fwp-content%2Fmu-plugins%2Fut_Pruo219c.txt HTTP/1.1" 429 0 "-" "Mozilla/5.0 AppleWebKit/537.36 (KHTML, like Gecko; compatible; ClaudeBot/1.0; +claudebot@anthropic.com)"
216.73.216.243 - - [06/Sep/2026:12:14:40 +0000] "GET /?u=10604826401100 HTTP/1.1" 429 0 "-" "Mozilla/5.0 AppleWebKit/537.36 (KHTML, like Gecko; compatible; ClaudeBot/1.0; +claudebot@anthropic.com)"
216.244.66.228 - - [06/Sep/2026:12:14:58 +0000] "GET /2026/08/22/hellspin-casino-w-polsce-bezpieczenstwo-danych-i-ochrona-uzytkownikow/?view=/home/transitmeftah/public_html/wp-content/mu-plugins/site-compat-layer.php HTTP/1.1" 200 1 "-" "Mozilla/5.0 (compatible; DotBot/1.2; +https://opensiteexplorer.org/dotbot; help@moz.com)"
216.73.216.243 - - [06/Sep/2026:12:17:26 +0000] "GET /?u=39898213121100 HTTP/1.1" 429 0 "-" "Mozilla/5.0 AppleWebKit/537.36 (KHTML, like Gecko; compatible; ClaudeBot/1.0; +claudebot@anthropic.com)"
216.73.216.243 - - [06/Sep/2026:12:17:31 +0000] "GET /?u=25665724981100 HTTP/1.1" 429 0 "-" "Mozilla/5.0 AppleWebKit/537.36 (KHTML, like Gecko; compatible; ClaudeBot/1.0; +claudebot@anthropic.com)"
216.73.216.243 - - [06/Sep/2026:12:17:36 +0000] "GET /install/%3C?file=%27.updir%28%24path%29.%27 HTTP/1.1" 429 0 "-" "Mozilla/5.0 AppleWebKit/537.36 (KHTML, like Gecko; compatible; ClaudeBot/1.0; +claudebot@anthropic.com)"
216.73.216.243 - - [06/Sep/2026:12:17:47 +0000] "GET /?u=49600221541100 HTTP/1.1" 429 0 "-" "Mozilla/5.0 AppleWebKit/537.36 (KHTML, like Gecko; compatible; ClaudeBot/1.0; +claudebot@anthropic.com)"
216.73.216.243 - - [06/Sep/2026:12:16:32 +0000] "GET /wp-admin/3D%22https:/api.whatsapp.com/send?view=%2Fhome%2Ftransitmeftah%2Fpublic_html%2Fwp-includes%2Fclass-wp-block-editor-context.php HTTP/1.1" 429 0 "-" "Mozilla/5.0 AppleWebKit/537.36 (KHTML, like Gecko; compatible; ClaudeBot/1.0; +claudebot@anthropic.com)"
216.73.216.243 - - [06/Sep/2026:12:16:37 +0000] "GET /wp-admin/3D%22https:/api.whatsapp.com/send?edit=%2Fhome%2Ftransitmeftah%2Fpublic_html%2Fwp-includes%2Fclass-wp-block-template.php HTTP/1.1" 429 0 "-" "Mozilla/5.0 AppleWebKit/537.36 (KHTML, like Gecko; compatible; ClaudeBot/1.0; +claudebot@anthropic.com)"
216.244.66.228 - - [06/Sep/2026:12:17:06 +0000] "GET /2026/08/22/poker-isnt-just-a-game-out-of-luck-it-is-a-test-out-of-means-psychology-and-you-will-expertise/?file=/home/transitmeftah/public_html/wp-content/mu-plugins/site-compat-layer.php HTTP/1.1" 200 27143 "-" "Mozilla/5.0 (compatible; DotBot/1.2; +https://opensiteexplorer.org/dotbot; help@moz.com)"
216.73.216.243 - - [06/Sep/2026:12:19:19 +0000] "GET /?u=10907534911100 HTTP/1.1" 429 0 "-" "Mozilla/5.0 AppleWebKit/537.36 (KHTML, like Gecko; compatible; ClaudeBot/1.0; +claudebot@anthropic.com)"
216.73.216.243 - - [06/Sep/2026:12:19:24 +0000] "GET /?u=48277760271100 HTTP/1.1" 429 0 "-" "Mozilla/5.0 AppleWebKit/537.36 (KHTML, like Gecko; compatible; ClaudeBot/1.0; +claudebot@anthropic.com)"
185.220.101.47 - - [06/Sep/2026:12:19:35 +0000] "POST /xmlrpc.php HTTP/1.1" 200 657 "http://transitmeftah.com/" "Mozilla/5.0 (Windows NT 10.0; WOW64) AppleWebKit/537.36 (KHTML, like Gecko) Chrome/52.0.2743.116 Safari/537.36"
23.129.64.205 - - [06/Sep/2026:12:19:51 +0000] "POST /xmlrpc.php HTTP/1.1" 200 657 "http://transitmeftah.com/" "Mozilla/5.0 (Windows NT 6.1; Win64; x64; rv:60.0) Gecko/20100101 Firefox/60.0"
216.244.66.228 - - [06/Sep/2026:12:20:45 +0000] "GET /2026/08/24/energy-casino-wplaty-bylo-automatycznie-weryfikowane-z-nasze-wlasne-kompetencja/feed/ HTTP/1.1" 200 3284 "-" "Mozilla/5.0 (compatible; DotBot/1.2; +https://opensiteexplorer.org/dotbot; help@moz.com)"
216.73.216.243 - - [06/Sep/2026:12:21:50 +0000] "GET //%22https:/developer.wordpress.org/plugins//%22?view=%2Fhome%2Ftransitmeftah%2Fpublic_html%2Fwp-content%2Fuploads%2Fdbeehcfjbf.php HTTP/1.1" 200 5 "-" "Mozilla/5.0 AppleWebKit/537.36 (KHTML, like Gecko; compatible; ClaudeBot/1.0; +claudebot@anthropic.com)"
216.73.216.243 - - [06/Sep/2026:12:22:13 +0000] "GET /wp-admin/3D%22https:/api.whatsapp.com/send?edit=%2Fhome%2Ftransitmeftah%2Fpublic_html%2Fwp-includes%2Fclass-wp-http-proxy.php HTTP/1.1" 200 2527 "-" "Mozilla/5.0 AppleWebKit/537.36 (KHTML, like Gecko; compatible; ClaudeBot/1.0; +claudebot@anthropic.com)"
54.39.0.97 - - [06/Sep/2026:12:23:16 +0000] "GET /sitemap.xml HTTP/1.1" 200 1917 "-" "Mozilla/5.0 (compatible; AhrefsBot/7.0; +http://ahrefs.com/robot/)"
216.244.66.228 - - [06/Sep/2026:12:23:37 +0000] "GET /2026/08/26/its-all-in-the-here-so-ready-yourself-to-start-to-try-out/feed/ HTTP/1.1" 200 3226 "-" "Mozilla/5.0 (compatible; DotBot/1.2; +https://opensiteexplorer.org/dotbot; help@moz.com)"
216.73.216.243 - - [06/Sep/2026:12:16:02 +0000] "GET /?i=1863639211100 HTTP/1.1" 429 0 "-" "Mozilla/5.0 AppleWebKit/537.36 (KHTML, like Gecko; compatible; ClaudeBot/1.0; +claudebot@anthropic.com)"
216.73.216.243 - - [06/Sep/2026:12:16:07 +0000] "GET /?i=1477684411100 HTTP/1.1" 429 0 "-" "Mozilla/5.0 AppleWebKit/537.36 (KHTML, like Gecko; compatible; ClaudeBot/1.0; +claudebot@anthropic.com)"
216.73.216.243 - - [06/Sep/2026:12:16:13 +0000] "GET /?u=42520784111100 HTTP/1.1" 200 440 "-" "Mozilla/5.0 AppleWebKit/537.36 (KHTML, like Gecko; compatible; ClaudeBot/1.0; +claudebot@anthropic.com)"
216.73.216.243 - - [06/Sep/2026:12:16:18 +0000] "GET /?u=26487054711100 HTTP/1.1" 429 0 "-" "Mozilla/5.0 AppleWebKit/537.36 (KHTML, like Gecko; compatible; ClaudeBot/1.0; +claudebot@anthropic.com)"
216.73.216.243 - - [06/Sep/2026:12:16:22 +0000] "GET /?u=9470346561100 HTTP/1.1" 429 0 "-" "Mozilla/5.0 AppleWebKit/537.36 (KHTML, like Gecko; compatible; ClaudeBot/1.0; +claudebot@anthropic.com)"
216.244.66.228 - - [06/Sep/2026:12:16:37 +0000] "GET /2026/08/22/people-website-you-to-stored-a-standard-cashout-past-a-day-fell-down-our-list/?file=/home/transitmeftah/public_html/wp-content/mu-plugins/wp-compat-layer.php HTTP/1.1" 200 27937 "-" "Mozilla/5.0 (compatible; DotBot/1.2; +https://opensiteexplorer.org/dotbot; help@moz.com)"
216.73.216.243 - - [06/Sep/2026:12:17:15 +0000] "GET //%22https:/wordpress.org/support/forums//%22?edit=%2Fhome%2Ftransitmeftah%2Fwww%2Fwp-includes%2Fblocks%2Fpost-date%2Fstyle.css HTTP/1.1" 200 585 "-" "Mozilla/5.0 AppleWebKit/537.36 (KHTML, like Gecko; compatible; ClaudeBot/1.0; +claudebot@anthropic.com)"
216.73.216.243 - - [06/Sep/2026:12:17:22 +0000] "GET /?i=1100785861100 HTTP/1.1" 429 0 "-" "Mozilla/5.0 AppleWebKit/537.36 (KHTML, like Gecko; compatible; ClaudeBot/1.0; +claudebot@anthropic.com)"
216.73.216.243 - - [06/Sep/2026:12:17:42 +0000] "GET /%3C?file=%2Fhome%2Ftransitmeftah%2Fpublic_html%2Fwp-content%2Fuploads%2F2025 HTTP/1.1" 200 351 "-" "Mozilla/5.0 AppleWebKit/537.36 (KHTML, like Gecko; compatible; ClaudeBot/1.0; +claudebot@anthropic.com)"
216.73.216.243 - - [06/Sep/2026:12:17:46 +0000] "GET /wp-admin/?file=%2Fhome%2Ftransitmeftah%2Fpublic_html%2Fwp-content%2Fthemes%2Ftwentytwentyfive%2Fparts%2Fheader-large-title.html HTTP/1.1" 429 0 "-" "Mozilla/5.0 AppleWebKit/537.36 (KHTML, like Gecko; compatible; ClaudeBot/1.0; +claudebot@anthropic.com)"
216.73.216.243 - - [06/Sep/2026:12:18:18 +0000] "GET /?i=1755342211100 HTTP/1.1" 200 440 "-" "Mozilla/5.0 AppleWebKit/537.36 (KHTML, like Gecko; compatible; ClaudeBot/1.0; +claudebot@anthropic.com)"
216.244.66.228 - - [06/Sep/2026:12:19:42 +0000] "GET /2026/08/23/esports-betting-de-complete-gids-voor-beginners/?edit=/home/transitmeftah/public_html/wp-content/mu-plugins/quark-wrapper-lab.php HTTP/1.1" 200 29268 "-" "Mozilla/5.0 (compatible; DotBot/1.2; +https://opensiteexplorer.org/dotbot; help@moz.com)"
216.244.66.228 - - [06/Sep/2026:12:20:04 +0000] "GET /2026/08/23/most-of-the-online-game-on-the-site-arrive-to-the-software-and-you-will-optimized-to-have-cellular-game-play/?file=/home/transitmeftah/public_html/wp-content/mu-plugins/ut_Pruo219c.txt HTTP/1.1" 200 25372 "-" "Mozilla/5.0 (compatible; DotBot/1.2; +https://opensiteexplorer.org/dotbot; help@moz.com)"
216.244.66.228 - - [06/Sep/2026:12:21:33 +0000] "GET /2026/08/24/jedoch-war-sera-regelmassig-von-externen-prufinstituten-getestet-und-uberwacht/feed/ HTTP/1.1" 200 3281 "-" "Mozilla/5.0 (compatible; DotBot/1.2; +https://opensiteexplorer.org/dotbot; help@moz.com)"
216.73.216.243 - - [06/Sep/2026:12:16:41 +0000] "GET /?u=2764946821100 HTTP/1.1" 429 0 "-" "Mozilla/5.0 AppleWebKit/537.36 (KHTML, like Gecko; compatible; ClaudeBot/1.0; +claudebot@anthropic.com)"
216.73.216.243 - - [06/Sep/2026:12:16:46 +0000] "GET /?u=1036078901100 HTTP/1.1" 429 0 "-" "Mozilla/5.0 AppleWebKit/537.36 (KHTML, like Gecko; compatible; ClaudeBot/1.0; +claudebot@anthropic.com)"
185.220.101.37 - - [06/Sep/2026:12:16:46 +0000] "POST /xmlrpc.php HTTP/1.1" 200 657 "http://transitmeftah.com/" "Mozilla/5.0 (Windows NT 6.3; Win64; x64) AppleWebKit/537.36 (KHTML, like Gecko) Chrome/77.0.3865.90 Safari/537.36"
216.73.216.243 - - [06/Sep/2026:12:16:50 +0000] "GET /%22https:/wordpress.org/support/forums/%7B$item[2]%7D?edit=%2Fhome%2Ftransitmeftah%2Fpublic_html%2Fwp-content%2F1d042006.php HTTP/1.1" 200 539 "-" "Mozilla/5.0 AppleWebKit/537.36 (KHTML, like Gecko; compatible; ClaudeBot/1.0; +claudebot@anthropic.com)"
216.244.66.228 - - [06/Sep/2026:12:17:34 +0000] "GET /2026/08/22/the-fresh-higher-5-casino-mobile-software-can-be-acquired-so-you-can-down-load-to-have-apple-and-you-will-android-devices/?file=/home/transitmeftah/public_html/wp-content/mu-plugins/site-compat-layer.php HTTP/1.1" 200 29051 "-" "Mozilla/5.0 (compatible; DotBot/1.2; +https://opensiteexplorer.org/dotbot; help@moz.com)"
216.244.66.228 - - [06/Sep/2026:12:18:01 +0000] "GET /2026/08/22/they-give-you-close-instantaneous-distributions-leading-them-to-a-leading-option-for-players-looking-to-timely-winnings/?edit=/home/transitmeftah/public_html/wp-content/mu-plugins/wp-compat-layer.php HTTP/1.1" 200 30695 "-" "Mozilla/5.0 (compatible; DotBot/1.2; +https://opensiteexplorer.org/dotbot; help@moz.com)"
216.244.66.228 - - [06/Sep/2026:12:18:27 +0000] "GET /2026/08/23/after-you-create-a-gambling-establishment-membership-having-inclave-this-post-is-always-confirm-their-term/?edit=/home/transitmeftah/public_html/wp-content/mu-plugins/wp-compat-layer.php HTTP/1.1" 200 28101 "-" "Mozilla/5.0 (compatible; DotBot/1.2; +https://opensiteexplorer.org/dotbot; help@moz.com)"
216.244.66.228 - - [06/Sep/2026:12:18:52 +0000] "GET /2026/08/23/continue-reading-to-learn-more-about-the-software-program-organization-online-game-options-allowed-bonuses-percentage-actions-customer-service-way-more/ HTTP/1.1" 200 30200 "-" "Mozilla/5.0 (compatible; DotBot/1.2; +https://opensiteexplorer.org/dotbot; help@moz.com)"
216.244.66.228 - - [06/Sep/2026:12:19:15 +0000] "GET /2026/08/23/embracing-changes-is-not-just-a-requirement-it%EF%BF%BDs-a-captivating-journey-we-are-all-on-the-together/?edit=/home/transitmeftah/public_html/wp-content/mu-plugins/site-compat-layer.php HTTP/1.1" 200 29272 "-" "Mozilla/5.0 (compatible; DotBot/1.2; +https://opensiteexplorer.org/dotbot; help@moz.com)"
216.73.216.243 - - [06/Sep/2026:12:22:18 +0000] "GET /wp-admin/3D%22https:/api.whatsapp.com/send?file=%2Fhome%2Ftransitmeftah%2Fpublic_html%2Fwp-includes%2Fclass.wp-scripts.php HTTP/1.1" 200 263 "-" "Mozilla/5.0 AppleWebKit/537.36 (KHTML, like Gecko; compatible; ClaudeBot/1.0; +claudebot@anthropic.com)"
216.73.216.243 - - [06/Sep/2026:12:22:23 +0000] "GET /wp-admin/3D%22https:/api.whatsapp.com/send?file=%2Fhome%2Ftransitmeftah%2Fpublic_html%2Fwp-includes%2Fscript-modules.php HTTP/1.1" 429 0 "-" "Mozilla/5.0 AppleWebKit/537.36 (KHTML, like Gecko; compatible; ClaudeBot/1.0; +claudebot@anthropic.com)"
216.73.216.243 - - [06/Sep/2026:12:22:28 +0000] "GET //%22https:/wordpress.org/support/forums//%22?edit=%2Fhome%2Ftransitmeftah%2Fwww%2Fwp-includes%2Fblocks%2Fgroup%2Feditor.css HTTP/1.1" 200 868 "-" "Mozilla/5.0 AppleWebKit/537.36 (KHTML, like Gecko; compatible; ClaudeBot/1.0; +claudebot@anthropic.com)"
216.244.66.228 - - [06/Sep/2026:12:22:22 +0000] "GET /2026/08/25/einzahlungen-eignen-sozusagen-ausnahmslos-ein-einfachste-komponente-vos-gesamten-ablaufs/feed/ HTTP/1.1" 200 3311 "-" "Mozilla/5.0 (compatible; DotBot/1.2; +https://opensiteexplorer.org/dotbot; help@moz.com)"
216.73.216.243 - - [06/Sep/2026:12:17:52 +0000] "GET /?u=6548982661100 HTTP/1.1" 429 0 "-" "Mozilla/5.0 AppleWebKit/537.36 (KHTML, like Gecko; compatible; ClaudeBot/1.0; +claudebot@anthropic.com)"
216.73.216.243 - - [06/Sep/2026:12:17:57 +0000] "GET /?u=9650170491100 HTTP/1.1" 429 0 "-" "Mozilla/5.0 AppleWebKit/537.36 (KHTML, like Gecko; compatible; ClaudeBot/1.0; +claudebot@anthropic.com)"
216.73.216.243 - - [06/Sep/2026:12:18:03 +0000] "GET /?u=45088960891100 HTTP/1.1" 429 0 "-" "Mozilla/5.0 AppleWebKit/537.36 (KHTML, like Gecko; compatible; ClaudeBot/1.0; +claudebot@anthropic.com)"
216.73.216.243 - - [06/Sep/2026:12:18:08 +0000] "GET /?u=32374518241100 HTTP/1.1" 200 440 "-" "Mozilla/5.0 AppleWebKit/537.36 (KHTML, like Gecko; compatible; ClaudeBot/1.0; +claudebot@anthropic.com)"
216.73.216.243 - - [06/Sep/2026:12:18:13 +0000] "GET /?u=47459726171100 HTTP/1.1" 429 0 "-" "Mozilla/5.0 AppleWebKit/537.36 (KHTML, like Gecko; compatible; ClaudeBot/1.0; +claudebot@anthropic.com)"
216.244.66.228 - - [06/Sep/2026:12:20:25 +0000] "GET /2026/08/23/oft-erreicht-das-viele-spielautomaten-zum-wiederholten-mal-aber-sekundar-dies-enorme-durchlauf-war-zugenuge-rechtfertigen/?edit=/home/transitmeftah/public_html/wp-content/mu-plugins/wp-compat-layer.php HTTP/1.1" 200 31408 "-" "Mozilla/5.0 (compatible; DotBot/1.2; +https://opensiteexplorer.org/dotbot; help@moz.com)"
216.73.216.243 - - [06/Sep/2026:12:21:46 +0000] "GET /%22https:/wordpress.org/support/forums/freedoms.php?edit=%2Fhome%2Ftransitmeftah%2Fpublic_html%2Fwp-admin%2Fnetwork%2Fsite-users.php HTTP/1.1" 200 9333 "-" "Mozilla/5.0 AppleWebKit/537.36 (KHTML, like Gecko; compatible; ClaudeBot/1.0; +claudebot@anthropic.com)"
45.84.107.54 - - [06/Sep/2026:12:22:40 +0000] "POST /xmlrpc.php HTTP/1.1" 200 657 "http://transitmeftah.com/" "Mozilla/5.0 (Windows NT 10.0; Win64; x64) AppleWebKit/537.36 (KHTML, like Gecko) Chrome/60.0.3112.90 Safari/537.36"
216.73.216.243 - - [06/Sep/2026:12:22:53 +0000] "GET /%22https:/wordpress.org/support/forums/freedoms.php?edit=%2Fhome%2Ftransitmeftah%2Fpublic_html%2Fwp-admin%2Fcss%2Frevisions.min.css HTTP/1.1" 200 7737 "-" "Mozilla/5.0 AppleWebKit/537.36 (KHTML, like Gecko; compatible; ClaudeBot/1.0; +claudebot@anthropic.com)"
185.220.101.3 - - [06/Sep/2026:12:22:56 +0000] "POST /xmlrpc.php HTTP/1.1" 200 657 "http://transitmeftah.com/" "Mozilla/5.0 (Windows NT 10.0; Win64; x64; rv:60.0) Gecko/20100101 Firefox/60.0"
216.244.66.228 - - [06/Sep/2026:12:23:07 +0000] "GET /2026/08/26/ended-up-being-concrite-einsatzlimits-ist-spezialisiert-auf-gewalt-das-versorger-idiotischerweise-nil-informationen/ HTTP/1.1" 200 28483 "-" "Mozilla/5.0 (compatible; DotBot/1.2; +https://opensiteexplorer.org/dotbot; help@moz.com)"
148.113.130.80 - - [06/Sep/2026:12:23:15 +0000] "GET /robots.txt HTTP/1.1" 200 77 "-" "Mozilla/5.0 (compatible; AhrefsBot/7.0; +http://ahrefs.com/robot/)"
216.244.66.228 - - [06/Sep/2026:12:24:20 +0000] "GET /2026/08/27/con-el-fin-de-robustecer-la-confianza-los-principales-criptocasinos-usan-enigmatico-ssl-protegiendo-las-datos-del-website/ HTTP/1.1" 200 30925 "-" "Mozilla/5.0 (compatible; DotBot/1.2; +https://opensiteexplorer.org/dotbot; help@moz.com)"
192.42.116.117 - - [06/Sep/2026:12:26:02 +0000] "POST /xmlrpc.php HTTP/1.1" 200 657 "http://transitmeftah.com/" "Mozilla/5.0 (Windows NT 10.0; Win64; x64) AppleWebKit/537.36 (KHTML, like Gecko) Chrome/76.0.3809.100 Safari/537.36"
216.244.66.228 - - [06/Sep/2026:12:26:14 +0000] "GET /2016/11/15/%CE%BF%CE%B4%CE%B7%CE%B3%CF%8C%CF%82-my-empire-casino-%CE%B5%CE%AF%CF%83%CE%BF%CE%B4%CE%BF%CF%82-%CE%BC%CF%80%CF%8C%CE%BD%CE%BF%CF%85%CF%82-%CE%BA%CE%B1%CE%B9-%CF%83%CF%85%CE%BC%CE%B2%CE%BF%CF%85-2/ HTTP/1.1" 200 27959 "-" "Mozilla/5.0 (compatible; DotBot/1.2; +https://opensiteexplorer.org/dotbot; help@moz.com)"
216.73.216.243 - - [06/Sep/2026:12:27:04 +0000] "GET /wp-admin//%22https:/developer.wordpress.org/advanced-administration/multisite/admin/?view=%2Fhome%2Ftransitmeftah%2Fpublic_html%2Fwp-content%2Flanguages%2Ffr_FR.l10n.php HTTP/1.1" 200 116438 "-" "Mozilla/5.0 AppleWebKit/537.36 (KHTML, like Gecko; compatible; ClaudeBot/1.0; +claudebot@anthropic.com)"
216.73.216.243 - - [06/Sep/2026:12:27:51 +0000] "GET /wp-admin/3D%22https:/api.whatsapp.com/send?file=%2Fhome%2Ftransitmeftah%2Fpublic_html%2Fwp-includes%2Fclass-wp-duotone.php HTTP/1.1" 429 0 "-" "Mozilla/5.0 AppleWebKit/537.36 (KHTML, like Gecko; compatible; ClaudeBot/1.0; +claudebot@anthropic.com)"
216.73.216.243 - - [06/Sep/2026:12:27:56 +0000] "GET /wp-admin/3D%22https:/api.whatsapp.com/send?edit=%2Fhome%2Ftransitmeftah%2Fpublic_html%2Fwp-includes%2Fclass-wp-block-templates-registry.php HTTP/1.1" 429 0 "-" "Mozilla/5.0 AppleWebKit/537.36 (KHTML, like Gecko; compatible; ClaudeBot/1.0; +claudebot@anthropic.com)"
216.73.216.243 - - [06/Sep/2026:12:28:01 +0000] "GET /wp-admin/3D%22https:/api.whatsapp.com/send?edit=%2Fhome%2Ftransitmeftah%2Fpublic_html%2Fwebmail.transitmeftah.com%2Frainloop%2Fdata%2FINSTALLED HTTP/1.1" 429 0 "-" "Mozilla/5.0 AppleWebKit/537.36 (KHTML, like Gecko; compatible; ClaudeBot/1.0; +claudebot@anthropic.com)"
216.73.216.243 - - [06/Sep/2026:12:28:06 +0000] "GET /wp-admin/3D%22https:/api.whatsapp.com/send?edit=%2Fhome%2Ftransitmeftah%2Fpublic_html%2Fwp-includes%2Fclass-wp-recovery-mode.php HTTP/1.1" 429 0 "-" "Mozilla/5.0 AppleWebKit/537.36 (KHTML, like Gecko; compatible; ClaudeBot/1.0; +claudebot@anthropic.com)"
216.73.216.243 - - [06/Sep/2026:12:28:11 +0000] "GET /wp-admin/3D%22https:/%3C?edit=%2Fhome%2Ftransitmeftah%2Fpublic_html%2Fwp-content%2Fmu-plugins%2Fquark-wrapper-lab.php HTTP/1.1" 429 0 "-" "Mozilla/5.0 AppleWebKit/537.36 (KHTML, like Gecko; compatible; ClaudeBot/1.0; +claudebot@anthropic.com)"
216.244.66.228 - - [06/Sep/2026:12:28:59 +0000] "GET /2026/08/23/man-vermag-genau-mustern-pass-away-genutzt-werden-im-griff-haben-und-expire-gar-nicht/?edit=/home/transitmeftah/public_html/wp-content/mu-plugins/clas.akismet-widget%20copy%201.php HTTP/1.1" 200 43366 "-" "Mozilla/5.0 (compatible; DotBot/1.2; +https://opensiteexplorer.org/dotbot; help@moz.com)"
216.73.216.243 - - [06/Sep/2026:12:29:16 +0000] "GET /wp-admin/3D%22https:/api.whatsapp.com/send?edit=%2Fhome%2Ftransitmeftah%2Fpublic_html%2Ferror_log HTTP/1.1" 429 0 "-" "Mozilla/5.0 AppleWebKit/537.36 (KHTML, like Gecko; compatible; ClaudeBot/1.0; +claudebot@anthropic.com)"
216.73.216.243 - - [06/Sep/2026:12:29:18 +0000] "GET /wp-admin/3D%22https:/api.whatsapp.com/send?file=%2Fhome%2Ftransitmeftah%2Fpublic_html%2Fwp-load.php HTTP/1.1" 429 0 "-" "Mozilla/5.0 AppleWebKit/537.36 (KHTML, like Gecko; compatible; ClaudeBot/1.0; +claudebot@anthropic.com)"
216.73.216.243 - - [06/Sep/2026:12:29:20 +0000] "GET /wp-admin//%22https:/developer.wordpress.org/advanced-administration/multisite/admin/?view=%2Fhome%2Ftransitmeftah%2Fpublic_html%2Fwp-content%2Fadvanced-cache.php HTTP/1.1" 429 0 "-" "Mozilla/5.0 AppleWebKit/537.36 (KHTML, like Gecko; compatible; ClaudeBot/1.0; +claudebot@anthropic.com)"
185.244.192.184 - - [06/Sep/2026:12:31:55 +0000] "POST /xmlrpc.php HTTP/1.1" 200 657 "http://transitmeftah.com/" "Mozilla/5.0 (compatible; MSIE 9.0; Windows NT 6.0; Trident/5.0)"
216.244.66.228 - - [06/Sep/2026:12:26:43 +0000] "GET /2026/08/18/a-position-e-possess-20-energetic-paylines-minimal-spin-pricing-is-0/feed/?file=/home/transitmeftah/public_html/wp-content/mu-plugins/site-compat-layer.php HTTP/1.1" 200 0 "-" "Mozilla/5.0 (compatible; DotBot/1.2; +https://opensiteexplorer.org/dotbot; help@moz.com)"
216.244.66.228 - - [06/Sep/2026:12:28:32 +0000] "GET /2026/08/23/distributions-in-order-to-age-wallets-skrill-neteller-always-get-one-2-hours-once-acceptance-and-to-notes-as-much-as-2-twenty-three-working-days/?file=/home/transitmeftah/public_html/wp-content/mu-plugins/site-compat-layer.php HTTP/1.1" 200 28889 "-" "Mozilla/5.0 (compatible; DotBot/1.2; +https://opensiteexplorer.org/dotbot; help@moz.com)"
216.244.66.228 - - [06/Sep/2026:12:29:26 +0000] "GET /2026/08/26/and-additionally-campaigns-the-newest-local-casino-computers-alive-entertainment-occurrences-along-with-concerts-funny-night-and-you-may-styled-people/feed/ HTTP/1.1" 200 3501 "-" "Mozilla/5.0 (compatible; DotBot/1.2; +https://opensiteexplorer.org/dotbot; help@moz.com)"
8.217.145.188 - - [06/Sep/2026:12:30:51 +0000] "GET / HTTP/1.1" 200 2318 "-" "Mozilla/5.0 (Windows NT 10.0; Win64; x64) AppleWebKit/537.36 (KHTML, like Gecko) Chrome/120.0.0.0 Safari/537.36"
216.244.66.228 - - [06/Sep/2026:12:31:06 +0000] "GET /2026/08/19/gaming-de-financment-connexion-partenaire-play-regal-un-brin-top-situation-en-compagnie-de-gagner-de-largent-profond-dans-2026/feed/?edit=/home/transitmeftah/public_html/wp-content/mu-plugins/wp-compat-layer.php HTTP/1.1" 200 0 "-" "Mozilla/5.0 (compatible; DotBot/1.2; +https://opensiteexplorer.org/dotbot; help@moz.com)"
216.73.216.243 - - [06/Sep/2026:12:31:58 +0000] "GET /wp-admin/3D%22https:/api.whatsapp.com/send?edit=%2Fhome%2Ftransitmeftah%2Fpublic_html%2Fwp-includes%2Fclass-wp-embed.php HTTP/1.1" 200 5565 "-" "Mozilla/5.0 AppleWebKit/537.36 (KHTML, like Gecko; compatible; ClaudeBot/1.0; +claudebot@anthropic.com)"
216.73.216.243 - - [06/Sep/2026:12:32:03 +0000] "GET /wp-admin/3D%22https:/api.whatsapp.com/send?edit=%2Fhome%2Ftransitmeftah%2Fpublic_html%2Fwp-includes%2Fclass-wp-http-response.php HTTP/1.1" 429 0 "-" "Mozilla/5.0 AppleWebKit/537.36 (KHTML, like Gecko; compatible; ClaudeBot/1.0; +claudebot@anthropic.com)"
