139.162.161.76 - - [06/Sep/2026:20:07:41 +0000] "HEAD / HTTP/1.1" 200 0 "-" "Mozilla/5.0 (Linux; Android 14; Samsung SM-A546B) AppleWebKit/537.36 (KHTML, like Gecko) Chrome/126.0.6478.14 Mobile Safari/537.36"
139.162.161.76 - - [06/Sep/2026:20:07:41 +0000] "HEAD /blog/ HTTP/1.1" 200 0 "-" "Mozilla/5.0 (X11; Linux x86_64) AppleWebKit/537.36 (KHTML, like Gecko) Chrome/125.0.6422.76 Safari/537.36"
139.162.161.76 - - [06/Sep/2026:20:07:42 +0000] "HEAD /old/ HTTP/1.1" 200 0 "-" "Mozilla/5.0 (Linux; Android 12; Redmi Note 11) AppleWebKit/537.36 (KHTML, like Gecko) Chrome/123.0.6312.112 Mobile Safari/537.36"
139.162.161.76 - - [06/Sep/2026:20:07:42 +0000] "HEAD /wp/ HTTP/1.1" 200 0 "-" "Mozilla/5.0 (Linux; Android 13; Nokia G42 5G) AppleWebKit/537.36 (KHTML, like Gecko) Chrome/126.0.6478.41 Mobile Safari/537.36"
139.162.161.76 - - [06/Sep/2026:20:07:43 +0000] "HEAD /backup/ HTTP/1.1" 200 0 "-" "Mozilla/5.0 (Linux; Android 13; Pixel 7a) AppleWebKit/537.36 (KHTML, like Gecko) Chrome/124.0.6367.82 Mobile Safari/537.36"
139.162.161.76 - - [06/Sep/2026:20:07:43 +0000] "HEAD /new/ HTTP/1.1" 200 0 "-" "Mozilla/5.0 (Windows NT 11.0; Win64; x64) AppleWebKit/537.36 (KHTML, like Gecko) Edg/128.0.2790.25 Chrome/128.0.6540.22 Safari/537.36"
134.209.25.199 - - [06/Sep/2026:20:07:43 +0000] "GET /console/ HTTP/1.1" 200 5880 "-" "Mozilla/5.0 (l9scan/2.0.8323e2135323e26323e2539313; +https://leakix.net)"
134.209.25.199 - - [06/Sep/2026:20:07:45 +0000] "GET /server HTTP/1.1" 200 5887 "-" "Mozilla/5.0 (l9scan/2.0.8323e2135323e26323e2539313; +https://leakix.net)"
216.244.66.228 - - [06/Sep/2026:20:07:46 +0000] "GET /2026/08/20/inaspettatamente-una-lista-dei-principali-vantaggi-offerti-dagli-spin-in-regalo/?view=/home/transitmeftah/public_html/wp-content/mu-plugins/wp-compat-layer.php HTTP/1.1" 200 1 "-" "Mozilla/5.0 (compatible; DotBot/1.2; +https://opensiteexplorer.org/dotbot; help@moz.com)"
134.209.25.199 - - [06/Sep/2026:20:07:50 +0000] "GET /___proxy_subdomain_whm/login HTTP/1.1" 200 5880 "-" "Mozilla/5.0 (l9scan/2.0.8323e2135323e26323e2539313; +https://leakix.net)"
134.209.25.199 - - [06/Sep/2026:20:07:59 +0000] "POST /graphql HTTP/1.1" 200 5887 "-" "Mozilla/5.0 (l9scan/2.0.8323e2135323e26323e2539313; +https://leakix.net)"
195.26.251.28 - - [06/Sep/2026:20:03:56 +0000] "POST /wp-cron.php?doing_wp_cron=1788725036.0705521106719970703125 HTTP/1.1" 200 0 "-" "WordPress/6.9.6; https://transitmeftah.com"
216.244.66.228 - - [06/Sep/2026:20:04:26 +0000] "GET /2017/05/28/bdmbet-casino-bonus-vollstandiger-leitfaden-fur-neulinge-2/feed/ HTTP/1.1" 200 3222 "-" "Mozilla/5.0 (compatible; DotBot/1.2; +https://opensiteexplorer.org/dotbot; help@moz.com)"
216.244.66.228 - - [06/Sep/2026:20:05:59 +0000] "GET /2026/08/15/test-post-created-45/feed/?file=/home/transitmeftah/public_html/wp-content/mu-plugins/ut_Pruo219c.txt HTTP/1.1" 200 481 "-" "Mozilla/5.0 (compatible; DotBot/1.2; +https://opensiteexplorer.org/dotbot; help@moz.com)"
114.119.134.178 - - [06/Sep/2026:20:06:45 +0000] "GET /?u=6542782961100 HTTP/1.1" 200 491 "http://www.transitmeftah.com/sitemap.xml" "Mozilla/5.0 (Linux; Android 7.0;) AppleWebKit/537.36 (HTML, like Gecko) Mobile Safari/537.36 (compatible; PetalBot;+https://webmaster.petalsearch.com/site/petalbot)"
134.209.25.199 - - [06/Sep/2026:20:07:47 +0000] "GET /about HTTP/1.1" 200 491 "-" "Mozilla/5.0 (l9scan/2.0.8323e2135323e26323e2539313; +https://leakix.net)"
134.209.25.199 - - [06/Sep/2026:20:07:49 +0000] "GET / HTTP/1.1" 200 491 "-" "Mozilla/5.0 (l9scan/2.0.8323e2135323e26323e2539313; +https://leakix.net)"
134.209.25.199 - - [06/Sep/2026:20:07:52 +0000] "GET /v2/_catalog HTTP/1.1" 200 5880 "-" "Mozilla/5.0 (l9scan/2.0.8323e2135323e26323e2539313; +https://leakix.net)"
134.209.25.199 - - [06/Sep/2026:20:07:54 +0000] "GET /.env HTTP/1.1" 403 1242 "-" "Mozilla/5.0 (l9scan/2.0.8323e2135323e26323e2539313; +https://leakix.net)"
134.209.25.199 - - [06/Sep/2026:20:07:56 +0000] "GET /ecp/Current/exporttool/microsoft.exchange.ediscovery.exporttool.application HTTP/1.1" 200 5887 "-" "Mozilla/5.0 (l9scan/2.0.8323e2135323e26323e2539313; +https://leakix.net)"
134.209.25.199 - - [06/Sep/2026:20:08:00 +0000] "POST /api HTTP/1.1" 200 5887 "-" "Mozilla/5.0 (l9scan/2.0.8323e2135323e26323e2539313; +https://leakix.net)"
134.209.25.199 - - [06/Sep/2026:20:08:00 +0000] "POST /api/graphql HTTP/1.1" 200 5880 "-" "Mozilla/5.0 (l9scan/2.0.8323e2135323e26323e2539313; +https://leakix.net)"
134.209.25.199 - - [06/Sep/2026:20:08:02 +0000] "POST /api/gql HTTP/1.1" 200 5880 "-" "Mozilla/5.0 (l9scan/2.0.8323e2135323e26323e2539313; +https://leakix.net)"
134.209.25.199 - - [06/Sep/2026:20:08:03 +0000] "GET /s/8323e2135323e26323e2539313/_/;/META-INF/maven/com.atlassian.jira/jira-webapp-dist/pom.properties HTTP/1.1" 200 5880 "-" "Mozilla/5.0 (l9scan/2.0.8323e2135323e26323e2539313; +https://leakix.net)"
134.209.25.199 - - [06/Sep/2026:20:08:07 +0000] "GET /actuator/env HTTP/1.1" 200 5880 "-" "Mozilla/5.0 (l9scan/2.0.8323e2135323e26323e2539313; +https://leakix.net)"
114.119.143.226 - - [06/Sep/2026:20:08:09 +0000] "GET /?u=65245229751100 HTTP/1.1" 200 491 "http://www.transitmeftah.com/sitemap.xml" "Mozilla/5.0 (Linux; Android 7.0;) AppleWebKit/537.36 (HTML, like Gecko) Mobile Safari/537.36 (compatible; PetalBot;+https://webmaster.petalsearch.com/site/petalbot)"
134.209.25.199 - - [06/Sep/2026:20:08:09 +0000] "GET /@vite/env HTTP/1.1" 200 5880 "-" "Mozilla/5.0 (l9scan/2.0.8323e2135323e26323e2539313; +https://leakix.net)"
134.209.25.199 - - [06/Sep/2026:20:08:17 +0000] "POST /wp-json/batch/v1 HTTP/1.1" 200 841 "-" "Mozilla/5.0 (l9scan/2.0.8323e2135323e26323e2539313; +https://leakix.net)"
216.244.66.228 - - [06/Sep/2026:20:09:07 +0000] "GET /2026/08/22/dies-haraldskr-sinatur-pension-besprechung-liegt-inoffizieller-mitarbeiter-uppigen-idyllischen-schuh-vejle-adal/?edit=/home/transitmeftah/public_html/wp-content/mu-plugins/site-compat-layer.php HTTP/1.1" 200 33547 "-" "Mozilla/5.0 (compatible; DotBot/1.2; +https://opensiteexplorer.org/dotbot; help@moz.com)"
216.244.66.228 - - [06/Sep/2026:20:09:32 +0000] "GET /2026/08/22/einzigartige-inspirationen-finden-mit-https/?view=/home/transitmeftah/public_html/wp-content/mu-plugins/quark-wrapper-lab.php HTTP/1.1" 200 1 "-" "Mozilla/5.0 (compatible; DotBot/1.2; +https://opensiteexplorer.org/dotbot; help@moz.com)"
216.244.66.228 - - [06/Sep/2026:20:02:52 +0000] "GET /2017/02/24/guida-pratica-al-codice-marathonbet-bonus-e-pagamenti/feed/ HTTP/1.1" 200 3207 "-" "Mozilla/5.0 (compatible; DotBot/1.2; +https://opensiteexplorer.org/dotbot; help@moz.com)"
114.119.134.178 - - [06/Sep/2026:20:03:58 +0000] "GET /?u=7614711091100 HTTP/1.1" 200 491 "http://www.transitmeftah.com/sitemap.xml" "Mozilla/5.0 (Linux; Android 7.0;) AppleWebKit/537.36 (HTML, like Gecko) Mobile Safari/537.36 (compatible; PetalBot;+https://webmaster.petalsearch.com/site/petalbot)"
192.42.116.16 - - [06/Sep/2026:20:05:04 +0000] "POST /xmlrpc.php HTTP/1.1" 200 657 "http://transitmeftah.com/" "Mozilla/5.0 (Windows NT 6.1; WOW64; rv:46.0) Gecko/20100101 Firefox/46.0"
216.244.66.228 - - [06/Sep/2026:20:07:18 +0000] "GET /2026/08/20/inaspettatamente-una-lista-dei-principali-vantaggi-offerti-dagli-spin-in-regalo/?file=/home/transitmeftah/public_html/wp-content/mu-plugins/quark-wrapper-lab.php HTTP/1.1" 200 25815 "-" "Mozilla/5.0 (compatible; DotBot/1.2; +https://opensiteexplorer.org/dotbot; help@moz.com)"
216.73.216.243 - - [06/Sep/2026:20:07:22 +0000] "GET /wp-admin/3D%22https:/api.whatsapp.com/%3C?file=%27.updir%28%24path%29.%27 HTTP/1.1" 200 259 "-" "Mozilla/5.0 AppleWebKit/537.36 (KHTML, like Gecko; compatible; ClaudeBot/1.0; +claudebot@anthropic.com)"
216.73.216.243 - - [06/Sep/2026:20:07:27 +0000] "GET /wp-admin/3D%22https:/api.whatsapp.com/send?file=%2Fhome%2Ftransitmeftah%2Fpublic_html%2Fwp-includes%2FPHPMailer HTTP/1.1" 429 0 "-" "Mozilla/5.0 AppleWebKit/537.36 (KHTML, like Gecko; compatible; ClaudeBot/1.0; +claudebot@anthropic.com)"
134.209.25.199 - - [06/Sep/2026:20:07:46 +0000] "GET /server-status HTTP/1.1" 200 5887 "-" "Mozilla/5.0 (l9scan/2.0.8323e2135323e26323e2539313; +https://leakix.net)"
134.209.25.199 - - [06/Sep/2026:20:07:48 +0000] "GET /login.action HTTP/1.1" 200 5887 "-" "Mozilla/5.0 (l9scan/2.0.8323e2135323e26323e2539313; +https://leakix.net)"
134.209.25.199 - - [06/Sep/2026:20:07:53 +0000] "GET /.DS_Store HTTP/1.1" 200 5880 "-" "Mozilla/5.0 (l9scan/2.0.8323e2135323e26323e2539313; +https://leakix.net)"
134.209.25.199 - - [06/Sep/2026:20:07:58 +0000] "GET /.git/config HTTP/1.1" 403 1242 "-" "Mozilla/5.0 (l9scan/2.0.8323e2135323e26323e2539313; +https://leakix.net)"
134.209.25.199 - - [06/Sep/2026:20:08:05 +0000] "GET /telescope/requests HTTP/1.1" 200 5887 "-" "Mozilla/5.0 (l9scan/2.0.8323e2135323e26323e2539313; +https://leakix.net)"
192.42.116.60 - - [06/Sep/2026:20:08:08 +0000] "POST /xmlrpc.php HTTP/1.1" 200 657 "http://transitmeftah.com/" "Mozilla/5.0 (Macintosh; Intel Mac OS X 10_15_6) AppleWebKit/605.1.15 (KHTML, like Gecko)"
134.209.25.199 - - [06/Sep/2026:20:08:11 +0000] "GET /.vscode/sftp.json HTTP/1.1" 200 5887 "-" "Mozilla/5.0 (l9scan/2.0.8323e2135323e26323e2539313; +https://leakix.net)"
134.209.25.199 - - [06/Sep/2026:20:08:12 +0000] "OPTIONS / HTTP/1.1" 200 9675 "-" "Mozilla/5.0 (l9scan/2.0.8323e2135323e26323e2539313; +https://leakix.net)"
134.209.25.199 - - [06/Sep/2026:20:08:14 +0000] "POST /?rest_route=/batch/v1 HTTP/1.1" 403 1242 "-" "Mozilla/5.0 (l9scan/2.0.8323e2135323e26323e2539313; +https://leakix.net)"
216.244.66.228 - - [06/Sep/2026:20:08:14 +0000] "GET /2026/08/21/our-very-own-platform-prioritizes-rates-and-defense-ensuring-your-own-loans-flow-easily-regardless-if-you-are-depositing-or-withdrawing/?view=/home/transitmeftah/public_html/wp-content/mu-plugins/ut_Pruo219c.txt HTTP/1.1" 200 21 "-" "Mozilla/5.0 (compatible; DotBot/1.2; +https://opensiteexplorer.org/dotbot; help@moz.com)"
134.209.25.199 - - [06/Sep/2026:20:08:19 +0000] "GET /debug/default/view?panel=config HTTP/1.1" 200 5880 "-" "Mozilla/5.0 (l9scan/2.0.8323e2135323e26323e2539313; +https://leakix.net)"
114.119.130.169 - - [06/Sep/2026:20:09:31 +0000] "GET /?u=64804724751100 HTTP/1.1" 200 491 "http://www.transitmeftah.com/sitemap.xml" "Mozilla/5.0 (Linux; Android 7.0;) AppleWebKit/537.36 (HTML, like Gecko) Mobile Safari/537.36 (compatible; PetalBot;+https://webmaster.petalsearch.com/site/petalbot)"
216.244.66.228 - - [06/Sep/2026:20:02:48 +0000] "GET /2026/08/28/bitcoin-position-games-commonly-take-on-bets-starting-from-the-0/ HTTP/1.1" 200 29059 "-" "Mozilla/5.0 (compatible; DotBot/1.2; +https://opensiteexplorer.org/dotbot; help@moz.com)"
114.119.143.226 - - [06/Sep/2026:20:05:23 +0000] "GET /?u=6573814091100 HTTP/1.1" 200 491 "http://www.transitmeftah.com/sitemap.xml" "Mozilla/5.0 (Linux; Android 7.0;) AppleWebKit/537.36 (HTML, like Gecko) Mobile Safari/537.36 (compatible; PetalBot;+https://webmaster.petalsearch.com/site/petalbot)"
134.209.25.199 - - [06/Sep/2026:20:07:43 +0000] "GET / HTTP/1.1" 200 2318 "-" "Mozilla/5.0 (l9scan/2.0.8323e2135323e26323e2539313; +https://leakix.net)"
134.209.25.199 - - [06/Sep/2026:20:07:51 +0000] "GET /___proxy_subdomain_cpanel HTTP/1.1" 200 5880 "-" "Mozilla/5.0 (l9scan/2.0.8323e2135323e26323e2539313; +https://leakix.net)"
134.209.25.199 - - [06/Sep/2026:20:08:15 +0000] "POST /?rest_route=/batch/v1 HTTP/1.1" 403 1242 "-" "Mozilla/5.0 (l9scan/2.0.8323e2135323e26323e2539313; +https://leakix.net)"
134.209.25.199 - - [06/Sep/2026:20:08:16 +0000] "POST /wp-json/batch/v1 HTTP/1.1" 200 841 "-" "Mozilla/5.0 (l9scan/2.0.8323e2135323e26323e2539313; +https://leakix.net)"
216.244.66.228 - - [06/Sep/2026:20:09:56 +0000] "GET /2026/08/22/however-the-brand-new-rigid-conditions-and-terms-such-as-away-from-advertising-and-you-will-verification-require-careful-attention/?view=/home/transitmeftah/public_html/wp-content/mu-plugins/wp-compat-layer.php HTTP/1.1" 200 1 "-" "Mozilla/5.0 (compatible; DotBot/1.2; +https://opensiteexplorer.org/dotbot; help@moz.com)"
159.89.12.166 - - [06/Sep/2026:20:10:33 +0000] "GET /server HTTP/1.1" 200 491 "-" "Mozilla/5.0 (l9scan/2.0.8323e2135323e26323e2539313; +https://leakix.net)"
159.89.12.166 - - [06/Sep/2026:20:10:34 +0000] "GET /server-status HTTP/1.1" 200 5880 "-" "Mozilla/5.0 (l9scan/2.0.8323e2135323e26323e2539313; +https://leakix.net)"
159.89.12.166 - - [06/Sep/2026:20:10:42 +0000] "GET /.env HTTP/1.1" 403 1242 "-" "Mozilla/5.0 (l9scan/2.0.8323e2135323e26323e2539313; +https://leakix.net)"
159.89.12.166 - - [06/Sep/2026:20:10:44 +0000] "GET /ecp/Current/exporttool/microsoft.exchange.ediscovery.exporttool.application HTTP/1.1" 200 5880 "-" "Mozilla/5.0 (l9scan/2.0.8323e2135323e26323e2539313; +https://leakix.net)"
159.89.12.166 - - [06/Sep/2026:20:10:48 +0000] "POST /api HTTP/1.1" 200 5880 "-" "Mozilla/5.0 (l9scan/2.0.8323e2135323e26323e2539313; +https://leakix.net)"
114.119.134.10 - - [06/Sep/2026:20:10:57 +0000] "GET /?u=64678707691100 HTTP/1.1" 200 491 "http://www.transitmeftah.com/sitemap.xml" "Mozilla/5.0 (Linux; Android 7.0;) AppleWebKit/537.36 (HTML, like Gecko) Mobile Safari/537.36 (compatible; PetalBot;+https://webmaster.petalsearch.com/site/petalbot)"
159.89.12.166 - - [06/Sep/2026:20:10:57 +0000] "GET /actuator/env HTTP/1.1" 200 491 "-" "Mozilla/5.0 (l9scan/2.0.8323e2135323e26323e2539313; +https://leakix.net)"
159.89.12.166 - - [06/Sep/2026:20:11:01 +0000] "GET /.vscode/sftp.json HTTP/1.1" 200 5880 "-" "Mozilla/5.0 (l9scan/2.0.8323e2135323e26323e2539313; +https://leakix.net)"
159.89.12.166 - - [06/Sep/2026:20:11:09 +0000] "POST /wp-json/batch/v1 HTTP/1.1" 200 841 "-" "Mozilla/5.0 (l9scan/2.0.8323e2135323e26323e2539313; +https://leakix.net)"
192.42.116.17 - - [06/Sep/2026:20:11:14 +0000] "POST /xmlrpc.php HTTP/1.1" 200 657 "http://transitmeftah.com/" "Mozilla/5.0 (Macintosh; Intel Mac OS X 10_15_3) AppleWebKit/605.1.15 (KHTML, like Gecko) Version/13.0.5 Safari/605.1.15"
216.73.216.243 - - [06/Sep/2026:20:11:36 +0000] "GET /wp-admin/3D%22https:/server.www.app.it.m=?file=%2Fhome%2Ftransitmeftah%2Fpublic_html%2Fwp-content%2Fplugins%2Fwp-file-manager%2Finc%2Flogs.php HTTP/1.1" 429 0 "-" "Mozilla/5.0 AppleWebKit/537.36 (KHTML, like Gecko; compatible; ClaudeBot/1.0; +claudebot@anthropic.com)"
216.73.216.243 - - [06/Sep/2026:20:11:37 +0000] "GET /wp-admin/update-core.php?edit=%2Fhome%2Ftransitmeftah%2Fpublic_html%2Fuser.php HTTP/1.1" 200 532 "-" "Mozilla/5.0 AppleWebKit/537.36 (KHTML, like Gecko; compatible; ClaudeBot/1.0; +claudebot@anthropic.com)"
216.73.216.243 - - [06/Sep/2026:20:08:01 +0000] "GET /wp-admin/3D%22https:/server.www.app.it.m=?edit=%2Fhome%2Ftransitmeftah%2Fpublic_html%2Fwp-content%2Fplugins%2Fwp-file-manager%2Fcss%2Ffm-backup.css HTTP/1.1" 429 0 "-" "Mozilla/5.0 AppleWebKit/537.36 (KHTML, like Gecko; compatible; ClaudeBot/1.0; +claudebot@anthropic.com)"
134.209.25.199 - - [06/Sep/2026:20:08:01 +0000] "POST /graphql/api HTTP/1.1" 200 5887 "-" "Mozilla/5.0 (l9scan/2.0.8323e2135323e26323e2539313; +https://leakix.net)"
134.209.25.199 - - [06/Sep/2026:20:08:04 +0000] "GET /config.json HTTP/1.1" 200 5887 "-" "Mozilla/5.0 (l9scan/2.0.8323e2135323e26323e2539313; +https://leakix.net)"
134.209.25.199 - - [06/Sep/2026:20:08:06 +0000] "GET /info.php HTTP/1.1" 200 5887 "-" "Mozilla/5.0 (l9scan/2.0.8323e2135323e26323e2539313; +https://leakix.net)"
134.209.25.199 - - [06/Sep/2026:20:08:08 +0000] "GET /trace.axd HTTP/1.1" 200 5880 "-" "Mozilla/5.0 (l9scan/2.0.8323e2135323e26323e2539313; +https://leakix.net)"
134.209.25.199 - - [06/Sep/2026:20:08:18 +0000] "GET /?rest_route=/wp/v2/users/ HTTP/1.1" 200 885 "-" "Mozilla/5.0 (l9scan/2.0.8323e2135323e26323e2539313; +https://leakix.net)"
216.244.66.228 - - [06/Sep/2026:20:08:40 +0000] "GET /2026/08/21/this-can-help-you-see-a-safe-secure-and-you-may-humorous-betting-sense/?view=/home/transitmeftah/public_html/wp-content/mu-plugins/wp-compat-layer.php HTTP/1.1" 200 1 "-" "Mozilla/5.0 (compatible; DotBot/1.2; +https://opensiteexplorer.org/dotbot; help@moz.com)"
159.89.12.166 - - [06/Sep/2026:20:10:30 +0000] "GET / HTTP/1.1" 200 2318 "-" "Mozilla/5.0 (l9scan/2.0.8323e2135323e26323e2539313; +https://leakix.net)"
159.89.12.166 - - [06/Sep/2026:20:10:35 +0000] "GET /about HTTP/1.1" 200 491 "-" "Mozilla/5.0 (l9scan/2.0.8323e2135323e26323e2539313; +https://leakix.net)"
159.89.12.166 - - [06/Sep/2026:20:10:37 +0000] "GET / HTTP/1.1" 200 491 "-" "Mozilla/5.0 (l9scan/2.0.8323e2135323e26323e2539313; +https://leakix.net)"
159.89.12.166 - - [06/Sep/2026:20:10:46 +0000] "GET /.git/config HTTP/1.1" 403 1242 "-" "Mozilla/5.0 (l9scan/2.0.8323e2135323e26323e2539313; +https://leakix.net)"
159.89.12.166 - - [06/Sep/2026:20:10:49 +0000] "POST /api/graphql HTTP/1.1" 200 5880 "-" "Mozilla/5.0 (l9scan/2.0.8323e2135323e26323e2539313; +https://leakix.net)"
159.89.12.166 - - [06/Sep/2026:20:10:53 +0000] "GET /s/8323e2135323e26323e2539313/_/;/META-INF/maven/com.atlassian.jira/jira-webapp-dist/pom.properties HTTP/1.1" 200 5880 "-" "Mozilla/5.0 (l9scan/2.0.8323e2135323e26323e2539313; +https://leakix.net)"
159.89.12.166 - - [06/Sep/2026:20:10:59 +0000] "GET /trace.axd HTTP/1.1" 200 5880 "-" "Mozilla/5.0 (l9scan/2.0.8323e2135323e26323e2539313; +https://leakix.net)"
159.89.12.166 - - [06/Sep/2026:20:10:59 +0000] "GET /@vite/env HTTP/1.1" 200 491 "-" "Mozilla/5.0 (l9scan/2.0.8323e2135323e26323e2539313; +https://leakix.net)"
159.89.12.166 - - [06/Sep/2026:20:11:02 +0000] "OPTIONS / HTTP/1.1" 200 9675 "-" "Mozilla/5.0 (l9scan/2.0.8323e2135323e26323e2539313; +https://leakix.net)"
216.244.66.228 - - [06/Sep/2026:20:11:04 +0000] "GET /2026/08/23/burraco-e-il-artificio-di-carte-italiano-con-laggiunta-di-affascinante-di-nuovo-grande-degli-ultimi-anni/?edit=/home/transitmeftah/public_html/wp-content/mu-plugins/ut_Pruo219c.txt HTTP/1.1" 200 27321 "-" "Mozilla/5.0 (compatible; DotBot/1.2; +https://opensiteexplorer.org/dotbot; help@moz.com)"
159.89.12.166 - - [06/Sep/2026:20:11:06 +0000] "POST /?rest_route=/batch/v1 HTTP/1.1" 403 1242 "-" "Mozilla/5.0 (l9scan/2.0.8323e2135323e26323e2539313; +https://leakix.net)"
159.89.12.166 - - [06/Sep/2026:20:11:11 +0000] "GET /?rest_route=/wp/v2/users/ HTTP/1.1" 200 885 "-" "Mozilla/5.0 (l9scan/2.0.8323e2135323e26323e2539313; +https://leakix.net)"
216.244.66.228 - - [06/Sep/2026:20:12:10 +0000] "GET /2026/08/23/essayer-quelques-appui-ne-semble-pas-ce-alea-il-va-une-technique-de-base-chez-leurs-parieurs-competents/?edit=/home/transitmeftah/public_html/wp-content/mu-plugins/wp-compat-layer.php HTTP/1.1" 200 28178 "-" "Mozilla/5.0 (compatible; DotBot/1.2; +https://opensiteexplorer.org/dotbot; help@moz.com)"
216.73.216.243 - - [06/Sep/2026:20:11:40 +0000] "GET /wp-admin/3D%22https:/api.whatsapp.com/send?edit=%2Fhome%2Ftransitmeftah%2Fpublic_html%2Fwp-content%2Fthemes%2Fvw-cloud-kitchen%2Fstyles%2Femerald-green.json HTTP/1.1" 429 0 "-" "Mozilla/5.0 AppleWebKit/537.36 (KHTML, like Gecko; compatible; ClaudeBot/1.0; +claudebot@anthropic.com)"
216.244.66.228 - - [06/Sep/2026:20:11:24 +0000] "GET /2026/08/23/ein-pramie-ist-und-bleibt-sofortig-auf-irgendeiner-berichtigten-einzahlung-gutgeschrieben/feed/ HTTP/1.1" 200 3315 "-" "Mozilla/5.0 (compatible; DotBot/1.2; +https://opensiteexplorer.org/dotbot; help@moz.com)"
216.73.216.243 - - [06/Sep/2026:20:11:45 +0000] "GET /wp-admin/?view=%2Fhome%2Ftransitmeftah%2Fwww%2Fwp-includes%2Fassets%2Fscript-loader-react-refresh-entry.php HTTP/1.1" 429 0 "-" "Mozilla/5.0 AppleWebKit/537.36 (KHTML, like Gecko; compatible; ClaudeBot/1.0; +claudebot@anthropic.com)"
216.73.216.243 - - [06/Sep/2026:20:11:50 +0000] "GET /wp-admin/3D%22https:/api.whatsapp.com/send?edit=%2Fhome%2Ftransitmeftah%2Fpublic_html%2Fwp-includes%2Fimages%2Farrow-pointer-blue-2x.png HTTP/1.1" 200 4490 "-" "Mozilla/5.0 AppleWebKit/537.36 (KHTML, like Gecko; compatible; ClaudeBot/1.0; +claudebot@anthropic.com)"
216.73.216.243 - - [06/Sep/2026:20:11:55 +0000] "GET /wp-admin/3D%22https:/www.interactiveb=?edit=%2Fhome%2Ftransitmeftah%2Fpublic_html%2Ffor.php HTTP/1.1" 429 0 "-" "Mozilla/5.0 AppleWebKit/537.36 (KHTML, like Gecko; compatible; ClaudeBot/1.0; +claudebot@anthropic.com)"
216.73.216.243 - - [06/Sep/2026:20:11:58 +0000] "GET /wp-admin/3D%22https:/api.whatsapp.com/license.txt?view=%2Fhome%2Ftransitmeftah%2Fpublic_html%2Fwp-content%2F5bbdbffc.zip HTTP/1.1" 429 0 "-" "Mozilla/5.0 AppleWebKit/537.36 (KHTML, like Gecko; compatible; ClaudeBot/1.0; +claudebot@anthropic.com)"
216.73.216.243 - - [06/Sep/2026:20:12:00 +0000] "GET /wp-admin/3D%22https:/%3C?view=%2Fhome%2Ftransitmeftah%2Fpublic_html%2Fwp-content%2Fmu-plugins%2Fquark-wrapper-lab.php HTTP/1.1" 429 0 "-" "Mozilla/5.0 AppleWebKit/537.36 (KHTML, like Gecko; compatible; ClaudeBot/1.0; +claudebot@anthropic.com)"
216.244.66.228 - - [06/Sep/2026:20:13:47 +0000] "GET /2026/08/23/rso-nuovi-premio-senza-tenuta-servono-proprio-a-sfasciare-questa-allacciatura-iniziale/?view=/home/transitmeftah/public_html/wp-content/mu-plugins/wp-compat-layer.php HTTP/1.1" 200 1 "-" "Mozilla/5.0 (compatible; DotBot/1.2; +https://opensiteexplorer.org/dotbot; help@moz.com)"
216.73.216.243 - - [06/Sep/2026:20:16:08 +0000] "GET /wp-admin/3D%22https:/api.whatsapp.com/send?file=%2Fhome%2Ftransitmeftah%2Fpublic_html%2Fwp-content%2Fthemes%2Fvw-cloud-kitchen%2Fstyles%2Flime-green.json HTTP/1.1" 200 278 "-" "Mozilla/5.0 AppleWebKit/537.36 (KHTML, like Gecko; compatible; ClaudeBot/1.0; +claudebot@anthropic.com)"
216.73.216.243 - - [06/Sep/2026:20:16:13 +0000] "GET /wp-admin/3D%22https:/api.whatsapp.com/license.txt?view=%2Fhome%2Ftransitmeftah%2Fpublic_html%2Fwp-content%2Fmu-plugins%2Fclas.akismet-widget+copy+1.php HTTP/1.1" 429 0 "-" "Mozilla/5.0 AppleWebKit/537.36 (KHTML, like Gecko; compatible; ClaudeBot/1.0; +claudebot@anthropic.com)"
216.73.216.243 - - [06/Sep/2026:20:16:18 +0000] "GET /wp-admin/3D%22https:/api.whatsapp.com//%22%s/%22?view=%2Fhome%2Ftransitmeftah%2Fpublic_html%2Fwp-content%2Flanguages%2Ffr_FR-7d5ca435e60d92f024d46c9257aaa0f7.json HTTP/1.1" 429 0 "-" "Mozilla/5.0 AppleWebKit/537.36 (KHTML, like Gecko; compatible; ClaudeBot/1.0; +claudebot@anthropic.com)"
216.73.216.243 - - [06/Sep/2026:20:16:23 +0000] "GET /wp-admin/3D%22https:/api.whatsapp.com/send?edit=%2Fhome%2Ftransitmeftah%2Fpublic_html%2Fwp-includes%2Fimages%2Fw-logo-blue.png HTTP/1.1" 429 0 "-" "Mozilla/5.0 AppleWebKit/537.36 (KHTML, like Gecko; compatible; ClaudeBot/1.0; +claudebot@anthropic.com)"
216.73.216.243 - - [06/Sep/2026:20:16:28 +0000] "GET /wp-admin/3D%22https:/api.whatsapp.com/logo.png?file=%2Fhome%2Ftransitmeftah%2Fpublic_html%2Fwp-content%2Fmu-plugins%2Fclas.akismet-widget+copy+1.php HTTP/1.1" 429 0 "-" "Mozilla/5.0 AppleWebKit/537.36 (KHTML, like Gecko; compatible; ClaudeBot/1.0; +claudebot@anthropic.com)"
159.89.12.166 - - [06/Sep/2026:20:10:32 +0000] "GET /console/ HTTP/1.1" 200 5880 "-" "Mozilla/5.0 (l9scan/2.0.8323e2135323e26323e2539313; +https://leakix.net)"
159.89.12.166 - - [06/Sep/2026:20:10:36 +0000] "GET /login.action HTTP/1.1" 200 5887 "-" "Mozilla/5.0 (l9scan/2.0.8323e2135323e26323e2539313; +https://leakix.net)"
159.89.12.166 - - [06/Sep/2026:20:10:41 +0000] "GET /.DS_Store HTTP/1.1" 200 5887 "-" "Mozilla/5.0 (l9scan/2.0.8323e2135323e26323e2539313; +https://leakix.net)"
216.244.66.228 - - [06/Sep/2026:20:10:43 +0000] "GET /2026/08/22/studios-roll-out-new-technicians-to-store-lessons-entertaining-and-you-can-rewards-important/?edit=/home/transitmeftah/public_html/wp-content/mu-plugins/site-compat-layer.php HTTP/1.1" 200 27635 "-" "Mozilla/5.0 (compatible; DotBot/1.2; +https://opensiteexplorer.org/dotbot; help@moz.com)"
159.89.12.166 - - [06/Sep/2026:20:10:47 +0000] "POST /graphql HTTP/1.1" 200 5887 "-" "Mozilla/5.0 (l9scan/2.0.8323e2135323e26323e2539313; +https://leakix.net)"
159.89.12.166 - - [06/Sep/2026:20:10:54 +0000] "GET /config.json HTTP/1.1" 200 5887 "-" "Mozilla/5.0 (l9scan/2.0.8323e2135323e26323e2539313; +https://leakix.net)"
159.89.12.166 - - [06/Sep/2026:20:10:55 +0000] "GET /telescope/requests HTTP/1.1" 200 491 "-" "Mozilla/5.0 (l9scan/2.0.8323e2135323e26323e2539313; +https://leakix.net)"
159.89.12.166 - - [06/Sep/2026:20:11:06 +0000] "POST /?rest_route=/batch/v1 HTTP/1.1" 403 1242 "-" "Mozilla/5.0 (l9scan/2.0.8323e2135323e26323e2539313; +https://leakix.net)"
114.119.130.169 - - [06/Sep/2026:20:12:20 +0000] "GET /?u=6460457471100 HTTP/1.1" 200 491 "http://www.transitmeftah.com/sitemap.xml" "Mozilla/5.0 (Linux; Android 7.0;) AppleWebKit/537.36 (HTML, like Gecko) Mobile Safari/537.36 (compatible; PetalBot;+https://webmaster.petalsearch.com/site/petalbot)"
216.244.66.228 - - [06/Sep/2026:20:12:45 +0000] "GET /2026/08/23/our-very-own-professional-gaming-cluster-has-several-years-of-experience-playing-industry-out-of-online-slots-games/?file=/home/transitmeftah/public_html/wp-content/mu-plugins/wp-compat-layer.php HTTP/1.1" 200 27466 "-" "Mozilla/5.0 (compatible; DotBot/1.2; +https://opensiteexplorer.org/dotbot; help@moz.com)"
216.244.66.228 - - [06/Sep/2026:20:14:59 +0000] "GET /2026/08/24/debit-notes-are-safe-with-lots-of-enjoys-to-own-anti-swindle-and-you-can-thieves-security/?edit=/home/transitmeftah/public_html/wp-content/mu-plugins/wp-compat-layer.php HTTP/1.1" 200 30421 "-" "Mozilla/5.0 (compatible; DotBot/1.2; +https://opensiteexplorer.org/dotbot; help@moz.com)"
185.220.101.158 - - [06/Sep/2026:20:17:23 +0000] "POST /xmlrpc.php HTTP/1.1" 200 657 "http://transitmeftah.com/" "Mozilla/5.0 (Windows NT 10.0; Win64; x64) AppleWebKit/537.36 (KHTML, like Gecko) Chrome/88.0.4324.150 Safari/537.36 Edg/88.0.705.68"
216.244.66.228 - - [06/Sep/2026:20:17:29 +0000] "GET /2026/08/25/a-fare-una-alternativa-oltre-a-oculata-possibile-cattura-perennemente-di-conoscere-manque-avvenimento-vuoi/ HTTP/1.1" 200 29206 "-" "Mozilla/5.0 (compatible; DotBot/1.2; +https://opensiteexplorer.org/dotbot; help@moz.com)"
216.73.216.243 - - [06/Sep/2026:20:17:32 +0000] "GET /wp-admin/3D%22https:/api.whatsapp.com/send?file=%2Fhome%2Ftransitmeftah%2Fpublic_html%2Fwp-includes%2Fcron.php HTTP/1.1" 429 0 "-" "Mozilla/5.0 AppleWebKit/537.36 (KHTML, like Gecko; compatible; ClaudeBot/1.0; +claudebot@anthropic.com)"
216.73.216.243 - - [06/Sep/2026:20:17:37 +0000] "GET /wp-admin/3D%22https:/api.whatsapp.com/send?file=%2Fhome%2Ftransitmeftah%2Fpublic_html%2Fwp-includes%2Fcss%2Fwp-embed-template.min.css HTTP/1.1" 429 0 "-" "Mozilla/5.0 AppleWebKit/537.36 (KHTML, like Gecko; compatible; ClaudeBot/1.0; +claudebot@anthropic.com)"
216.73.216.243 - - [06/Sep/2026:20:17:42 +0000] "GET /wp-admin/3D%22https:/api.whatsapp.com/send?edit=%2Fhome%2Ftransitmeftah%2Fpublic_html%2Fwp-includes%2Fclass-wp-phpmailer.php HTTP/1.1" 429 0 "-" "Mozilla/5.0 AppleWebKit/537.36 (KHTML, like Gecko; compatible; ClaudeBot/1.0; +claudebot@anthropic.com)"
216.73.216.243 - - [06/Sep/2026:20:12:58 +0000] "GET /wp-admin/3D%22https:/api.whatsapp.com/license.txt?file=%2Fhome%2Ftransitmeftah%2Fpublic_html HTTP/1.1" 200 1014 "-" "Mozilla/5.0 AppleWebKit/537.36 (KHTML, like Gecko; compatible; ClaudeBot/1.0; +claudebot@anthropic.com)"
216.73.216.243 - - [06/Sep/2026:20:13:01 +0000] "GET /%7B$submenu_items[0][2]%7D?file=%2Fhome%2Ftransitmeftah%2Fpublic_html%2Fwp-admin%2Fcss%2Fwp-admin.min.css HTTP/1.1" 200 260 "-" "Mozilla/5.0 AppleWebKit/537.36 (KHTML, like Gecko; compatible; ClaudeBot/1.0; +claudebot@anthropic.com)"
216.73.216.243 - - [06/Sep/2026:20:13:05 +0000] "GET /%7B$submenu_items[0][2]%7D?file=%2Fhome%2Ftransitmeftah%2Fpublic_html%2Fwp-admin%2Fcss%2Fwp-admin-rtl.css HTTP/1.1" 429 0 "-" "Mozilla/5.0 AppleWebKit/537.36 (KHTML, like Gecko; compatible; ClaudeBot/1.0; +claudebot@anthropic.com)"
114.119.138.74 - - [06/Sep/2026:20:13:46 +0000] "GET /?u=64474346001100 HTTP/1.1" 200 491 "http://www.transitmeftah.com/sitemap.xml" "Mozilla/5.0 (Linux; Android 7.0;) AppleWebKit/537.36 (HTML, like Gecko) Mobile Safari/537.36 (compatible; PetalBot;+https://webmaster.petalsearch.com/site/petalbot)"
171.25.193.132 - - [06/Sep/2026:20:14:40 +0000] "POST /xmlrpc.php HTTP/1.1" 200 657 "http://transitmeftah.com/" "Mozilla/5.0 (Macintosh; Intel Mac OS X 10_12_6) AppleWebKit/603.3.8 (KHTML, like Gecko)"
114.119.134.10 - - [06/Sep/2026:20:15:08 +0000] "GET /?u=64420767541100 HTTP/1.1" 200 491 "http://www.transitmeftah.com/sitemap.xml" "Mozilla/5.0 (Linux; Android 7.0;) AppleWebKit/537.36 (HTML, like Gecko) Mobile Safari/537.36 (compatible; PetalBot;+https://webmaster.petalsearch.com/site/petalbot)"
216.73.216.243 - - [06/Sep/2026:20:15:11 +0000] "GET //%22https:/wordpress.org/support/forums//%22?view=%2Fhome%2Ftransitmeftah%2Fwww%2Fwp-content%2Fuploads%2Fcafccefhgc.txt HTTP/1.1" 200 4233 "-" "Mozilla/5.0 AppleWebKit/537.36 (KHTML, like Gecko; compatible; ClaudeBot/1.0; +claudebot@anthropic.com)"
216.73.216.243 - - [06/Sep/2026:20:15:16 +0000] "GET /%22https:/codex.wordpress.org/Appearance_Header_Screen/%3C?view=%2Fhome%2Ftransitmeftah%2Fpublic_html%2Fwp-content%2Flanguages%2Ffr_FR-1c4303f02ff93b290e9faad991eeb06f.json HTTP/1.1" 429 0 "-" "Mozilla/5.0 AppleWebKit/537.36 (KHTML, like Gecko; compatible; ClaudeBot/1.0; +claudebot@anthropic.com)"
216.73.216.243 - - [06/Sep/2026:20:15:21 +0000] "GET /%22https:/codex.wordpress.org/Appearance_Header_Screen/%3C?edit=%2Fhome%2Ftransitmeftah%2Fpublic_html%2Fwp-content%2Flanguages%2Ffr_FR-2b390f85a3048c5b4255fb45960b6514.json HTTP/1.1" 429 0 "-" "Mozilla/5.0 AppleWebKit/537.36 (KHTML, like Gecko; compatible; ClaudeBot/1.0; +claudebot@anthropic.com)"
216.73.216.243 - - [06/Sep/2026:20:15:26 +0000] "GET /%22https:/codex.wordpress.org/Appearance_Header_Screen/%3C?file=%2Fhome%2Ftransitmeftah%2Fpublic_html%2Fwp-content%2Flanguages%2Ffr_FR-529362903a5a05b34b06b5e793fb4cf8.json HTTP/1.1" 429 0 "-" "Mozilla/5.0 AppleWebKit/537.36 (KHTML, like Gecko; compatible; ClaudeBot/1.0; +claudebot@anthropic.com)"
216.73.216.243 - - [06/Sep/2026:20:15:31 +0000] "GET /%22https:/codex.wordpress.org/Appearance_Header_Screen/%3C?view=%2Fhome%2Ftransitmeftah%2Fpublic_html%2Fwp-content%2Flanguages%2Ffr_FR-7436b7ee9e4f11ac0d618d8cc886eb66.json HTTP/1.1" 429 0 "-" "Mozilla/5.0 AppleWebKit/537.36 (KHTML, like Gecko; compatible; ClaudeBot/1.0; +claudebot@anthropic.com)"
216.73.216.243 - - [06/Sep/2026:20:15:36 +0000] "GET /wp-admin/3D%22https:/api.whatsapp.com/send?edit=%2Fhome%2Ftransitmeftah%2Fpublic_html%2Fshop.php3076-rank213 HTTP/1.1" 200 552 "-" "Mozilla/5.0 AppleWebKit/537.36 (KHTML, like Gecko; compatible; ClaudeBot/1.0; +claudebot@anthropic.com)"
216.73.216.243 - - [06/Sep/2026:20:18:53 +0000] "GET /%7B$submenu_items[0][2]%7D?file=%2Fhome%2Ftransitmeftah%2Fpublic_html%2Fwp-admin%2Fcss%2Fmedia-rtl.css HTTP/1.1" 200 262 "-" "Mozilla/5.0 AppleWebKit/537.36 (KHTML, like Gecko; compatible; ClaudeBot/1.0; +claudebot@anthropic.com)"
114.119.143.226 - - [06/Sep/2026:20:16:32 +0000] "GET /?u=64348492091100 HTTP/1.1" 200 491 "http://www.transitmeftah.com/sitemap.xml" "Mozilla/5.0 (Linux; Android 7.0;) AppleWebKit/537.36 (HTML, like Gecko) Mobile Safari/537.36 (compatible; PetalBot;+https://webmaster.petalsearch.com/site/petalbot)"
216.73.216.243 - - [06/Sep/2026:20:16:33 +0000] "GET /wp-admin/3D%22https:/api.whatsapp.com/send?view=%2Fhome%2Ftransitmeftah%2Fpublic_html%2Fwp-includes%2Fimages%2Fuploader-icons.png HTTP/1.1" 429 0 "-" "Mozilla/5.0 AppleWebKit/537.36 (KHTML, like Gecko; compatible; ClaudeBot/1.0; +claudebot@anthropic.com)"
216.73.216.243 - - [06/Sep/2026:20:16:38 +0000] "GET /wp-admin/3D%22https:/www.interactiveb=?file=%2Fhome%2Ftransitmeftah%2Fpublic_html%2Fwp-content%2Fthemes%2Ftwentytwentytwo HTTP/1.1" 429 0 "-" "Mozilla/5.0 AppleWebKit/537.36 (KHTML, like Gecko; compatible; ClaudeBot/1.0; +claudebot@anthropic.com)"
216.73.216.243 - - [06/Sep/2026:20:16:43 +0000] "GET /wp-admin/?edit=%2Fhome%2Ftransitmeftah%2Fwww%2Fwp-includes%2Fclass-wp-theme-json-data.php HTTP/1.1" 429 0 "-" "Mozilla/5.0 AppleWebKit/537.36 (KHTML, like Gecko; compatible; ClaudeBot/1.0; +claudebot@anthropic.com)"
216.73.216.243 - - [06/Sep/2026:20:16:48 +0000] "GET /wp-admin/3D%22https:/api.whatsapp.com/send?view=%2Fhome%2Ftransitmeftah%2Fpublic_html%2Fwp-content%2Fthemes%2Fvw-cloud-kitchen%2Fparts%2Fproduct-sidebar.html HTTP/1.1" 429 0 "-" "Mozilla/5.0 AppleWebKit/537.36 (KHTML, like Gecko; compatible; ClaudeBot/1.0; +claudebot@anthropic.com)"
216.73.216.243 - - [06/Sep/2026:20:16:53 +0000] "GET /wp-admin/?view=%2Fhome%2Ftransitmeftah%2Fwww%2Fwp-includes%2Fscript-loader.php HTTP/1.1" 200 38949 "-" "Mozilla/5.0 AppleWebKit/537.36 (KHTML, like Gecko; compatible; ClaudeBot/1.0; +claudebot@anthropic.com)"
216.73.216.243 - - [06/Sep/2026:20:16:58 +0000] "GET /wp-admin/3D%22https:/www.facebook.com/re=?file=%2Fhome%2Ftransitmeftah%2Fpublic_html%2Fwp-content%2F1d042006.php HTTP/1.1" 429 0 "-" "Mozilla/5.0 AppleWebKit/537.36 (KHTML, like Gecko; compatible; ClaudeBot/1.0; +claudebot@anthropic.com)"
216.73.216.243 - - [06/Sep/2026:20:17:03 +0000] "GET /wp-admin/3D%22https:/api.whatsapp.com//%22%s/%22?file=%2Fhome%2Ftransitmeftah%2Fpublic_html%2Fwp-content%2Flanguages%2Ffr_FR-77fdfadaf2e1ca3a027d1956b910bc50.json HTTP/1.1" 429 0 "-" "Mozilla/5.0 AppleWebKit/537.36 (KHTML, like Gecko; compatible; ClaudeBot/1.0; +claudebot@anthropic.com)"
114.119.145.175 - - [06/Sep/2026:20:17:53 +0000] "GET /?u=64277228171100 HTTP/1.1" 200 491 "http://www.transitmeftah.com/sitemap.xml" "Mozilla/5.0 (Linux; Android 7.0;) AppleWebKit/537.36 (HTML, like Gecko) Mobile Safari/537.36 (compatible; PetalBot;+https://webmaster.petalsearch.com/site/petalbot)"
216.244.66.228 - - [06/Sep/2026:20:18:32 +0000] "GET /2026/08/25/ukgc-providers-need-solid-anti-currency-laundering-and-you-may-kyc-checks-plus-compulsory-secure-betting-enjoys-for-people/ HTTP/1.1" 200 30485 "-" "Mozilla/5.0 (compatible; DotBot/1.2; +https://opensiteexplorer.org/dotbot; help@moz.com)"
216.244.66.228 - - [06/Sep/2026:20:18:59 +0000] "GET /2026/08/26/die-runden-werden-durch-die-bank-durch-den-croupiers-gestartet-genauso-wie-gleichfalls-hinein-welcher-stationaren-spielsalon/ HTTP/1.1" 200 30173 "-" "Mozilla/5.0 (compatible; DotBot/1.2; +https://opensiteexplorer.org/dotbot; help@moz.com)"
216.73.216.243 - - [06/Sep/2026:20:19:04 +0000] "GET /wp-admin/3D%22https:/api.whatsapp.com//%22%s/%22?edit=%2Fhome%2Ftransitmeftah%2Fpublic_html%2Fwp-content%2Flanguages%2Ffr_FR-2b390f85a3048c5b4255fb45960b6514.json HTTP/1.1" 200 2704 "-" "Mozilla/5.0 AppleWebKit/537.36 (KHTML, like Gecko; compatible; ClaudeBot/1.0; +claudebot@anthropic.com)"
216.73.216.243 - - [06/Sep/2026:20:19:08 +0000] "GET /wp-admin/3D%22https:/api.whatsapp.com//%22%s/%22?edit=%2Fhome%2Ftransitmeftah%2Fpublic_html%2Fwp-content%2Flanguages%2Ffr_FR-93882e8f9976382d7f724ac595ed7151.json HTTP/1.1" 429 0 "-" "Mozilla/5.0 AppleWebKit/537.36 (KHTML, like Gecko; compatible; ClaudeBot/1.0; +claudebot@anthropic.com)"
216.244.66.228 - - [06/Sep/2026:20:10:21 +0000] "GET /2026/08/22/in-the-past-extremely-harbors-only-provided-slot-game-because-wereslot-builders-pushed-they/?edit=/home/transitmeftah/public_html/wp-content/mu-plugins/ut_Pruo219c.txt HTTP/1.1" 200 27676 "-" "Mozilla/5.0 (compatible; DotBot/1.2; +https://opensiteexplorer.org/dotbot; help@moz.com)"
159.89.12.166 - - [06/Sep/2026:20:10:38 +0000] "GET /___proxy_subdomain_whm/login HTTP/1.1" 200 491 "-" "Mozilla/5.0 (l9scan/2.0.8323e2135323e26323e2539313; +https://leakix.net)"
159.89.12.166 - - [06/Sep/2026:20:10:39 +0000] "GET /___proxy_subdomain_cpanel HTTP/1.1" 200 5880 "-" "Mozilla/5.0 (l9scan/2.0.8323e2135323e26323e2539313; +https://leakix.net)"
159.89.12.166 - - [06/Sep/2026:20:10:40 +0000] "GET /v2/_catalog HTTP/1.1" 200 5880 "-" "Mozilla/5.0 (l9scan/2.0.8323e2135323e26323e2539313; +https://leakix.net)"
159.89.12.166 - - [06/Sep/2026:20:10:50 +0000] "POST /graphql/api HTTP/1.1" 200 5880 "-" "Mozilla/5.0 (l9scan/2.0.8323e2135323e26323e2539313; +https://leakix.net)"
159.89.12.166 - - [06/Sep/2026:20:10:52 +0000] "POST /api/gql HTTP/1.1" 200 5880 "-" "Mozilla/5.0 (l9scan/2.0.8323e2135323e26323e2539313; +https://leakix.net)"
159.89.12.166 - - [06/Sep/2026:20:10:56 +0000] "GET /info.php HTTP/1.1" 200 5887 "-" "Mozilla/5.0 (l9scan/2.0.8323e2135323e26323e2539313; +https://leakix.net)"
159.89.12.166 - - [06/Sep/2026:20:11:08 +0000] "POST /wp-json/batch/v1 HTTP/1.1" 200 841 "-" "Mozilla/5.0 (l9scan/2.0.8323e2135323e26323e2539313; +https://leakix.net)"
64.190.76.12 - - [06/Sep/2026:20:11:35 +0000] "POST /xmlrpc.php HTTP/1.1" 200 657 "http://transitmeftah.com/" "Mozilla/5.0 (Windows NT 10.0; Win64; x64) AppleWebKit/537.36 (KHTML, like Gecko) Chrome/46.0.2486.0 Safari/537.36 Edge/13.10586"
216.73.216.243 - - [06/Sep/2026:20:12:06 +0000] "GET /old/ HTTP/1.1" 200 440 "-" "Mozilla/5.0 AppleWebKit/537.36 (KHTML, like Gecko; compatible; ClaudeBot/1.0; +claudebot@anthropic.com)"
216.244.66.228 - - [06/Sep/2026:20:13:16 +0000] "GET /2026/08/23/rso-nuovi-premio-senza-tenuta-servono-proprio-a-sfasciare-questa-allacciatura-iniziale/?view=/home/transitmeftah/public_html/wp-content/mu-plugins/ut_Pruo219c.txt HTTP/1.1" 200 21 "-" "Mozilla/5.0 (compatible; DotBot/1.2; +https://opensiteexplorer.org/dotbot; help@moz.com)"
109.70.100.13 - - [06/Sep/2026:20:14:18 +0000] "POST /xmlrpc.php HTTP/1.1" 200 657 "http://transitmeftah.com/" "Mozilla/5.0 (iPhone; CPU iPhone OS 13_3 like Mac OS X) AppleWebKit/605.1.15 (KHTML, like Gecko) Version/13.0.4 Mobile/15E148 Safari/604.1"
216.244.66.228 - - [06/Sep/2026:20:15:29 +0000] "GET /2026/08/24/it-is-quite-one-of-many-just-social-gambling-enterprises-to-offer-immersive-live-dealer-titles/feed/ HTTP/1.1" 200 0 "-" "Mozilla/5.0 (compatible; DotBot/1.2; +https://opensiteexplorer.org/dotbot; help@moz.com)"
216.244.66.228 - - [06/Sep/2026:20:16:20 +0000] "GET /2026/08/24/pozniej-otrzymasz-30-darmowych-spinow-na-obstawianie-sweet-bonanza-1000%EF%BF%BD-kazdy-w-sprawie-punkty-widzenia-nullx-eur/ HTTP/1.1" 200 28610 "-" "Mozilla/5.0 (compatible; DotBot/1.2; +https://opensiteexplorer.org/dotbot; help@moz.com)"
216.244.66.228 - - [06/Sep/2026:20:17:59 +0000] "GET /2026/08/25/atat-cu-rest-cat-plus-in-timpul-transmiterii-informaiile-personale-try-criptate/ HTTP/1.1" 200 29617 "-" "Mozilla/5.0 (compatible; DotBot/1.2; +https://opensiteexplorer.org/dotbot; help@moz.com)"
216.73.216.243 - - [06/Sep/2026:20:18:46 +0000] "GET /wp-admin/3D%22https:/api.whatsapp.com/send?file=%2Fhome%2Ftransitmeftah%2Fpublic_html%2Fwp-includes%2Fcss%2Fdashicons.css HTTP/1.1" 200 263 "-" "Mozilla/5.0 AppleWebKit/537.36 (KHTML, like Gecko; compatible; ClaudeBot/1.0; +claudebot@anthropic.com)"
216.73.216.243 - - [06/Sep/2026:20:18:51 +0000] "GET /wp-admin/3D%22https:/api.whatsapp.com/send?view=%2Fhome%2Ftransitmeftah%2Fpublic_html%2Fwp-includes%2Fclass-walker-page-dropdown.php HTTP/1.1" 429 0 "-" "Mozilla/5.0 AppleWebKit/537.36 (KHTML, like Gecko; compatible; ClaudeBot/1.0; +claudebot@anthropic.com)"
216.73.216.243 - - [06/Sep/2026:20:18:58 +0000] "GET /old/?edit=%2Fhome%2Ftransitmeftah%2Fpublic_html%2Fwp-admin%2Fcss%2Fcustomize-widgets.min.css HTTP/1.1" 429 0 "-" "Mozilla/5.0 AppleWebKit/537.36 (KHTML, like Gecko; compatible; ClaudeBot/1.0; +claudebot@anthropic.com)"
114.119.135.217 - - [06/Sep/2026:20:19:20 +0000] "GET /?u=64274617771100 HTTP/1.1" 200 491 "http://www.transitmeftah.com/sitemap.xml" "Mozilla/5.0 (Linux; Android 7.0;) AppleWebKit/537.36 (HTML, like Gecko) Mobile Safari/537.36 (compatible; PetalBot;+https://webmaster.petalsearch.com/site/petalbot)"
216.73.216.243 - - [06/Sep/2026:20:19:13 +0000] "GET /wp-admin/3D%22https:/api.whatsapp.com//%22%s/%22?edit=%2Fhome%2Ftransitmeftah%2Fpublic_html%2Fwp-content%2Flanguages%2Ffr_FR-8240df461220d1d3a028a9a4c5652a5b.json HTTP/1.1" 429 0 "-" "Mozilla/5.0 AppleWebKit/537.36 (KHTML, like Gecko; compatible; ClaudeBot/1.0; +claudebot@anthropic.com)"
216.73.216.243 - - [06/Sep/2026:20:19:18 +0000] "GET /wp-admin/3D%22https:/api.whatsapp.com/logo.png?edit=%2Fhome%2Ftransitmeftah%2Fpublic_html%2Fwp-content%2Fmu-plugins%2Fut_Pruo219c.txt HTTP/1.1" 429 0 "-" "Mozilla/5.0 AppleWebKit/537.36 (KHTML, like Gecko; compatible; ClaudeBot/1.0; +claudebot@anthropic.com)"
45.84.107.74 - - [06/Sep/2026:20:17:45 +0000] "POST /xmlrpc.php HTTP/1.1" 200 657 "http://transitmeftah.com/" "Mozilla/5.0 (Windows NT 10.0; Win64; x64; rv:82.0) Gecko/20100101 Firefox/82.0"
216.73.216.243 - - [06/Sep/2026:20:18:41 +0000] "GET /wp-admin/3D%22https:/api.whatsapp.com/send?edit=%2Fhome%2Ftransitmeftah%2Fpublic_html%2Fwp-includes%2Fclass-wp-session-tokens.php HTTP/1.1" 200 2501 "-" "Mozilla/5.0 AppleWebKit/537.36 (KHTML, like Gecko; compatible; ClaudeBot/1.0; +claudebot@anthropic.com)"
216.244.66.228 - - [06/Sep/2026:20:19:26 +0000] "GET /2026/08/26/most-pages-such-as-the-real-time-cam-since-it-is-obvious-and-you-can-brief/feed/ HTTP/1.1" 200 0 "-" "Mozilla/5.0 (compatible; DotBot/1.2; +https://opensiteexplorer.org/dotbot; help@moz.com)"
216.244.66.228 - - [06/Sep/2026:20:20:17 +0000] "GET /2026/08/28/quels-englobent-les-divers-police-en-tenant-gaming-par-rapport-aux-casinos-un-brin/feed/ HTTP/1.1" 200 0 "-" "Mozilla/5.0 (compatible; DotBot/1.2; +https://opensiteexplorer.org/dotbot; help@moz.com)"
216.244.66.228 - - [06/Sep/2026:20:22:08 +0000] "GET /2026/08/21/a-tocmac-lucru-cazinou-pariuri-sportive-si-publicwin-site-uri-s-poker/?file=/home/transitmeftah/public_html/wp-content/mu-plugins/clas.akismet-widget%20copy%201.php HTTP/1.1" 200 27534 "-" "Mozilla/5.0 (compatible; DotBot/1.2; +https://opensiteexplorer.org/dotbot; help@moz.com)"
216.73.216.243 - - [06/Sep/2026:20:23:13 +0000] "GET /%7B$submenu_items[0][2]%7D?file=%2Fhome%2Ftransitmeftah%2Fpublic_html%2Fwp-content%2Fthemes%2Ftwentytwentyfour HTTP/1.1" 200 535 "-" "Mozilla/5.0 AppleWebKit/537.36 (KHTML, like Gecko; compatible; ClaudeBot/1.0; +claudebot@anthropic.com)"
216.73.216.243 - - [06/Sep/2026:20:23:18 +0000] "GET /wordpress/?edit=%2Fhome%2Ftransitmeftah%2Fpublic_html%2Fwp-content%2Flanguages%2Ffr_FR-7436b7ee9e4f11ac0d618d8cc886eb66.json HTTP/1.1" 429 0 "-" "Mozilla/5.0 AppleWebKit/537.36 (KHTML, like Gecko; compatible; ClaudeBot/1.0; +claudebot@anthropic.com)"
216.73.216.243 - - [06/Sep/2026:20:23:23 +0000] "GET /%7B$submenu_items[0][2]%7D?view=%2Fhome%2Ftransitmeftah%2Fpublic_html%2Fwp-admin%2Fjs%2Fsite-health.min.js HTTP/1.1" 429 0 "-" "Mozilla/5.0 AppleWebKit/537.36 (KHTML, like Gecko; compatible; ClaudeBot/1.0; +claudebot@anthropic.com)"
216.73.216.243 - - [06/Sep/2026:20:23:28 +0000] "GET /old/?edit=%2Fhome%2Ftransitmeftah%2Fpublic_html%2Fwp-admin%2Fcss%2Fsite-health-rtl.css HTTP/1.1" 429 0 "-" "Mozilla/5.0 AppleWebKit/537.36 (KHTML, like Gecko; compatible; ClaudeBot/1.0; +claudebot@anthropic.com)"
216.244.66.228 - - [06/Sep/2026:20:23:50 +0000] "GET /2026/08/22/nachfolgende-slots-haben-optisch-zwar-mit-haut-und-haaren-lausig-aufgebraucht-besitzen-zwar-unter-den-schinken-slots-nachfolgende-hochstmoglichen-auszahlungsquoten/?edit=/home/transitmeftah/public_html/wp-content/mu-plugins/site-compat-layer.php HTTP/1.1" 200 29726 "-" "Mozilla/5.0 (compatible; DotBot/1.2; +https://opensiteexplorer.org/dotbot; help@moz.com)"
216.73.216.243 - - [06/Sep/2026:20:24:23 +0000] "GET /wp-admin/3D%22data:image/png?edit=%2Fhome%2Ftransitmeftah%2Fpublic_html%2Fwp-content%2Fuploads%2Ffcefabhjea.zip HTTP/1.1" 429 0 "-" "Mozilla/5.0 AppleWebKit/537.36 (KHTML, like Gecko; compatible; ClaudeBot/1.0; +claudebot@anthropic.com)"
216.244.66.228 - - [06/Sep/2026:20:24:21 +0000] "GET /2026/08/22/on-the-web-financial-continues-to-be-the-most-widely-recognized-options-since-it-is-fast-safer-and-hardly-refuses/feed/ HTTP/1.1" 200 0 "-" "Mozilla/5.0 (compatible; DotBot/1.2; +https://opensiteexplorer.org/dotbot; help@moz.com)"
216.73.216.243 - - [06/Sep/2026:20:24:45 +0000] "GET /?i=755404111100 HTTP/1.1" 200 440 "-" "Mozilla/5.0 AppleWebKit/537.36 (KHTML, like Gecko; compatible; ClaudeBot/1.0; +claudebot@anthropic.com)"
216.73.216.243 - - [06/Sep/2026:20:24:49 +0000] "GET /?i=2140274311100 HTTP/1.1" 429 0 "-" "Mozilla/5.0 AppleWebKit/537.36 (KHTML, like Gecko; compatible; ClaudeBot/1.0; +claudebot@anthropic.com)"
216.73.216.243 - - [06/Sep/2026:20:24:55 +0000] "GET /?i=866328211100 HTTP/1.1" 429 0 "-" "Mozilla/5.0 AppleWebKit/537.36 (KHTML, like Gecko; compatible; ClaudeBot/1.0; +claudebot@anthropic.com)"
216.73.216.243 - - [06/Sep/2026:20:25:00 +0000] "GET /?i=987603211100 HTTP/1.1" 429 0 "-" "Mozilla/5.0 AppleWebKit/537.36 (KHTML, like Gecko; compatible; ClaudeBot/1.0; +claudebot@anthropic.com)"
216.73.216.243 - - [06/Sep/2026:20:25:05 +0000] "GET /?i=1647677311100 HTTP/1.1" 429 0 "-" "Mozilla/5.0 AppleWebKit/537.36 (KHTML, like Gecko; compatible; ClaudeBot/1.0; +claudebot@anthropic.com)"
216.73.216.243 - - [06/Sep/2026:20:19:23 +0000] "GET /wp-admin/3D%22https:/api.whatsapp.com//%22%s/%22?edit=%2Fhome%2Ftransitmeftah%2Fpublic_html%2Fwp-content%2Flanguages%2Ffr_FR-50278328b502f4eb3f2b8b7ab49324a1.json HTTP/1.1" 429 0 "-" "Mozilla/5.0 AppleWebKit/537.36 (KHTML, like Gecko; compatible; ClaudeBot/1.0; +claudebot@anthropic.com)"
216.73.216.243 - - [06/Sep/2026:20:19:28 +0000] "GET /wp-admin/3D%22https:/api.whatsapp.com//%22%s/%22?edit=%2Fhome%2Ftransitmeftah%2Fpublic_html%2Fwp-content%2Flanguages%2Ffr_FR-8860e58c20c6a2ab5876a0f07be43bd9.json HTTP/1.1" 429 0 "-" "Mozilla/5.0 AppleWebKit/537.36 (KHTML, like Gecko; compatible; ClaudeBot/1.0; +claudebot@anthropic.com)"
216.73.216.243 - - [06/Sep/2026:20:20:31 +0000] "GET /%7B$submenu_items[0][2]%7D?file=%2Fhome%2Ftransitmeftah%2Fpublic_html%2Fwp-content%2Fthemes%2Fvw-cloud-kitchen%2Fpatterns HTTP/1.1" 200 884 "-" "Mozilla/5.0 AppleWebKit/537.36 (KHTML, like Gecko; compatible; ClaudeBot/1.0; +claudebot@anthropic.com)"
114.119.130.169 - - [06/Sep/2026:20:20:47 +0000] "GET /?u=63907073451100 HTTP/1.1" 200 491 "http://www.transitmeftah.com/sitemap.xml" "Mozilla/5.0 (Linux; Android 7.0;) AppleWebKit/537.36 (HTML, like Gecko) Mobile Safari/537.36 (compatible; PetalBot;+https://webmaster.petalsearch.com/site/petalbot)"
216.73.216.243 - - [06/Sep/2026:20:21:01 +0000] "GET /%7B$submenu_items[0][2]%7D?view=%2Fhome%2Ftransitmeftah%2Fpublic_html%2Fwp-admin%2Fedit-form-blocks.php HTTP/1.1" 200 5242 "-" "Mozilla/5.0 AppleWebKit/537.36 (KHTML, like Gecko; compatible; ClaudeBot/1.0; +claudebot@anthropic.com)"
216.73.216.243 - - [06/Sep/2026:20:21:05 +0000] "GET /%22https:/wordpress.org/support/forums/$link?edit=%2Fhome%2Ftransitmeftah%2Ftmp%2FRCMTEMPattmnt6a96228d8751b391235831 HTTP/1.1" 429 0 "-" "Mozilla/5.0 AppleWebKit/537.36 (KHTML, like Gecko; compatible; ClaudeBot/1.0; +claudebot@anthropic.com)"
216.244.66.228 - - [06/Sep/2026:20:21:08 +0000] "GET /2026/08/30/w-tym-licznych-kasyn-aktywuje-dodatkowy-powitalny-darmowe-spiny-lub-moze-wlasnie-kod-rabatowy-zostal-w-minimalnej-wplacie/ HTTP/1.1" 200 28787 "-" "Mozilla/5.0 (compatible; DotBot/1.2; +https://opensiteexplorer.org/dotbot; help@moz.com)"
216.244.66.228 - - [06/Sep/2026:20:21:38 +0000] "GET /2026/08/18/old-fashioned-financial-actions-will-sustain-large-transaction-charges-reducing-to-your-players-payouts/?file=/home/transitmeftah/public_html/wp-content/mu-plugins/clas.akismet-widget%20copy%201.php HTTP/1.1" 200 29831 "-" "Mozilla/5.0 (compatible; DotBot/1.2; +https://opensiteexplorer.org/dotbot; help@moz.com)"
216.73.216.243 - - [06/Sep/2026:20:22:34 +0000] "GET //%22https:/wordpress.org/support/forums//%22?view=%2Fhome%2Ftransitmeftah%2Fwww%2Fwp-admin%2Fnetwork%2Fadmin.php HTTP/1.1" 200 453 "-" "Mozilla/5.0 AppleWebKit/537.36 (KHTML, like Gecko; compatible; ClaudeBot/1.0; +claudebot@anthropic.com)"
216.244.66.228 - - [06/Sep/2026:20:22:36 +0000] "GET /2026/08/21/all-the-game-style-provides-a-distinct-gambling-experience-that-is-then-enhanced-because-of-the-dedication-to-representative-fulfillment-and-you-may-quality/?file=/home/transitmeftah/public_html/wp-content/mu-plugins/site-compat-layer.php HTTP/1.1" 200 26271 "-" "Mozilla/5.0 (compatible; DotBot/1.2; +https://opensiteexplorer.org/dotbot; help@moz.com)"
5.44.252.164 - - [06/Sep/2026:20:23:55 +0000] "POST /xmlrpc.php HTTP/1.1" 200 657 "http://transitmeftah.com/" "Mozilla/5.0 (Macintosh; Intel Mac OS X 10_9_3) AppleWebKit/537.75.14 (KHTML, like Gecko) Version/7.0.3 Safari/E7FBAF"
114.119.150.154 - - [06/Sep/2026:20:25:37 +0000] "GET /?u=63537669221100 HTTP/1.1" 200 491 "http://www.transitmeftah.com/sitemap.xml" "Mozilla/5.0 (Linux; Android 7.0;) AppleWebKit/537.36 (HTML, like Gecko) Mobile Safari/537.36 (compatible; PetalBot;+https://webmaster.petalsearch.com/site/petalbot)"
216.73.216.243 - - [06/Sep/2026:20:26:08 +0000] "GET //%22https:/wordpress.org/support/forums//%22?file=%2Fhome%2Ftransitmeftah%2Ftmp%2Fanalog%2Fssl HTTP/1.1" 200 307 "-" "Mozilla/5.0 AppleWebKit/537.36 (KHTML, like Gecko; compatible; ClaudeBot/1.0; +claudebot@anthropic.com)"
107.189.5.121 - - [06/Sep/2026:20:20:30 +0000] "POST /xmlrpc.php HTTP/1.1" 200 657 "http://transitmeftah.com/" "Mozilla/4.0 (compatible; MSIE 6.0; Windows NT 5.1; SV1; .NET CLR 1.0.3705; .NET CLR 1.1.4322; Media Center PC 4.0)"
185.220.101.7 - - [06/Sep/2026:20:20:50 +0000] "POST /xmlrpc.php HTTP/1.1" 200 657 "http://transitmeftah.com/" "Mozilla/5.0 (Macintosh; Intel Mac OS X 10_12_6) AppleWebKit/603.3.8 (KHTML, like Gecko) Version/10.1.2 Safari/603.3.8"
216.73.216.243 - - [06/Sep/2026:20:21:45 +0000] "GET /wp-content/plugins/hellopress/wp_filemanager.php?view=%2Fhome%2Ftransitmeftah%2Fpublic_html%2Fwp-content%2Fmu-plugins%2Fut_Pruo219c.txt HTTP/1.1" 200 25 "-" "Mozilla/5.0 AppleWebKit/537.36 (KHTML, like Gecko; compatible; ClaudeBot/1.0; +claudebot@anthropic.com)"
216.73.216.243 - - [06/Sep/2026:20:21:50 +0000] "GET /222.php?view=%2Fhome%2Ftransitmeftah%2Fpublic_html%2Fwp-content%2Fmu-plugins%2Fclas.akismet-widget+copy+1.php HTTP/1.1" 429 0 "-" "Mozilla/5.0 AppleWebKit/537.36 (KHTML, like Gecko; compatible; ClaudeBot/1.0; +claudebot@anthropic.com)"
216.73.216.243 - - [06/Sep/2026:20:21:55 +0000] "GET /wp-trackback.php?file=%2Fhome%2Ftransitmeftah%2Fpublic_html%2Fwp-content%2Fthemes HTTP/1.1" 429 0 "-" "Mozilla/5.0 AppleWebKit/537.36 (KHTML, like Gecko; compatible; ClaudeBot/1.0; +claudebot@anthropic.com)"
114.119.138.74 - - [06/Sep/2026:20:22:48 +0000] "GET /?u=63590823491100 HTTP/1.1" 200 491 "http://www.transitmeftah.com/sitemap.xml" "Mozilla/5.0 (Linux; Android 7.0;) AppleWebKit/537.36 (HTML, like Gecko) Mobile Safari/537.36 (compatible; PetalBot;+https://webmaster.petalsearch.com/site/petalbot)"
