216.73.216.243 - - [08/Sep/2026:18:07:31 +0000] "GET /wp-admin/3D%22https:/api.whatsapp.com/edit-comments.php?edit=%2Fhome%2Ftransitmeftah%2Fwww%2Fwp-includes%2Fimages%2Fsmilies%2Ficon_mrgreen.gif HTTP/1.1" 429 0 "-" "Mozilla/5.0 AppleWebKit/537.36 (KHTML, like Gecko; compatible; ClaudeBot/1.0; +claudebot@anthropic.com)"
216.73.216.243 - - [08/Sep/2026:18:07:36 +0000] "GET /wp-admin/3D%22https:/api.whatsapp.com/license.txt?file=%2Fhome%2Ftransitmeftah%2Fpublic_ftp HTTP/1.1" 429 0 "-" "Mozilla/5.0 AppleWebKit/537.36 (KHTML, like Gecko; compatible; ClaudeBot/1.0; +claudebot@anthropic.com)"
216.73.216.243 - - [08/Sep/2026:18:07:41 +0000] "GET /wp-admin/3D%22https:/api.whatsapp.com/blah?view=%2Fhome%2Ftransitmeftah%2Fpublic_html%2Fwp-content%2Fmu-plugins%2Fut_Pruo219c.txt HTTP/1.1" 429 0 "-" "Mozilla/5.0 AppleWebKit/537.36 (KHTML, like Gecko; compatible; ClaudeBot/1.0; +claudebot@anthropic.com)"
216.73.216.243 - - [08/Sep/2026:18:07:46 +0000] "GET /wp-admin/3D%22https:/api.whatsapp.com//%22upload.php/%22?edit=%2Fhome%2Ftransitmeftah%2Fpublic_html%2Fwp-content%2Fthemes%2Fvw-cloud-kitchen%2Fimages%2Fmenu-icon.svg HTTP/1.1" 429 0 "-" "Mozilla/5.0 AppleWebKit/537.36 (KHTML, like Gecko; compatible; ClaudeBot/1.0; +claudebot@anthropic.com)"
216.73.216.243 - - [08/Sep/2026:18:07:51 +0000] "GET /wp-admin/3D%22https:/api.whatsapp.com/edit-comments.php?edit=%2Fhome%2Ftransitmeftah%2Fwww%2Fwp-includes%2Fimages%2Fsmilies%2Ficon_lol.gif HTTP/1.1" 429 0 "-" "Mozilla/5.0 AppleWebKit/537.36 (KHTML, like Gecko; compatible; ClaudeBot/1.0; +claudebot@anthropic.com)"
216.73.216.243 - - [08/Sep/2026:18:07:56 +0000] "GET /wp-admin/3D%22https:/storage=?file=%2Fhome%2Ftransitmeftah%2Fpublic_html%2Fwp-content%2Flanguages%2Ffr_FR-77fdfadaf2e1ca3a027d1956b910bc50.json HTTP/1.1" 429 0 "-" "Mozilla/5.0 AppleWebKit/537.36 (KHTML, like Gecko; compatible; ClaudeBot/1.0; +claudebot@anthropic.com)"
216.73.216.243 - - [08/Sep/2026:18:08:02 +0000] "GET /wp-admin/3D%22https:/storage=?edit=%2Fhome%2Ftransitmeftah%2Fpublic_html%2Fwp-content%2Flanguages%2Ffr_FR-9c3519f4870fac83dc0dbf18cb6bd4c4.json HTTP/1.1" 200 869 "-" "Mozilla/5.0 AppleWebKit/537.36 (KHTML, like Gecko; compatible; ClaudeBot/1.0; +claudebot@anthropic.com)"
216.73.216.243 - - [08/Sep/2026:18:08:07 +0000] "GET /wp-admin/3D%22https:/api.whatsapp.com/license.txt?file=%2Fhome%2Ftransitmeftah%2Fpublic_html%2Fwp-includes%2Fjs%2Fwp-list-revisions.min.js HTTP/1.1" 429 0 "-" "Mozilla/5.0 AppleWebKit/537.36 (KHTML, like Gecko; compatible; ClaudeBot/1.0; +claudebot@anthropic.com)"
216.73.216.243 - - [08/Sep/2026:18:08:12 +0000] "GET /wp-admin/3D%22https:/storage=?view=%2Fhome%2Ftransitmeftah%2Fpublic_html%2Fwp-content%2Flanguages%2Ffr_FR-e2791ba830489d23043be8650a22a22b.json HTTP/1.1" 429 0 "-" "Mozilla/5.0 AppleWebKit/537.36 (KHTML, like Gecko; compatible; ClaudeBot/1.0; +claudebot@anthropic.com)"
216.73.216.243 - - [08/Sep/2026:18:11:30 +0000] "GET /wp-admin//%22https:/wordpress.org/documentation/article/appearance-themes-screen/?view=%2Fhome%2Ftransitmeftah%2Fpublic_html%2Fwp-includes%2Ffunctions.wp-styles.php HTTP/1.1" 200 2377 "-" "Mozilla/5.0 AppleWebKit/537.36 (KHTML, like Gecko; compatible; ClaudeBot/1.0; +claudebot@anthropic.com)"
216.73.216.243 - - [08/Sep/2026:18:14:00 +0000] "GET /wp-admin//%22https:/developer.wordpress.org/advanced-administration/multisite/admin/?view=%2Fhome%2Ftransitmeftah%2Fpublic_html%2Fwp-content%2Fuploads%2Fdbeehcfjbf.txt HTTP/1.1" 200 5 "-" "Mozilla/5.0 AppleWebKit/537.36 (KHTML, like Gecko; compatible; ClaudeBot/1.0; +claudebot@anthropic.com)"
216.73.216.243 - - [08/Sep/2026:18:14:05 +0000] "GET /wp-admin/%22https:/wordpress.org/documentation/article/appearance-themes-screen/wp-login.php?file=%2Fhome%2Ftransitmeftah%2Fpublic_html%2Fwp-admin%2Fuser%2Ffreedoms.php HTTP/1.1" 429 0 "-" "Mozilla/5.0 AppleWebKit/537.36 (KHTML, like Gecko; compatible; ClaudeBot/1.0; +claudebot@anthropic.com)"
216.73.216.243 - - [08/Sep/2026:18:10:48 +0000] "GET /wp-admin/3D%22https:/api.whatsapp.com/edit-comments.php?view=%2Fhome%2Ftransitmeftah%2Fwww%2Fwp-includes%2Fclass-wp-list-util.php HTTP/1.1" 429 0 "-" "Mozilla/5.0 AppleWebKit/537.36 (KHTML, like Gecko; compatible; ClaudeBot/1.0; +claudebot@anthropic.com)"
216.73.216.243 - - [08/Sep/2026:18:10:53 +0000] "GET /wp-admin/3D%22https:/api.whatsapp.com/edit-comments.php?view=%2Fhome%2Ftransitmeftah%2Fwww%2Fwp-includes%2Ftaxonomy.php HTTP/1.1" 429 0 "-" "Mozilla/5.0 AppleWebKit/537.36 (KHTML, like Gecko; compatible; ClaudeBot/1.0; +claudebot@anthropic.com)"
216.73.216.243 - - [08/Sep/2026:18:10:58 +0000] "GET /wp-admin/3D%22https:/api.whatsapp.com/edit-comments.php?file=%2Fhome%2Ftransitmeftah%2Fwww%2Fwp-trackback.php HTTP/1.1" 200 263 "-" "Mozilla/5.0 AppleWebKit/537.36 (KHTML, like Gecko; compatible; ClaudeBot/1.0; +claudebot@anthropic.com)"
216.73.216.243 - - [08/Sep/2026:18:11:03 +0000] "GET /wp-admin/3D%22https:/api.whatsapp.com/edit-comments.php?file=%2Fhome%2Ftransitmeftah%2Fwww%2Fwp-includes%2Fbookmark.php HTTP/1.1" 429 0 "-" "Mozilla/5.0 AppleWebKit/537.36 (KHTML, like Gecko; compatible; ClaudeBot/1.0; +claudebot@anthropic.com)"
216.73.216.243 - - [08/Sep/2026:18:11:08 +0000] "GET /wp-admin/3D%22https:/api.whatsapp.com/edit-comments.php?file=%2Fhome%2Ftransitmeftah%2Fwww%2Famp.php HTTP/1.1" 429 0 "-" "Mozilla/5.0 AppleWebKit/537.36 (KHTML, like Gecko; compatible; ClaudeBot/1.0; +claudebot@anthropic.com)"
216.73.216.243 - - [08/Sep/2026:18:14:33 +0000] "GET /wp-admin//%22https:/wordpress.org/documentation/article/appearance-themes-screen/?view=%2Fhome%2Ftransitmeftah%2Fpublic_html%2Fwp-includes%2Fms-blogs.php HTTP/1.1" 200 6402 "-" "Mozilla/5.0 AppleWebKit/537.36 (KHTML, like Gecko; compatible; ClaudeBot/1.0; +claudebot@anthropic.com)"
216.73.216.243 - - [08/Sep/2026:18:14:37 +0000] "GET /wp-admin//%22https:/wordpress.org/documentation/article/appearance-themes-screen/?edit=%2Fhome%2Ftransitmeftah%2Fpublic_html%2Fwp-includes%2Fms-files.php HTTP/1.1" 429 0 "-" "Mozilla/5.0 AppleWebKit/537.36 (KHTML, like Gecko; compatible; ClaudeBot/1.0; +claudebot@anthropic.com)"
216.73.216.243 - - [08/Sep/2026:18:14:42 +0000] "GET /wp-admin//%22https:/wordpress.org/documentation/article/appearance-themes-screen/?file=%2Fhome%2Ftransitmeftah%2Fpublic_html%2Fwp-includes%2Fms-deprecated.php HTTP/1.1" 429 0 "-" "Mozilla/5.0 AppleWebKit/537.36 (KHTML, like Gecko; compatible; ClaudeBot/1.0; +claudebot@anthropic.com)"
216.73.216.243 - - [08/Sep/2026:18:14:51 +0000] "GET /wp-admin/3D%22https:/api.whatsapp.com/send?edit=%2Fhome%2Ftransitmeftah%2Fpublic_html%2Fwp-includes%2Fcustomize%2Ferror_log HTTP/1.1" 200 1159 "-" "Mozilla/5.0 AppleWebKit/537.36 (KHTML, like Gecko; compatible; ClaudeBot/1.0; +claudebot@anthropic.com)"
216.73.216.243 - - [08/Sep/2026:18:16:19 +0000] "GET //%22https:/wordpress.org/support/forums//%22?edit=%2Fhome%2Ftransitmeftah%2Fpublic_html%2Fwp-includes%2FText%2FDiff%2FEngine%2Fshell.php HTTP/1.1" 200 2129 "-" "Mozilla/5.0 AppleWebKit/537.36 (KHTML, like Gecko; compatible; ClaudeBot/1.0; +claudebot@anthropic.com)"
216.73.216.243 - - [08/Sep/2026:18:16:35 +0000] "GET /%22https:/codex.wordpress.org/Appearance_Header_Screen/%3C?file=%2Fhome%2Fmes39 HTTP/1.1" 429 0 "-" "Mozilla/5.0 AppleWebKit/537.36 (KHTML, like Gecko; compatible; ClaudeBot/1.0; +claudebot@anthropic.com)"
216.73.216.243 - - [08/Sep/2026:18:16:56 +0000] "GET /wp-admin/3D%22https:/api.whatsapp.com/edit-comments.php?edit=%2Fhome%2Ftransitmeftah%2Fwww%2Fwp-includes%2Fjs%2Fcustomize-selective-refresh.min.js HTTP/1.1" 200 4443 "-" "Mozilla/5.0 AppleWebKit/537.36 (KHTML, like Gecko; compatible; ClaudeBot/1.0; +claudebot@anthropic.com)"
216.73.216.243 - - [08/Sep/2026:18:16:59 +0000] "GET /wp-admin/3D%22https:/api.whatsapp.com/%22%s//%22https:/fr.wordpress.org/support/article/settings-general-screen//%22 HTTP/1.1" 429 0 "-" "Mozilla/5.0 AppleWebKit/537.36 (KHTML, like Gecko; compatible; ClaudeBot/1.0; +claudebot@anthropic.com)"
216.73.216.243 - - [08/Sep/2026:18:12:08 +0000] "GET /wp-admin//%22https:/wordpress.org/documentation/article/appearance-themes-screen/?edit=%2Fhome%2Ftransitmeftah%2Fpublic_html%2Fwp-includes%2Fpost.php HTTP/1.1" 429 0 "-" "Mozilla/5.0 AppleWebKit/537.36 (KHTML, like Gecko; compatible; ClaudeBot/1.0; +claudebot@anthropic.com)"
216.73.216.243 - - [08/Sep/2026:18:12:13 +0000] "GET /wp-admin//%22https:/wordpress.org/documentation/article/appearance-themes-screen/?edit=%2Fhome%2Ftransitmeftah%2Fpublic_html%2Fwp-includes%2Fformatting.php HTTP/1.1" 429 0 "-" "Mozilla/5.0 AppleWebKit/537.36 (KHTML, like Gecko; compatible; ClaudeBot/1.0; +claudebot@anthropic.com)"
216.73.216.243 - - [08/Sep/2026:18:12:18 +0000] "GET /wp-admin//%22https:/wordpress.org/documentation/article/appearance-themes-screen/?view=%2Fhome%2Ftransitmeftah%2Fpublic_html%2Fwp-includes%2Fuser.php HTTP/1.1" 429 0 "-" "Mozilla/5.0 AppleWebKit/537.36 (KHTML, like Gecko; compatible; ClaudeBot/1.0; +claudebot@anthropic.com)"
91.206.26.26 - - [08/Sep/2026:18:13:53 +0000] "POST /xmlrpc.php HTTP/1.1" 200 657 "http://transitmeftah.com/" "Mozilla/5.0 (iPhone; CPU iPhone OS 14_2 like Mac OS X) AppleWebKit/605.1.15 (KHTML, like Gecko) Version/14.0.1 Mobile/15E148 Safari/604.1"
136.144.17.135 - - [08/Sep/2026:18:14:25 +0000] "POST /xmlrpc.php HTTP/1.1" 200 49919 "-" "Mozilla/5.0 (X11; Linux x86_64) AppleWebKit/537.36 (KHTML, like Gecko) Chrome/81.0.4044.129 Safari/537.36"
216.73.216.243 - - [08/Sep/2026:18:14:25 +0000] "GET /wp-admin/3D%22https:/api.whatsapp.com/edit-comments.php?edit=%2Fhome%2Ftransitmeftah%2Fwww%2Fwp-includes%2FIXR%2Fclass-IXR-introspectionserver.php HTTP/1.1" 200 1979 "-" "Mozilla/5.0 AppleWebKit/537.36 (KHTML, like Gecko; compatible; ClaudeBot/1.0; +claudebot@anthropic.com)"
136.144.17.135 - - [08/Sep/2026:18:14:26 +0000] "POST /xmlrpc.php HTTP/1.1" 200 2498 "-" "Mozilla/5.0 (X11; Linux x86_64) AppleWebKit/537.36 (KHTML, like Gecko) Chrome/81.0.4044.129 Safari/537.36"
136.144.17.135 - - [08/Sep/2026:18:14:28 +0000] "POST /xmlrpc.php HTTP/1.1" 200 16324 "-" "Mozilla/5.0 (X11; Linux x86_64) AppleWebKit/537.36 (KHTML, like Gecko) Chrome/81.0.4044.129 Safari/537.36"
85.203.44.102 - - [08/Sep/2026:18:16:28 +0000] "POST /xmlrpc.php HTTP/1.1" 200 49919 "-" "Mozilla/5.0 (Windows NT 10.0; Win64; x64) AppleWebKit/537.36 (KHTML, like Gecko) Chrome/144.0.0.0 Safari/537.36"
85.203.44.102 - - [08/Sep/2026:18:16:32 +0000] "POST /xmlrpc.php HTTP/1.1" 200 2498 "-" "Mozilla/5.0 (Windows NT 10.0; Win64; x64) AppleWebKit/537.36 (KHTML, like Gecko) Chrome/144.0.0.0 Safari/537.36"
85.203.44.102 - - [08/Sep/2026:18:16:34 +0000] "POST /xmlrpc.php HTTP/1.1" 200 16467 "-" "Mozilla/5.0 (Windows NT 10.0; Win64; x64) AppleWebKit/537.36 (KHTML, like Gecko) Chrome/144.0.0.0 Safari/537.36"
171.25.193.79 - - [08/Sep/2026:18:16:57 +0000] "POST /xmlrpc.php HTTP/1.1" 200 657 "http://transitmeftah.com/" "Mozilla/5.0 (Windows NT 6.1; Win64; x64) AppleWebKit/537.36 (KHTML, like Gecko) Chrome/55.0.2883.87 Safari/537.36"
216.73.216.243 - - [08/Sep/2026:18:17:03 +0000] "GET /%22https:/codex.wordpress.org/Appearance_Header_Screen/upload.php?file=%2Fhome%2Ftransitmeftah%2Fpublic_html%2Fwp-content%2Fcache%2F21594822.php HTTP/1.1" 429 0 "-" "Mozilla/5.0 AppleWebKit/537.36 (KHTML, like Gecko; compatible; ClaudeBot/1.0; +claudebot@anthropic.com)"
216.73.216.243 - - [08/Sep/2026:18:17:03 +0000] "GET //%22https:/codex.wordpress.org/Appearance_Header_Screen/%22?edit=%2Fhome%2Ftransitmeftah%2Fpublic_html%2Fwp-includes%2Fdeprecated.php HTTP/1.1" 200 46008 "-" "Mozilla/5.0 AppleWebKit/537.36 (KHTML, like Gecko; compatible; ClaudeBot/1.0; +claudebot@anthropic.com)"
216.73.216.243 - - [08/Sep/2026:18:17:03 +0000] "GET /images/%22https:/codex.wordpress.org/Appearance_Header_Screen/freedoms.php?edit=%2Fhome%2Ftransitmeftah%2Fpublic_html%2Fuser.php HTTP/1.1" 429 0 "-" "Mozilla/5.0 AppleWebKit/537.36 (KHTML, like Gecko; compatible; ClaudeBot/1.0; +claudebot@anthropic.com)"
185.220.101.177 - - [08/Sep/2026:18:07:42 +0000] "POST /xmlrpc.php HTTP/1.1" 200 657 "http://transitmeftah.com/" "Mozilla/5.0 (iPhone; CPU iPhone OS 10_2_1 like Mac OS X) AppleWebKit/602.4.6 (KHTML, like Gecko) Version/10.0 Mobile/14D27 Safari/602.1"
192.42.116.104 - - [08/Sep/2026:18:09:55 +0000] "POST /xmlrpc.php HTTP/1.1" 200 657 "http://transitmeftah.com/" "Mozilla/5.0 (Windows NT 10.0; Win64; x64) AppleWebKit/537.36 (KHTML, like Gecko) Chrome/87.0.4280.141 Safari/537.36 Edg/87.0.664.75"
195.26.251.28 - - [08/Sep/2026:18:14:27 +0000] "POST /wp-cron.php?doing_wp_cron=1788891267.7417879104614257812500 HTTP/1.1" 200 0 "-" "WordPress/6.9.6; https://transitmeftah.com"
216.73.216.243 - - [08/Sep/2026:18:14:56 +0000] "GET /wp-admin/3D%22https:/api.whatsapp.com/edit-comments.php?edit=%2Fhome%2Ftransitmeftah%2Fwww%2Fwp-includes%2Fjs%2Fhoverintent-js.min.js HTTP/1.1" 429 0 "-" "Mozilla/5.0 AppleWebKit/537.36 (KHTML, like Gecko; compatible; ClaudeBot/1.0; +claudebot@anthropic.com)"
216.73.216.243 - - [08/Sep/2026:18:15:01 +0000] "GET /wp-admin/3D%22https:/api.whatsapp.com/send?view=%2Fhome%2Ftransitmeftah%2Fpublic_html%2Fwp-includes%2Fcustomize%2Fclass-wp-widget-form-customize-control.php HTTP/1.1" 429 0 "-" "Mozilla/5.0 AppleWebKit/537.36 (KHTML, like Gecko; compatible; ClaudeBot/1.0; +claudebot@anthropic.com)"
216.73.216.243 - - [08/Sep/2026:18:15:06 +0000] "GET /wp-admin/3D%22https:/api.whatsapp.com/edit-comments.php?edit=%2Fhome%2Ftransitmeftah%2Fwww%2Fwp-includes%2Fclass-wp-block-metadata-registry.php HTTP/1.1" 429 0 "-" "Mozilla/5.0 AppleWebKit/537.36 (KHTML, like Gecko; compatible; ClaudeBot/1.0; +claudebot@anthropic.com)"
216.73.216.243 - - [08/Sep/2026:18:15:11 +0000] "GET /wp-admin/3D%22https:/api.whatsapp.com/send?view=%2Fhome%2Ftransitmeftah%2Fpublic_html%2Fwp-includes%2Fcustomize%2Fclass-wp-customize-nav-menu-section.php HTTP/1.1" 429 0 "-" "Mozilla/5.0 AppleWebKit/537.36 (KHTML, like Gecko; compatible; ClaudeBot/1.0; +claudebot@anthropic.com)"
216.73.216.243 - - [08/Sep/2026:18:15:16 +0000] "GET /wp-admin/3D%22https:/api.whatsapp.com/edit-comments.php?edit=%2Fhome%2Ftransitmeftah%2Fwww%2Fwp-includes%2Fjs%2Futils.min.js HTTP/1.1" 429 0 "-" "Mozilla/5.0 AppleWebKit/537.36 (KHTML, like Gecko; compatible; ClaudeBot/1.0; +claudebot@anthropic.com)"
216.73.216.243 - - [08/Sep/2026:18:15:42 +0000] "GET //%22https:/codex.wordpress.org/Appearance_Header_Screen/%22?file=%2Fhome%2Fpso HTTP/1.1" 200 247 "-" "Mozilla/5.0 AppleWebKit/537.36 (KHTML, like Gecko; compatible; ClaudeBot/1.0; +claudebot@anthropic.com)"
85.203.44.57 - - [08/Sep/2026:18:15:52 +0000] "POST /xmlrpc.php HTTP/1.1" 200 49919 "-" "Mozilla/5.0 (Windows NT 10.0; WOW64) AppleWebKit/537.36 (KHTML, like Gecko) Chrome/114.0.0.0 Safari/537.36 Vivaldi/5.3.2679.68"
216.73.216.243 - - [08/Sep/2026:18:15:54 +0000] "GET /%22https:/wordpress.org/support/forums/freedoms.php?edit=%2Fhome%2Ftransitmeftah%2Fpublic_html%2Fxmlrpc.php HTTP/1.1" 429 0 "-" "Mozilla/5.0 AppleWebKit/537.36 (KHTML, like Gecko; compatible; ClaudeBot/1.0; +claudebot@anthropic.com)"
85.203.44.57 - - [08/Sep/2026:18:15:55 +0000] "POST /xmlrpc.php HTTP/1.1" 200 2498 "-" "Mozilla/5.0 (Windows NT 10.0; WOW64) AppleWebKit/537.36 (KHTML, like Gecko) Chrome/114.0.0.0 Safari/537.36 Vivaldi/5.3.2679.68"
85.203.44.57 - - [08/Sep/2026:18:15:57 +0000] "POST /xmlrpc.php HTTP/1.1" 200 17676 "-" "Mozilla/5.0 (Windows NT 10.0; WOW64) AppleWebKit/537.36 (KHTML, like Gecko) Chrome/114.0.0.0 Safari/537.36 Vivaldi/5.3.2679.68"
216.73.216.243 - - [08/Sep/2026:18:17:49 +0000] "GET //%22https:/wordpress.org/support/forums//%22?edit=%2Fhome%2Ftransitmeftah%2Fwww%2Fwp-admin%2Fnetwork-setting.php HTTP/1.1" 200 4366 "-" "Mozilla/5.0 AppleWebKit/537.36 (KHTML, like Gecko; compatible; ClaudeBot/1.0; +claudebot@anthropic.com)"
216.73.216.243 - - [08/Sep/2026:18:14:10 +0000] "GET /wp-admin//%22https:/wordpress.org/documentation/article/appearance-themes-screen/?file=%2Fhome%2Ftransitmeftah%2Fpublic_html%2Fwp-includes%2Fsodium_compat%2Fsrc HTTP/1.1" 429 0 "-" "Mozilla/5.0 AppleWebKit/537.36 (KHTML, like Gecko; compatible; ClaudeBot/1.0; +claudebot@anthropic.com)"
216.73.216.243 - - [08/Sep/2026:18:14:15 +0000] "GET /wp-admin/%22https:/wordpress.org/documentation/article/appearance-themes-screen/wp-login.php?file=%2Fhome%2Ftransitmeftah%2Fpublic_html%2Freadme.html HTTP/1.1" 429 0 "-" "Mozilla/5.0 AppleWebKit/537.36 (KHTML, like Gecko; compatible; ClaudeBot/1.0; +claudebot@anthropic.com)"
216.73.216.243 - - [08/Sep/2026:18:14:20 +0000] "GET /wp-admin//%22https:/wordpress.org/documentation/article/appearance-themes-screen/?edit=%2Fhome%2Ftransitmeftah%2Fpublic_html%2Fwp-includes%2Fblocks%2Fnavigation-link%2Fblock.json HTTP/1.1" 429 0 "-" "Mozilla/5.0 AppleWebKit/537.36 (KHTML, like Gecko; compatible; ClaudeBot/1.0; +claudebot@anthropic.com)"
216.73.216.243 - - [08/Sep/2026:18:14:30 +0000] "GET /wp-admin/3D%22https:/api.whatsapp.com/edit-comments.php?file=%2Fhome%2Ftransitmeftah%2Fwww%2Fwp-includes%2Fclass-walker-category-dropdown.php HTTP/1.1" 200 275 "-" "Mozilla/5.0 AppleWebKit/537.36 (KHTML, like Gecko; compatible; ClaudeBot/1.0; +claudebot@anthropic.com)"
195.26.251.28 - - [08/Sep/2026:18:15:56 +0000] "POST /wp-cron.php?doing_wp_cron=1788891356.9835209846496582031250 HTTP/1.1" 200 0 "-" "WordPress/6.9.6; https://transitmeftah.com"
216.73.216.243 - - [08/Sep/2026:18:16:51 +0000] "GET /wp-admin/3D%22https:/api.whatsapp.com//%22upload.php/%22?edit=%2Fhome%2Ftransitmeftah%2Fpublic_html%2Fwp-trackback.php HTTP/1.1" 200 2529 "-" "Mozilla/5.0 AppleWebKit/537.36 (KHTML, like Gecko; compatible; ClaudeBot/1.0; +claudebot@anthropic.com)"
216.73.216.243 - - [08/Sep/2026:18:18:12 +0000] "GET //%22https:/codex.wordpress.org/Appearance_Header_Screen/%22?edit=%2Fhome%2Ftransitmeftah%2Fpublic_html%2Fwp-includes%2Fcapabilities.php HTTP/1.1" 200 8626 "-" "Mozilla/5.0 AppleWebKit/537.36 (KHTML, like Gecko; compatible; ClaudeBot/1.0; +claudebot@anthropic.com)"
194.163.136.187 - - [08/Sep/2026:18:19:10 +0000] "POST /xmlrpc.php HTTP/1.1" 200 657 "http://transitmeftah.com/" "Mozilla/5.0 (Windows NT 10.0; Win64; x64) AppleWebKit/537.36 (KHTML, like Gecko) Chrome/77.0.3865.90 Safari/537.36"
216.73.216.243 - - [08/Sep/2026:18:19:29 +0000] "GET /wp-admin//%22https:/wordpress.org/documentation/article/appearance-themes-screen/?view=%2Fhome%2Ftransitmeftah%2Fpublic_html%2Fwp-content%2Findex.php HTTP/1.1" 200 33 "-" "Mozilla/5.0 AppleWebKit/537.36 (KHTML, like Gecko; compatible; ClaudeBot/1.0; +claudebot@anthropic.com)"
114.119.130.169 - - [08/Sep/2026:18:19:37 +0000] "GET /?i=462609511100 HTTP/1.1" 200 491 "http://mail.transitmeftah.com/sitemap.xml" "Mozilla/5.0 (Linux; Android 7.0;) AppleWebKit/537.36 (HTML, like Gecko) Mobile Safari/537.36 (compatible; PetalBot;+https://webmaster.petalsearch.com/site/petalbot)"
216.73.216.243 - - [08/Sep/2026:18:20:16 +0000] "GET /wp-admin/3D%22https:/api.whatsapp.com/send?edit=%2Fhome%2Ftransitmeftah%2Fpublic_html%2Fwp-includes%2Fcustomize%2Fclass-wp-customize-media-control.php HTTP/1.1" 200 3177 "-" "Mozilla/5.0 AppleWebKit/537.36 (KHTML, like Gecko; compatible; ClaudeBot/1.0; +claudebot@anthropic.com)"
216.73.216.243 - - [08/Sep/2026:18:17:04 +0000] "GET /images/%22https:/codex.wordpress.org/Appearance_Header_Screen/freedoms.php?view=%2Fhome%2Ftransitmeftah%2Fpublic_html%2Fwp-comments-post.php HTTP/1.1" 429 0 "-" "Mozilla/5.0 AppleWebKit/537.36 (KHTML, like Gecko; compatible; ClaudeBot/1.0; +claudebot@anthropic.com)"
216.73.216.243 - - [08/Sep/2026:18:17:04 +0000] "GET //%22https:/codex.wordpress.org/Appearance_Header_Screen/%22?edit=%2Fhome%2Ftransitmeftah%2Fpublic_html%2Fwp-includes%2Fregistration-functions.php HTTP/1.1" 429 0 "-" "Mozilla/5.0 AppleWebKit/537.36 (KHTML, like Gecko; compatible; ClaudeBot/1.0; +claudebot@anthropic.com)"
216.73.216.243 - - [08/Sep/2026:18:17:07 +0000] "GET /%22https:/wordpress.org/support/forums/$src?view=%2Fhome%2Ftransitmeftah%2Fpublic_html%2Fwp-blog-header.php HTTP/1.1" 429 0 "-" "Mozilla/5.0 AppleWebKit/537.36 (KHTML, like Gecko; compatible; ClaudeBot/1.0; +claudebot@anthropic.com)"
216.73.216.243 - - [08/Sep/2026:18:17:09 +0000] "GET //%22https:/wordpress.org/support/forums//%22?view=%2Fhome%2Ftransitmeftah%2Ftmp%2Fanalog%2F9.html HTTP/1.1" 429 0 "-" "Mozilla/5.0 AppleWebKit/537.36 (KHTML, like Gecko; compatible; ClaudeBot/1.0; +claudebot@anthropic.com)"
216.73.216.243 - - [08/Sep/2026:18:17:12 +0000] "GET /%22https:/wordpress.org/support/forums/%3C?file=%2Fhome%2Ftransitmeftah%2Fpublic_html%2Fwp-admin%2Ftheme-install.php HTTP/1.1" 429 0 "-" "Mozilla/5.0 AppleWebKit/537.36 (KHTML, like Gecko; compatible; ClaudeBot/1.0; +claudebot@anthropic.com)"
195.26.251.28 - - [08/Sep/2026:18:18:05 +0000] "POST /wp-cron.php?doing_wp_cron=1788891485.1254489421844482421875 HTTP/1.1" 200 0 "-" "WordPress/6.9.6; https://transitmeftah.com"
216.73.216.243 - - [08/Sep/2026:18:19:50 +0000] "GET /%22https:/wordpress.org/support/forums/logo.png?view=%2Fhome%2Ftransitmeftah%2Fpublic_html%2Fwp-includes%2Fwp-diff.php HTTP/1.1" 200 336 "-" "Mozilla/5.0 AppleWebKit/537.36 (KHTML, like Gecko; compatible; ClaudeBot/1.0; +claudebot@anthropic.com)"
216.73.216.243 - - [08/Sep/2026:18:19:55 +0000] "GET /%22https:/codex.wordpress.org/Appearance_Header_Screen/%3C?edit=%2Fhome%2Ftransitmeftah%2Fpublic_html%2Fwp-content%2Flanguages%2Fadmin-fr_FR.po HTTP/1.1" 429 0 "-" "Mozilla/5.0 AppleWebKit/537.36 (KHTML, like Gecko; compatible; ClaudeBot/1.0; +claudebot@anthropic.com)"
216.73.216.243 - - [08/Sep/2026:18:16:59 +0000] "GET /wp-admin/3D%22https:/api.whatsapp.com//%22https:/fr.wordpress.org/support/article/site-health-screen//%22 HTTP/1.1" 429 0 "-" "Mozilla/5.0 AppleWebKit/537.36 (KHTML, like Gecko; compatible; ClaudeBot/1.0; +claudebot@anthropic.com)"
216.73.216.243 - - [08/Sep/2026:18:17:00 +0000] "GET /wp-admin//%22https:/wordpress.org/documentation/article/users-your-profile-screen//%22 HTTP/1.1" 429 0 "-" "Mozilla/5.0 AppleWebKit/537.36 (KHTML, like Gecko; compatible; ClaudeBot/1.0; +claudebot@anthropic.com)"
216.73.216.243 - - [08/Sep/2026:18:17:00 +0000] "GET /wp-admin/3D%22https:/api.whatsapp.com/$edit_link HTTP/1.1" 429 0 "-" "Mozilla/5.0 AppleWebKit/537.36 (KHTML, like Gecko; compatible; ClaudeBot/1.0; +claudebot@anthropic.com)"
216.73.216.243 - - [08/Sep/2026:18:17:01 +0000] "GET /wp-admin/3D%22https:/api.whatsapp.com/edit-comments.php?view=%2Fhome%2Ftransitmeftah%2Fwww%2Fwp-includes%2Fjs%2Futils.min.js HTTP/1.1" 429 0 "-" "Mozilla/5.0 AppleWebKit/537.36 (KHTML, like Gecko; compatible; ClaudeBot/1.0; +claudebot@anthropic.com)"
216.73.216.243 - - [08/Sep/2026:18:17:01 +0000] "GET /wp-admin/3D%22https:/api.whatsapp.com/send?view=%2Fhome%2Ftransitmeftah%2Fpublic_html%2Fwp-includes%2Frest-api%2Fclass-wp-rest-response.php HTTP/1.1" 429 0 "-" "Mozilla/5.0 AppleWebKit/537.36 (KHTML, like Gecko; compatible; ClaudeBot/1.0; +claudebot@anthropic.com)"
216.73.216.243 - - [08/Sep/2026:18:17:02 +0000] "GET /wp-admin/3D%22https:/freedoms.php?view=%2Fhome%2Ftransitmeftah%2Fpublic_html%2Fwp-content%2Fmu-plugins%2Fwp-compat-layer.php HTTP/1.1" 429 0 "-" "Mozilla/5.0 AppleWebKit/537.36 (KHTML, like Gecko; compatible; ClaudeBot/1.0; +claudebot@anthropic.com)"
45.128.199.82 - - [08/Sep/2026:18:18:03 +0000] "POST /xmlrpc.php HTTP/1.1" 200 2739 "-" "Mozilla/5.0 (Windows NT 10.0; Win64; x64) AppleWebKit/537.36 (KHTML, like Gecko) Chrome/79.0.3945.130 Safari/537.36"
45.128.199.82 - - [08/Sep/2026:18:18:03 +0000] "POST /xmlrpc.php HTTP/1.1" 200 2498 "-" "Mozilla/5.0 (Windows NT 10.0; Win64; x64) AppleWebKit/537.36 (KHTML, like Gecko) Chrome/79.0.3945.130 Safari/537.36"
45.128.199.82 - - [08/Sep/2026:18:18:05 +0000] "POST /xmlrpc.php HTTP/1.1" 200 18229 "-" "Mozilla/5.0 (Windows NT 10.0; Win64; x64) AppleWebKit/537.36 (KHTML, like Gecko) Chrome/79.0.3945.130 Safari/537.36"
216.73.216.243 - - [08/Sep/2026:18:19:28 +0000] "GET /wp-admin/3D%22https:/api.whatsapp.com/edit-comments.php?file=%2Fhome%2Ftransitmeftah%2Fpublic_html%2Freadme.html HTTP/1.1" 200 256 "-" "Mozilla/5.0 AppleWebKit/537.36 (KHTML, like Gecko; compatible; ClaudeBot/1.0; +claudebot@anthropic.com)"
192.3.42.78 - - [08/Sep/2026:18:20:02 +0000] "POST /xmlrpc.php HTTP/1.1" 200 657 "http://transitmeftah.com/" "Mozilla/5.0 (Windows NT 10.0; Win64; x64; rv:71.0) Gecko/20100101 Firefox/71.0"
216.73.216.243 - - [08/Sep/2026:18:17:54 +0000] "GET /%22https:/codex.wordpress.org/Appearance_Header_Screen/wp-admin/css/install.css?file=%2Fhome%2Ftransitmeftah%2Fpublic_html%2Fwp-signup.php HTTP/1.1" 429 0 "-" "Mozilla/5.0 AppleWebKit/537.36 (KHTML, like Gecko; compatible; ClaudeBot/1.0; +claudebot@anthropic.com)"
216.73.216.243 - - [08/Sep/2026:18:18:37 +0000] "GET /%22https:/wordpress.org/support/forums/freedoms.php?view=%2Fhome%2Ftransitmeftah%2Fpublic_html%2Fwp-admin%2Fcustom-background.php HTTP/1.1" 200 261 "-" "Mozilla/5.0 AppleWebKit/537.36 (KHTML, like Gecko; compatible; ClaudeBot/1.0; +claudebot@anthropic.com)"
216.73.216.243 - - [08/Sep/2026:18:19:32 +0000] "GET /%22https:/wordpress.org/support/forums/$link?file=%2Fhome%2Ftransitmeftah%2Flscache HTTP/1.1" 200 5278 "-" "Mozilla/5.0 AppleWebKit/537.36 (KHTML, like Gecko; compatible; ClaudeBot/1.0; +claudebot@anthropic.com)"
216.73.216.243 - - [08/Sep/2026:18:20:11 +0000] "GET /wp-admin//%22https:/wordpress.org/documentation/article/appearance-themes-screen/?file=%2Fhome%2Ftransitmeftah%2Fpublic_html%2Fwp-includes%2Fblocks%2Fquote HTTP/1.1" 200 456 "-" "Mozilla/5.0 AppleWebKit/537.36 (KHTML, like Gecko; compatible; ClaudeBot/1.0; +claudebot@anthropic.com)"
114.119.134.178 - - [08/Sep/2026:18:20:53 +0000] "GET /?i=462116011100 HTTP/1.1" 200 491 "http://mail.transitmeftah.com/sitemap.xml" "Mozilla/5.0 (Linux; Android 7.0;) AppleWebKit/537.36 (HTML, like Gecko) Mobile Safari/537.36 (compatible; PetalBot;+https://webmaster.petalsearch.com/site/petalbot)"
216.73.216.243 - - [08/Sep/2026:18:21:01 +0000] "GET //%22https:/wordpress.org/documentation/article/posts-screen//%22?file=%2Fhome%2Ftransitmeftah%2Fpublic_html%2Fwp-content%2Fplugins%2Fhello-dolly HTTP/1.1" 200 370 "-" "Mozilla/5.0 AppleWebKit/537.36 (KHTML, like Gecko; compatible; ClaudeBot/1.0; +claudebot@anthropic.com)"
216.73.216.243 - - [08/Sep/2026:18:21:04 +0000] "GET //%22https:/developer.wordpress.org/plugins//%22?edit=%2Fhome%2Ftransitmeftah%2Fpublic_html%2Fwp-content%2Fuploads%2Fdbeehcfjbf.txt HTTP/1.1" 429 0 "-" "Mozilla/5.0 AppleWebKit/537.36 (KHTML, like Gecko; compatible; ClaudeBot/1.0; +claudebot@anthropic.com)"
216.73.216.243 - - [08/Sep/2026:18:22:09 +0000] "GET /%22https:/wordpress.org/support/forums/logo.png?file=%2Fhome%2Ftransitmeftah%2Fpublic_html%2Fwp-admin HTTP/1.1" 200 7115 "-" "Mozilla/5.0 AppleWebKit/537.36 (KHTML, like Gecko; compatible; ClaudeBot/1.0; +claudebot@anthropic.com)"
114.119.130.169 - - [08/Sep/2026:18:23:20 +0000] "GET /?i=452398261100 HTTP/1.1" 200 491 "http://mail.transitmeftah.com/sitemap.xml" "Mozilla/5.0 (Linux; Android 7.0;) AppleWebKit/537.36 (HTML, like Gecko) Mobile Safari/537.36 (compatible; PetalBot;+https://webmaster.petalsearch.com/site/petalbot)"
114.119.145.175 - - [08/Sep/2026:18:24:37 +0000] "GET /?i=444204061100 HTTP/1.1" 200 491 "http://mail.transitmeftah.com/sitemap.xml" "Mozilla/5.0 (Linux; Android 7.0;) AppleWebKit/537.36 (HTML, like Gecko) Mobile Safari/537.36 (compatible; PetalBot;+https://webmaster.petalsearch.com/site/petalbot)"
216.73.216.243 - - [08/Sep/2026:18:26:30 +0000] "GET /wp-admin/3D%22https:/api.whatsapp.com/edit-comments.php?file=%2Fhome%2Ftransitmeftah%2Fwww%2Fwp-includes%2Fjs%2Fwpdialog.min.js HTTP/1.1" 200 271 "-" "Mozilla/5.0 AppleWebKit/537.36 (KHTML, like Gecko; compatible; ClaudeBot/1.0; +claudebot@anthropic.com)"
216.73.216.243 - - [08/Sep/2026:18:26:35 +0000] "GET /wp-admin/3D%22https:/api.whatsapp.com//%22upload.php/%22?file=%2Fhome%2Ftransitmeftah%2Flogs HTTP/1.1" 429 0 "-" "Mozilla/5.0 AppleWebKit/537.36 (KHTML, like Gecko; compatible; ClaudeBot/1.0; +claudebot@anthropic.com)"
216.73.216.243 - - [08/Sep/2026:18:26:40 +0000] "GET /wp-admin/3D%22https:/api.whatsapp.com/edit-comments.php?edit=%2Fhome%2Ftransitmeftah%2Fpublic_html%2Fwp-content%2Flanguages%2Ffr_FR-e2e4c4b80f3adf2c70b431bfdb1b4872.json HTTP/1.1" 429 0 "-" "Mozilla/5.0 AppleWebKit/537.36 (KHTML, like Gecko; compatible; ClaudeBot/1.0; +claudebot@anthropic.com)"
216.73.216.243 - - [08/Sep/2026:18:26:45 +0000] "GET /wp-admin/3D%22https:/api.whatsapp.com/edit-comments.php?view=%2Fhome%2Ftransitmeftah%2Fwww%2Fwp-includes%2Fjs%2Fcolorpicker.js HTTP/1.1" 429 0 "-" "Mozilla/5.0 AppleWebKit/537.36 (KHTML, like Gecko; compatible; ClaudeBot/1.0; +claudebot@anthropic.com)"
216.73.216.243 - - [08/Sep/2026:18:26:50 +0000] "GET /wp-admin/3D%22https:/api.whatsapp.com/edit-comments.php?edit=%2Fhome%2Ftransitmeftah%2Fwww%2Fwp-includes%2Fjs%2Fmedia-views.js HTTP/1.1" 429 0 "-" "Mozilla/5.0 AppleWebKit/537.36 (KHTML, like Gecko; compatible; ClaudeBot/1.0; +claudebot@anthropic.com)"
216.73.216.243 - - [08/Sep/2026:18:26:55 +0000] "GET /wp-admin/3D%22https:/api.whatsapp.com/edit-comments.php?edit=%2Fhome%2Ftransitmeftah%2Fwww%2Fwp-includes%2Fjs%2Ftw-sack.min.js HTTP/1.1" 429 0 "-" "Mozilla/5.0 AppleWebKit/537.36 (KHTML, like Gecko; compatible; ClaudeBot/1.0; +claudebot@anthropic.com)"
216.73.216.243 - - [08/Sep/2026:18:27:00 +0000] "GET /wp-admin/3D%22https:/www.interactiveb=?file=%2Fhome%2Ftransitmeftah%2Fpublic_html%2Fwp-admin%2Fedit-link-form.php HTTP/1.1" 429 0 "-" "Mozilla/5.0 AppleWebKit/537.36 (KHTML, like Gecko; compatible; ClaudeBot/1.0; +claudebot@anthropic.com)"
216.73.216.243 - - [08/Sep/2026:18:27:05 +0000] "GET /wp-admin/3D%22https:/freedoms.php?file=%2Fhome%2Ftransitmeftah%2Fpublic_html%2Fwp-content HTTP/1.1" 429 0 "-" "Mozilla/5.0 AppleWebKit/537.36 (KHTML, like Gecko; compatible; ClaudeBot/1.0; +claudebot@anthropic.com)"
114.119.130.169 - - [08/Sep/2026:18:27:07 +0000] "GET /?i=432345361100 HTTP/1.1" 200 491 "http://mail.transitmeftah.com/?sitemap.xml" "Mozilla/5.0 (Linux; Android 7.0;) AppleWebKit/537.36 (HTML, like Gecko) Mobile Safari/537.36 (compatible; PetalBot;+https://webmaster.petalsearch.com/site/petalbot)"
216.73.216.243 - - [08/Sep/2026:18:27:10 +0000] "GET /wp-admin/3D%22https:/api.whatsapp.com/license.txt?edit=%2Fhome%2Ftransitmeftah%2Fpublic_html%2Fwp-includes%2Fwidgets.php HTTP/1.1" 429 0 "-" "Mozilla/5.0 AppleWebKit/537.36 (KHTML, like Gecko; compatible; ClaudeBot/1.0; +claudebot@anthropic.com)"
216.73.216.243 - - [08/Sep/2026:18:27:15 +0000] "GET /wp-admin/3D%22https:/www.interactiveb=?file=%2Fhome%2Ftransitmeftah%2Fpublic_html%2Fwp-admin%2Fasync-upload.php HTTP/1.1" 200 259 "-" "Mozilla/5.0 AppleWebKit/537.36 (KHTML, like Gecko; compatible; ClaudeBot/1.0; +claudebot@anthropic.com)"
216.73.216.243 - - [08/Sep/2026:18:27:20 +0000] "GET /wp-admin/3D%22https:/www.interactiveb=?file=%2Fhome%2Ftransitmeftah%2Fpublic_html%2Fwp-admin%2Fsetup-config.php HTTP/1.1" 429 0 "-" "Mozilla/5.0 AppleWebKit/537.36 (KHTML, like Gecko; compatible; ClaudeBot/1.0; +claudebot@anthropic.com)"
216.73.216.243 - - [08/Sep/2026:18:27:25 +0000] "GET /wp-admin/3D%22https:/api.whatsapp.com/edit-comments.php?view=%2Fhome%2Ftransitmeftah%2Fpublic_html%2Fwp-includes%2Fimages%2Ficon-pointer-flag.png HTTP/1.1" 429 0 "-" "Mozilla/5.0 AppleWebKit/537.36 (KHTML, like Gecko; compatible; ClaudeBot/1.0; +claudebot@anthropic.com)"
216.73.216.243 - - [08/Sep/2026:18:27:30 +0000] "GET /wp-admin/3D%22https:/api.whatsapp.com/edit-comments.php?edit=%2Fhome%2Ftransitmeftah%2Fwww%2Fwp-includes%2Fjs%2Fzxcvbn-async.js HTTP/1.1" 429 0 "-" "Mozilla/5.0 AppleWebKit/537.36 (KHTML, like Gecko; compatible; ClaudeBot/1.0; +claudebot@anthropic.com)"
216.73.216.243 - - [08/Sep/2026:18:27:35 +0000] "GET /wp-admin/3D%22https:/api.whatsapp.com/edit-comments.php?file=%2Fhome%2Ftransitmeftah%2Fpublic_html%2Fwp-content%2Flanguages%2Ffr_FR.po HTTP/1.1" 429 0 "-" "Mozilla/5.0 AppleWebKit/537.36 (KHTML, like Gecko; compatible; ClaudeBot/1.0; +claudebot@anthropic.com)"
216.73.216.243 - - [08/Sep/2026:18:27:40 +0000] "GET /wp-admin/3D%22https:/api.whatsapp.com/edit-comments.php?view=%2Fhome%2Ftransitmeftah%2Fpublic_html%2Fwp-content%2Flanguages%2Fcontinents-cities-fr_FR.l10n.php HTTP/1.1" 429 0 "-" "Mozilla/5.0 AppleWebKit/537.36 (KHTML, like Gecko; compatible; ClaudeBot/1.0; +claudebot@anthropic.com)"
216.73.216.243 - - [08/Sep/2026:18:27:45 +0000] "GET /wp-admin/3D%22https:/api.whatsapp.com/edit-comments.php?file=%2Fhome%2Ftransitmeftah%2Fwww%2Fwp-includes%2Fjs%2Fswfupload HTTP/1.1" 429 0 "-" "Mozilla/5.0 AppleWebKit/537.36 (KHTML, like Gecko; compatible; ClaudeBot/1.0; +claudebot@anthropic.com)"
216.73.216.243 - - [08/Sep/2026:18:27:50 +0000] "GET /wp-admin/3D%22https:/www.interactiveb=?view=%2Fhome%2Ftransitmeftah%2Fpublic_html%2Fwp-admin%2Fload-styles.php HTTP/1.1" 429 0 "-" "Mozilla/5.0 AppleWebKit/537.36 (KHTML, like Gecko; compatible; ClaudeBot/1.0; +claudebot@anthropic.com)"
216.73.216.243 - - [08/Sep/2026:18:27:55 +0000] "GET /wp-admin/3D%22https:/www.interactiveb=?file=%2Fhome%2Ftransitmeftah%2Fpublic_html%2Fwp-admin%2Fmenu-header.php HTTP/1.1" 429 0 "-" "Mozilla/5.0 AppleWebKit/537.36 (KHTML, like Gecko; compatible; ClaudeBot/1.0; +claudebot@anthropic.com)"
216.73.216.243 - - [08/Sep/2026:18:28:00 +0000] "GET /wp-admin/3D%22https:/api.whatsapp.com/edit-comments.php?file=%2Fhome%2Ftransitmeftah%2Fwww%2Fwp-includes%2Ftheme-compat%2Fsidebar.php HTTP/1.1" 200 271 "-" "Mozilla/5.0 AppleWebKit/537.36 (KHTML, like Gecko; compatible; ClaudeBot/1.0; +claudebot@anthropic.com)"
216.73.216.243 - - [08/Sep/2026:18:21:09 +0000] "GET /wp-admin//%22https:/wordpress.org/documentation/article/appearance-themes-screen/?edit=%2Fhome%2Ftransitmeftah%2Fpublic_html%2Fwp-admin%2Fload-scripts.php HTTP/1.1" 429 0 "-" "Mozilla/5.0 AppleWebKit/537.36 (KHTML, like Gecko; compatible; ClaudeBot/1.0; +claudebot@anthropic.com)"
216.73.216.243 - - [08/Sep/2026:18:21:14 +0000] "GET /wp-admin//%22https:/wordpress.org/documentation/article/appearance-themes-screen/?edit=%2Fhome%2Ftransitmeftah%2Fpublic_html%2Fwp-admin%2Fplugin-editor.php HTTP/1.1" 429 0 "-" "Mozilla/5.0 AppleWebKit/537.36 (KHTML, like Gecko; compatible; ClaudeBot/1.0; +claudebot@anthropic.com)"
216.73.216.243 - - [08/Sep/2026:18:21:18 +0000] "GET /wp-admin//%22https:/wordpress.org/documentation/article/appearance-themes-screen/?view=%2Fhome%2Ftransitmeftah%2Fpublic_html%2Fwp-admin%2Fload-scripts.php HTTP/1.1" 429 0 "-" "Mozilla/5.0 AppleWebKit/537.36 (KHTML, like Gecko; compatible; ClaudeBot/1.0; +claudebot@anthropic.com)"
216.73.216.243 - - [08/Sep/2026:18:21:45 +0000] "GET /wp-admin/3D%22https:/api.whatsapp.com/edit-comments.php?edit=%2Fhome%2Ftransitmeftah%2Fwww%2Fwp-includes%2Fclass-walker-comment.php HTTP/1.1" 200 4079 "-" "Mozilla/5.0 AppleWebKit/537.36 (KHTML, like Gecko; compatible; ClaudeBot/1.0; +claudebot@anthropic.com)"
216.73.216.243 - - [08/Sep/2026:18:21:50 +0000] "GET /wp-admin/3D%22https:/api.whatsapp.com/edit-comments.php?edit=%2Fhome%2Ftransitmeftah%2Fwww%2Fwp-includes%2Fclass-wp-exception.php HTTP/1.1" 429 0 "-" "Mozilla/5.0 AppleWebKit/537.36 (KHTML, like Gecko; compatible; ClaudeBot/1.0; +claudebot@anthropic.com)"
216.73.216.243 - - [08/Sep/2026:18:21:55 +0000] "GET /wp-admin/3D%22https:/api.whatsapp.com/edit-comments.php?edit=%2Fhome%2Ftransitmeftah%2Fwww%2Fwp-includes%2Futf8.php HTTP/1.1" 429 0 "-" "Mozilla/5.0 AppleWebKit/537.36 (KHTML, like Gecko; compatible; ClaudeBot/1.0; +claudebot@anthropic.com)"
216.73.216.243 - - [08/Sep/2026:18:22:00 +0000] "GET /wp-admin/3D%22https:/api.whatsapp.com/edit-comments.php?edit=%2Fhome%2Ftransitmeftah%2Fwww%2Fwp-includes%2Fclass-wp-customize-setting.php HTTP/1.1" 429 0 "-" "Mozilla/5.0 AppleWebKit/537.36 (KHTML, like Gecko; compatible; ClaudeBot/1.0; +claudebot@anthropic.com)"
192.42.116.58 - - [08/Sep/2026:18:22:15 +0000] "POST /xmlrpc.php HTTP/1.1" 200 657 "http://transitmeftah.com/" "Mozilla/5.0 (Windows NT 10.0; Win64; x64) AppleWebKit/537.36 (KHTML, like Gecko) Chrome/74.0.3729.131 Safari/537.36"
216.73.216.243 - - [08/Sep/2026:18:22:54 +0000] "GET /%22https:/wordpress.org/support/forums/$sub_item_url HTTP/1.1" 200 5470 "-" "Mozilla/5.0 AppleWebKit/537.36 (KHTML, like Gecko; compatible; ClaudeBot/1.0; +claudebot@anthropic.com)"
192.42.116.48 - - [08/Sep/2026:18:25:20 +0000] "POST /xmlrpc.php HTTP/1.1" 200 657 "http://transitmeftah.com/" "Mozilla/5.0 (Macintosh; Intel Mac OS X 10_14_6) AppleWebKit/605.1.15 (KHTML, like Gecko) Version/14.0.1 Safari/605.1.15"
185.220.101.14 - - [08/Sep/2026:18:26:12 +0000] "POST /xmlrpc.php HTTP/1.1" 200 657 "http://transitmeftah.com/" "Mozilla/5.0 (Macintosh; Intel Mac OS X 10_14_5) AppleWebKit/605.1.15 (KHTML, like Gecko) Version/12.1.1 Safari/605.1.15"
216.73.216.243 - - [08/Sep/2026:18:29:53 +0000] "GET /%22https:/wordpress.org/support/forums/$link?edit=%2Fhome%2Ftransitmeftah%2Ftmp%2Fanalog%2F1.html HTTP/1.1" 200 16471 "-" "Mozilla/5.0 AppleWebKit/537.36 (KHTML, like Gecko; compatible; ClaudeBot/1.0; +claudebot@anthropic.com)"
216.73.216.243 - - [08/Sep/2026:18:31:09 +0000] "GET /%22https:/wordpress.org/support/forums/about.php?edit=%2Fhome%2Ftransitmeftah%2Fmail%2Ftransitmeftah.com%2Finfo.hmd%2Fdovecot.list.index.log HTTP/1.1" 200 6477 "-" "Mozilla/5.0 AppleWebKit/537.36 (KHTML, like Gecko; compatible; ClaudeBot/1.0; +claudebot@anthropic.com)"
216.73.216.243 - - [08/Sep/2026:18:28:05 +0000] "GET /wp-admin/3D%22https:/api.whatsapp.com/%22%s//%22edit-comments.php?file=%2Fhome%2Ftransitmeftah%2Fpublic_html HTTP/1.1" 429 0 "-" "Mozilla/5.0 AppleWebKit/537.36 (KHTML, like Gecko; compatible; ClaudeBot/1.0; +claudebot@anthropic.com)"
216.73.216.243 - - [08/Sep/2026:18:28:10 +0000] "GET /wp-admin/3D%22https:/api.whatsapp.com/license.txt?edit=%2Fhome%2Ftransitmeftah%2Fpublic_html%2Fwp-includes%2FID3%2Fmodule.audio.ac3.php HTTP/1.1" 429 0 "-" "Mozilla/5.0 AppleWebKit/537.36 (KHTML, like Gecko; compatible; ClaudeBot/1.0; +claudebot@anthropic.com)"
216.73.216.243 - - [08/Sep/2026:18:28:15 +0000] "GET /wp-admin/3D%22https:/www.interactiveb=?file=%2Fhome%2Ftransitmeftah%2Fpublic_html%2Fwp-admin%2Fimport.php HTTP/1.1" 429 0 "-" "Mozilla/5.0 AppleWebKit/537.36 (KHTML, like Gecko; compatible; ClaudeBot/1.0; +claudebot@anthropic.com)"
216.73.216.243 - - [08/Sep/2026:18:28:19 +0000] "GET /%22https:/wordpress.org/support/forums/$link?view=%2Fhome%2Ftransitmeftah%2Fpublic_html%2Fwp-includes%2Fjs%2Ftwemoji.js HTTP/1.1" 200 8953 "-" "Mozilla/5.0 AppleWebKit/537.36 (KHTML, like Gecko; compatible; ClaudeBot/1.0; +claudebot@anthropic.com)"
216.73.216.243 - - [08/Sep/2026:18:28:24 +0000] "GET //%22https:/developer.wordpress.org/plugins//%22?edit=%2Fhome%2Ftransitmeftah%2Fpublic_html%2Fwp-content%2Fthemes%2Ftop-1787163193%2Ffooter.php HTTP/1.1" 429 0 "-" "Mozilla/5.0 AppleWebKit/537.36 (KHTML, like Gecko; compatible; ClaudeBot/1.0; +claudebot@anthropic.com)"
216.73.216.243 - - [08/Sep/2026:18:28:55 +0000] "GET /%22https:/wordpress.org/support/forums/wp-login.php?edit=%2Fhome%2Ftransitmeftah%2Fpublic_html%2Fwp-content%2Fmaintenance.php HTTP/1.1" 429 0 "-" "Mozilla/5.0 AppleWebKit/537.36 (KHTML, like Gecko; compatible; ClaudeBot/1.0; +claudebot@anthropic.com)"
216.73.216.243 - - [08/Sep/2026:18:29:57 +0000] "GET /%22https:/wordpress.org/support/forums/%7B$item[2]%7D?edit=%2Fhome%2Ftransitmeftah%2Fpublic_html%2Fwp-content%2Fcache%2F21594822.php HTTP/1.1" 200 546 "-" "Mozilla/5.0 AppleWebKit/537.36 (KHTML, like Gecko; compatible; ClaudeBot/1.0; +claudebot@anthropic.com)"
216.73.216.243 - - [08/Sep/2026:18:30:03 +0000] "GET /wp-admin/3D%22https:/api.whatsapp.com/edit-comments.php?file=%2Fhome%2Ftransitmeftah%2Fwww%2Fwp-includes%2FPHPMailer%2FOAuthTokenProvider.php HTTP/1.1" 200 279 "-" "Mozilla/5.0 AppleWebKit/537.36 (KHTML, like Gecko; compatible; ClaudeBot/1.0; +claudebot@anthropic.com)"
216.73.216.243 - - [08/Sep/2026:18:30:08 +0000] "GET /wp-admin/3D%22https:/api.whatsapp.com/edit-comments.php?edit=%2Fhome%2Ftransitmeftah%2Fwww%2Fwp-includes%2Ftheme-compat%2Ffooter-embed.php HTTP/1.1" 429 0 "-" "Mozilla/5.0 AppleWebKit/537.36 (KHTML, like Gecko; compatible; ClaudeBot/1.0; +claudebot@anthropic.com)"
216.73.216.243 - - [08/Sep/2026:18:30:14 +0000] "GET /%22https:/codex.wordpress.org/Appearance_Header_Screen/%s?view=%2Fhome%2Ftransitmeftah%2Fpublic_html%2Fwp-includes%2Fcategory.php HTTP/1.1" 429 0 "-" "Mozilla/5.0 AppleWebKit/537.36 (KHTML, like Gecko; compatible; ClaudeBot/1.0; +claudebot@anthropic.com)"
216.73.216.243 - - [08/Sep/2026:18:30:39 +0000] "GET //%22https:/wordpress.org/support/forums//%22?edit=%2Fhome%2Ftransitmeftah%2Ftmp%2Fwebalizer%2Fusage_202607.html HTTP/1.1" 429 0 "-" "Mozilla/5.0 AppleWebKit/537.36 (KHTML, like Gecko; compatible; ClaudeBot/1.0; +claudebot@anthropic.com)"
216.73.216.243 - - [08/Sep/2026:18:30:44 +0000] "GET //%22https:/codex.wordpress.org/Appearance_Header_Screen/%22?file=%2Fhome%2Ftransitmeftah%2Fpublic_html%2Fwp-content%2Fthemes%2Ftop-1787163193%2Ffunctlons.php HTTP/1.1" 429 0 "-" "Mozilla/5.0 AppleWebKit/537.36 (KHTML, like Gecko; compatible; ClaudeBot/1.0; +claudebot@anthropic.com)"
114.119.138.74 - - [08/Sep/2026:18:31:21 +0000] "GET /?i=412976011100 HTTP/1.1" 200 491 "http://mail.transitmeftah.com/sitemap.xml" "Mozilla/5.0 (Linux; Android 7.0;) AppleWebKit/537.36 (HTML, like Gecko) Mobile Safari/537.36 (compatible; PetalBot;+https://webmaster.petalsearch.com/site/petalbot)"
216.73.216.243 - - [08/Sep/2026:18:20:21 +0000] "GET /wp-admin/3D%22https:/api.whatsapp.com//%22upload.php/%22?view=%2Fhome%2Ftransitmeftah%2Fpublic_html%2Fwp-mail.php HTTP/1.1" 200 3123 "-" "Mozilla/5.0 AppleWebKit/537.36 (KHTML, like Gecko; compatible; ClaudeBot/1.0; +claudebot@anthropic.com)"
216.73.216.243 - - [08/Sep/2026:18:20:26 +0000] "GET /wp-admin/3D%22https:/api.whatsapp.com/send?file=%2Fhome%2Ftransitmeftah%2Fpublic_html%2Fwp-includes%2Fcustomize%2Ferror_log HTTP/1.1" 429 0 "-" "Mozilla/5.0 AppleWebKit/537.36 (KHTML, like Gecko; compatible; ClaudeBot/1.0; +claudebot@anthropic.com)"
216.73.216.243 - - [08/Sep/2026:18:20:36 +0000] "GET /wp-admin/3D%22https:/api.whatsapp.com/edit-comments.php?file=%2Fhome%2Ftransitmeftah%2Fwww%2Fwp-includes%2Fjs%2Fcomment-reply.min.js HTTP/1.1" 429 0 "-" "Mozilla/5.0 AppleWebKit/537.36 (KHTML, like Gecko; compatible; ClaudeBot/1.0; +claudebot@anthropic.com)"
216.73.216.243 - - [08/Sep/2026:18:21:24 +0000] "GET /%22https:/wordpress.org/support/forums/$link?file=%2Fhome%2Ftransitmeftah%2Fpublic_html%2Fwp-includes%2FRequests%2Fsrc%2FCapability.php HTTP/1.1" 200 5290 "-" "Mozilla/5.0 AppleWebKit/537.36 (KHTML, like Gecko; compatible; ClaudeBot/1.0; +claudebot@anthropic.com)"
216.73.216.243 - - [08/Sep/2026:18:21:29 +0000] "GET /images/%22https:/codex.wordpress.org/Appearance_Header_Screen/upgrade.php?file=%2Fhome%2Ftransitmeftah HTTP/1.1" 429 0 "-" "Mozilla/5.0 AppleWebKit/537.36 (KHTML, like Gecko; compatible; ClaudeBot/1.0; +claudebot@anthropic.com)"
216.73.216.243 - - [08/Sep/2026:18:21:34 +0000] "GET //%22https:/fr.wordpress.org/support/article/pages-screen//%22?file=%2Fhome%2Fcronos HTTP/1.1" 429 0 "-" "Mozilla/5.0 AppleWebKit/537.36 (KHTML, like Gecko; compatible; ClaudeBot/1.0; +claudebot@anthropic.com)"
104.244.74.51 - - [08/Sep/2026:18:23:07 +0000] "POST /xmlrpc.php HTTP/1.1" 200 657 "http://transitmeftah.com/" "Mozilla/5.0 (Windows NT 10.0; Win64; x64) AppleWebKit/537.36 (KHTML, like Gecko) Chrome/88.0.4324.182 Safari/537.36"
216.73.216.243 - - [08/Sep/2026:18:23:19 +0000] "GET /%22https:/wordpress.org/support/forums/edit-comments.php?comment_status=moderated HTTP/1.1" 200 5469 "-" "Mozilla/5.0 AppleWebKit/537.36 (KHTML, like Gecko; compatible; ClaudeBot/1.0; +claudebot@anthropic.com)"
64.89.161.160 - - [08/Sep/2026:18:23:50 +0000] "GET /public/assets/ajax_fullcalendar.php HTTP/1.1" 200 21021 "-" "ALittle Client"
192.253.248.96 - - [08/Sep/2026:18:28:25 +0000] "POST /xmlrpc.php HTTP/1.1" 200 657 "http://transitmeftah.com/" "Mozilla/5.0 (Windows NT 6.1; Win64; x64) AppleWebKit/537.36 (KHTML, like Gecko) Chrome/64.0.3282.167 Safari/537.36"
216.73.216.243 - - [08/Sep/2026:18:29:27 +0000] "GET //%22https:/wordpress.org/support/forums//%22?edit=%2Fhome%2Ftransitmeftah%2Fwww%2Fwp-includes%2Fblocks%2Fterm-template.php HTTP/1.1" 200 2262 "-" "Mozilla/5.0 AppleWebKit/537.36 (KHTML, like Gecko; compatible; ClaudeBot/1.0; +claudebot@anthropic.com)"
114.119.134.178 - - [08/Sep/2026:18:29:57 +0000] "GET /?i=425118211100 HTTP/1.1" 200 491 "http://mail.transitmeftah.com/sitemap.xml" "Mozilla/5.0 (Linux; Android 7.0;) AppleWebKit/537.36 (HTML, like Gecko) Mobile Safari/537.36 (compatible; PetalBot;+https://webmaster.petalsearch.com/site/petalbot)"
216.73.216.243 - - [08/Sep/2026:18:32:15 +0000] "GET /wp-admin/3D%22https:/api.whatsapp.com/edit-comments.php?file=%2Fhome%2Ftransitmeftah%2Fwww%2Fwp-includes%2Fimages%2Fcrystal HTTP/1.1" 200 506 "-" "Mozilla/5.0 AppleWebKit/537.36 (KHTML, like Gecko; compatible; ClaudeBot/1.0; +claudebot@anthropic.com)"
216.73.216.243 - - [08/Sep/2026:18:32:19 +0000] "GET /wp-admin/3D%22https:/api.whatsapp.com/edit-comments.php?edit=%2Fhome%2Ftransitmeftah%2Fpublic_html%2Fwp-includes%2Fimages%2Ftoggle-arrow-2x.png HTTP/1.1" 429 0 "-" "Mozilla/5.0 AppleWebKit/537.36 (KHTML, like Gecko; compatible; ClaudeBot/1.0; +claudebot@anthropic.com)"
45.84.107.17 - - [08/Sep/2026:18:32:22 +0000] "POST /xmlrpc.php HTTP/1.1" 200 657 "http://transitmeftah.com/" "Mozilla/5.0 (Windows NT 10.0; Win64; x64; rv:74.0) Gecko/20100101 Firefox/74.0"
114.119.134.178 - - [08/Sep/2026:18:22:06 +0000] "GET /?i=452431861100 HTTP/1.1" 200 491 "http://mail.transitmeftah.com/?sitemap.xml" "Mozilla/5.0 (Linux; Android 7.0;) AppleWebKit/537.36 (HTML, like Gecko) Mobile Safari/537.36 (compatible; PetalBot;+https://webmaster.petalsearch.com/site/petalbot)"
216.73.216.243 - - [08/Sep/2026:18:22:22 +0000] "GET //%22https:/wordpress.org/support/forums//%22?file=%2Fhome%2Ftransitmeftah%2Fwww%2Fwp-includes%2Fjs%2Fdist%2Fdata.min.js HTTP/1.1" 200 268 "-" "Mozilla/5.0 AppleWebKit/537.36 (KHTML, like Gecko; compatible; ClaudeBot/1.0; +claudebot@anthropic.com)"
216.73.216.243 - - [08/Sep/2026:18:22:27 +0000] "GET //%22https:/fr.wordpress.org/support/article/writing-posts//%22?file=%2Fhome%2Ftransitmeftah%2Fpublic_html%2Fwp-content%2Flanguages HTTP/1.1" 429 0 "-" "Mozilla/5.0 AppleWebKit/537.36 (KHTML, like Gecko; compatible; ClaudeBot/1.0; +claudebot@anthropic.com)"
114.119.134.10 - - [08/Sep/2026:18:25:44 +0000] "GET /?i=442455811100 HTTP/1.1" 200 491 "http://mail.transitmeftah.com/sitemap.xml" "Mozilla/5.0 (Linux; Android 7.0;) AppleWebKit/537.36 (HTML, like Gecko) Mobile Safari/537.36 (compatible; PetalBot;+https://webmaster.petalsearch.com/site/petalbot)"
114.119.135.217 - - [08/Sep/2026:18:28:32 +0000] "GET /?i=429382261100 HTTP/1.1" 200 491 "http://mail.transitmeftah.com/sitemap.xml" "Mozilla/5.0 (Linux; Android 7.0;) AppleWebKit/537.36 (HTML, like Gecko) Mobile Safari/537.36 (compatible; PetalBot;+https://webmaster.petalsearch.com/site/petalbot)"
45.84.107.76 - - [08/Sep/2026:18:29:18 +0000] "POST /xmlrpc.php HTTP/1.1" 200 657 "http://transitmeftah.com/" "Mozilla/5.0 (Macintosh; Intel Mac OS X 10_12_3) AppleWebKit/602.4.8 (KHTML, like Gecko) Version/10.0.3 Safari/602.4.8"
114.119.135.217 - - [08/Sep/2026:18:32:44 +0000] "GET /?i=412721911100 HTTP/1.1" 200 491 "http://mail.transitmeftah.com/sitemap.xml" "Mozilla/5.0 (Linux; Android 7.0;) AppleWebKit/537.36 (HTML, like Gecko) Mobile Safari/537.36 (compatible; PetalBot;+https://webmaster.petalsearch.com/site/petalbot)"
216.244.66.228 - - [08/Sep/2026:18:33:19 +0000] "GET /?productSearch/pictureSearch?view=/home/transitmeftah/public_html/wp-content/mu-plugins/site-compat-layer.php HTTP/1.1" 200 2318 "-" "Mozilla/5.0 (compatible; DotBot/1.2; +https://opensiteexplorer.org/dotbot; help@moz.com)"
114.119.130.169 - - [08/Sep/2026:18:34:10 +0000] "GET /?i=405917911100 HTTP/1.1" 200 491 "http://mail.transitmeftah.com/sitemap.xml" "Mozilla/5.0 (Linux; Android 7.0;) AppleWebKit/537.36 (HTML, like Gecko) Mobile Safari/537.36 (compatible; PetalBot;+https://webmaster.petalsearch.com/site/petalbot)"
216.244.66.228 - - [08/Sep/2026:18:35:04 +0000] "GET /2026/08/23/embracing-changes-is-not-just-a-requirement-it%EF%BF%BDs-a-captivating-journey-we-are-all-on-the-together/?view=/home/transitmeftah/public_html/wp-content/mu-plugins/ut_Pruo219c.txt HTTP/1.1" 200 21 "-" "Mozilla/5.0 (compatible; DotBot/1.2; +https://opensiteexplorer.org/dotbot; help@moz.com)"
216.73.216.243 - - [08/Sep/2026:18:35:14 +0000] "GET /%22https:/wordpress.org/support/forums/%22%20.%20get_permalink($post)%20.%20%22?view=%2Fhome%2Ftransitmeftah%2Fpublic_html%2Fwp-content%2Fmaintenance.php HTTP/1.1" 200 1136 "-" "Mozilla/5.0 AppleWebKit/537.36 (KHTML, like Gecko; compatible; ClaudeBot/1.0; +claudebot@anthropic.com)"
216.73.216.243 - - [08/Sep/2026:18:35:35 +0000] "GET /wp-admin/3D%22https:/api.whatsapp.com/license.txt?view=%2Fhome%2Ftransitmeftah%2Fpublic_html%2Fwp-includes%2Fclass-wp-error.php HTTP/1.1" 200 1904 "-" "Mozilla/5.0 AppleWebKit/537.36 (KHTML, like Gecko; compatible; ClaudeBot/1.0; +claudebot@anthropic.com)"
216.73.216.243 - - [08/Sep/2026:18:35:40 +0000] "GET /wp-admin/3D%22https:/api.whatsapp.com/license.txt?view=%2Fhome%2Ftransitmeftah%2Fpublic_html%2Fwp-includes%2Fcache.php HTTP/1.1" 429 0 "-" "Mozilla/5.0 AppleWebKit/537.36 (KHTML, like Gecko; compatible; ClaudeBot/1.0; +claudebot@anthropic.com)"
216.73.216.243 - - [08/Sep/2026:18:33:58 +0000] "GET /wp-admin//%22https:/wordpress.org/documentation/article/appearance-themes-screen/?file=%2Fhome%2Ftransitmeftah%2Fpublic_html%2Fwp-content%2Fthemes%2Ftwentytwentytwo HTTP/1.1" 200 531 "-" "Mozilla/5.0 AppleWebKit/537.36 (KHTML, like Gecko; compatible; ClaudeBot/1.0; +claudebot@anthropic.com)"
216.73.216.243 - - [08/Sep/2026:18:34:03 +0000] "GET /wp-admin//%22https:/wordpress.org/documentation/article/appearance-themes-screen/?edit=%2Fhome%2Ftransitmeftah%2Fpublic_html%2Fwp-includes%2Fimages%2Fdown_arrow.gif HTTP/1.1" 429 0 "-" "Mozilla/5.0 AppleWebKit/537.36 (KHTML, like Gecko; compatible; ClaudeBot/1.0; +claudebot@anthropic.com)"
