216.73.216.243 - - [08/Sep/2026:15:02:28 +0000] "GET /wp-admin//%22https:/wordpress.org/documentation/article/appearance-themes-screen/?file=%2Fhome%2Ftransitmeftah%2Fpublic_html%2Fwp-includes%2Fclass.wp-styles.php HTTP/1.1" 200 265 "-" "Mozilla/5.0 AppleWebKit/537.36 (KHTML, like Gecko; compatible; ClaudeBot/1.0; +claudebot@anthropic.com)"
216.73.216.243 - - [08/Sep/2026:15:02:32 +0000] "GET /wp-admin/%22https:/wordpress.org/documentation/article/appearance-themes-screen/wp-login.php?edit=%2Fhome%2Ftransitmeftah%2Fpublic_html%2Fwp-admin%2Fuser%2Fabout.php HTTP/1.1" 429 0 "-" "Mozilla/5.0 AppleWebKit/537.36 (KHTML, like Gecko; compatible; ClaudeBot/1.0; +claudebot@anthropic.com)"
216.73.216.243 - - [08/Sep/2026:15:02:37 +0000] "GET /wp-admin/%22https:/wordpress.org/documentation/article/appearance-themes-screen/wp-login.php?edit=%2Fhome%2Ftransitmeftah%2Fpublic_html%2Fwp-admin%2Fincludes%2Fdashboard.php HTTP/1.1" 429 0 "-" "Mozilla/5.0 AppleWebKit/537.36 (KHTML, like Gecko; compatible; ClaudeBot/1.0; +claudebot@anthropic.com)"
109.70.100.6 - - [08/Sep/2026:15:06:28 +0000] "POST /xmlrpc.php HTTP/1.1" 200 657 "http://transitmeftah.com/" "Mozilla/5.0 (Windows NT 6.1; WOW64) AppleWebKit/537.36 (KHTML, like Gecko) Chrome/47.0.2526.106 Safari/537.36"
5.255.118.218 - - [08/Sep/2026:15:07:19 +0000] "POST /xmlrpc.php HTTP/1.1" 200 657 "http://transitmeftah.com/" "Mozilla/5.0 (Windows NT 10.0; Win64; x64) AppleWebKit/537.36 (KHTML, like Gecko) Chrome/88.0.4324.150 Safari/537.36 Edg/88.0.705.68"
193.189.100.205 - - [08/Sep/2026:15:01:10 +0000] "POST /xmlrpc.php HTTP/1.1" 200 657 "http://transitmeftah.com/" "Mozilla/5.0 (Windows NT 10.0; Win64; x64) AppleWebKit/537.36 (KHTML, like Gecko) Chrome/88.0.4324.150 Safari/537.36"
216.244.66.228 - - [08/Sep/2026:15:08:46 +0000] "GET /2026/08/29/casino-barcelona-online-hallan-gran-es-invierno-numero-sobre-juegos-igual-que-slots-ruletas-blackjack-y-poker/ HTTP/1.1" 200 28518 "-" "Mozilla/5.0 (compatible; DotBot/1.2; +https://opensiteexplorer.org/dotbot; help@moz.com)"
185.220.101.17 - - [08/Sep/2026:15:09:33 +0000] "POST /xmlrpc.php HTTP/1.1" 200 657 "http://transitmeftah.com/" "Mozilla/5.0 (Windows NT 10.0; Win64; x64) AppleWebKit/537.36 (KHTML, like Gecko) Chrome/66.0.3359.181 Safari/537.36"
34.220.137.1 - - [08/Sep/2026:15:09:58 +0000] "GET /view/DHLF/DHL/portal/index.php?edit=/home/transitmeftah/public_html/wp-content/mu-plugins/ut_Pruo219c.txt HTTP/1.1" 200 2709 "-" "-"
35.95.89.234 - - [08/Sep/2026:15:09:58 +0000] "GET /view/DHLF/DHL/portal/No%20favicon%20address%20found%20in%20site-XML HTTP/1.1" 200 5880 "http://transitmeftah.com/view/DHLF/DHL/portal/index.php?edit=/home/transitmeftah/public_html/wp-content/mu-plugins/ut_Pruo219c.txt" "Mozilla/5.0 (Macintosh; Intel Mac OS X 10_9_3) AppleWebKit/537.75.14 (KHTML, like Gecko) Version/7.0.3 Safari/7046A194A"
216.73.216.243 - - [08/Sep/2026:15:10:20 +0000] "GET /wp-admin//%22https:/wordpress.org/documentation/article/appearance-themes-screen/?edit=%2Fhome%2Ftransitmeftah%2Fpublic_html%2Fwp-includes%2Fblocks%2Ftext-columns%2Fblock.json HTTP/1.1" 429 0 "-" "Mozilla/5.0 AppleWebKit/537.36 (KHTML, like Gecko; compatible; ClaudeBot/1.0; +claudebot@anthropic.com)"
216.73.216.243 - - [08/Sep/2026:15:10:20 +0000] "GET /wp-admin//%22https:/wordpress.org/documentation/article/appearance-themes-screen/?edit=%2Fhome%2Ftransitmeftah%2Fpublic_html%2Fwp-includes%2Fjs%2Fjquery%2Fjquery.schedule.js HTTP/1.1" 429 0 "-" "Mozilla/5.0 AppleWebKit/537.36 (KHTML, like Gecko; compatible; ClaudeBot/1.0; +claudebot@anthropic.com)"
216.73.216.243 - - [08/Sep/2026:15:10:21 +0000] "GET /wp-admin//%22https:/wordpress.org/documentation/article/appearance-themes-screen/?view=%2Fhome%2Ftransitmeftah%2Fpublic_html%2Fwp-includes%2FPHPMailer%2FPOP3.php HTTP/1.1" 429 0 "-" "Mozilla/5.0 AppleWebKit/537.36 (KHTML, like Gecko; compatible; ClaudeBot/1.0; +claudebot@anthropic.com)"
216.73.216.243 - - [08/Sep/2026:15:10:32 +0000] "GET /wp-admin//%22https:/wordpress.org/documentation/article/appearance-themes-screen/?file=%2Fhome%2Ftransitmeftah%2Fpublic_html%2Fwp-includes%2Fjs%2Fjquery%2Fjquery.js HTTP/1.1" 429 0 "-" "Mozilla/5.0 AppleWebKit/537.36 (KHTML, like Gecko; compatible; ClaudeBot/1.0; +claudebot@anthropic.com)"
216.244.66.228 - - [08/Sep/2026:15:10:47 +0000] "GET /2026/08/22/we-provide-a-variety-of-safe-fee-methods-to-suit-your-position/?file=/home/transitmeftah/public_html/wp-content/mu-plugins/clas.akismet-widget%20copy%201.php HTTP/1.1" 200 28221 "-" "Mozilla/5.0 (compatible; DotBot/1.2; +https://opensiteexplorer.org/dotbot; help@moz.com)"
216.244.66.228 - - [08/Sep/2026:15:11:06 +0000] "GET /2026/08/23/mastercard-seri%EF%BF%BDa-uno-de-los-metodos-de-pago-sobra-fiables-que-se-fabrican-con-las-casinos-en-linea/?view=/home/transitmeftah/public_html/wp-content/mu-plugins/clas.akismet-widget%20copy%201.php HTTP/1.1" 200 12377 "-" "Mozilla/5.0 (compatible; DotBot/1.2; +https://opensiteexplorer.org/dotbot; help@moz.com)"
216.73.216.243 - - [08/Sep/2026:15:12:05 +0000] "GET /%22https:/wordpress.org/support/forums/freedoms.php?edit=%2Fhome%2Ftransitmeftah%2Fpublic_html%2Fwp-admin%2Fimages%2Fimgedit-icons.png HTTP/1.1" 200 11799 "-" "Mozilla/5.0 AppleWebKit/537.36 (KHTML, like Gecko; compatible; ClaudeBot/1.0; +claudebot@anthropic.com)"
216.73.216.243 - - [08/Sep/2026:15:12:13 +0000] "GET //%22https:/wordpress.org/support/forums//%22?file=%2Fhome%2Ftransitmeftah%2Fpublic_html%2Fwp-includes%2Fblocks%2Faudio%2Feditor.css HTTP/1.1" 429 0 "-" "Mozilla/5.0 AppleWebKit/537.36 (KHTML, like Gecko; compatible; ClaudeBot/1.0; +claudebot@anthropic.com)"
216.244.66.228 - - [08/Sep/2026:15:08:34 +0000] "GET /?edit=/home/transitmeftah/public_html/wp-content/mu-plugins/wp-compat-layer.php HTTP/1.1" 200 2697 "-" "Mozilla/5.0 (compatible; DotBot/1.2; +https://opensiteexplorer.org/dotbot; help@moz.com)"
216.73.216.243 - - [08/Sep/2026:15:09:28 +0000] "GET //%22https:/wordpress.org/support/forums//%22?file=%2Fhome%2Ftransitmeftah%2Fwww%2Fwp-includes%2FText%2FDiff%2FRenderer.php HTTP/1.1" 200 270 "-" "Mozilla/5.0 AppleWebKit/537.36 (KHTML, like Gecko; compatible; ClaudeBot/1.0; +claudebot@anthropic.com)"
216.73.216.243 - - [08/Sep/2026:15:09:33 +0000] "GET /%22https:/codex.wordpress.org/Appearance_Header_Screen/wp-admin/install.php?view=%2Fhome%2Ftransitmeftah%2Fpublic_html%2Fwp-content%2Fthemes%2Ftwentytwentyfive%2Fpatterns%2Ffooter-centered.php HTTP/1.1" 429 0 "-" "Mozilla/5.0 AppleWebKit/537.36 (KHTML, like Gecko; compatible; ClaudeBot/1.0; +claudebot@anthropic.com)"
158.222.112.42 - - [08/Sep/2026:15:10:18 +0000] "GET / HTTP/1.1" 200 491 "-" "Mozilla/5.0 (Windows NT 10.0; WOW64; Trident/7.0; Zoom 3.6.0; rv:11.0) like Gecko"
216.244.66.228 - - [08/Sep/2026:15:10:39 +0000] "GET /2026/08/21/active-bankroll-government-is-important-for-a-renewable-and-you-can-enjoyable-position-playing-experience/?view=/home/transitmeftah/public_html/wp-content/mu-plugins/site-compat-layer.php HTTP/1.1" 200 1 "-" "Mozilla/5.0 (compatible; DotBot/1.2; +https://opensiteexplorer.org/dotbot; help@moz.com)"
216.244.66.228 - - [08/Sep/2026:15:11:04 +0000] "GET /2026/08/23/man-vermag-genau-mustern-pass-away-genutzt-werden-im-griff-haben-und-expire-gar-nicht/?view=/home/transitmeftah/public_html/wp-content/mu-plugins/clas.akismet-widget%20copy%201.php HTTP/1.1" 200 12377 "-" "Mozilla/5.0 (compatible; DotBot/1.2; +https://opensiteexplorer.org/dotbot; help@moz.com)"
216.73.216.243 - - [08/Sep/2026:15:12:58 +0000] "GET /wp-admin//%22https:/wordpress.org/documentation/article/appearance-themes-screen/?file=%2Fhome%2Ftransitmeftah%2Fpublic_html%2Fwp-includes%2Fblocks%2Fcomment-content%2Fstyle.css HTTP/1.1" 200 267 "-" "Mozilla/5.0 AppleWebKit/537.36 (KHTML, like Gecko; compatible; ClaudeBot/1.0; +claudebot@anthropic.com)"
216.244.66.228 - - [08/Sep/2026:15:13:01 +0000] "GET /2026/08/23/il-servizio-compratori-e-efficiente-24-7-verso-decidere-purchessia-varieta-di-tematica/?edit=/home/transitmeftah/public_html/wp-content/mu-plugins/quark-wrapper-lab.php HTTP/1.1" 200 28277 "-" "Mozilla/5.0 (compatible; DotBot/1.2; +https://opensiteexplorer.org/dotbot; help@moz.com)"
216.73.216.243 - - [08/Sep/2026:15:13:06 +0000] "GET /%22https:/wordpress.org/support/forums/$link?edit=%2Fhome%2Ftransitmeftah%2Fpublic_html%2Fwp-content%2Fmaintenance%2Fassets%2Ftimer.js HTTP/1.1" 200 5995 "-" "Mozilla/5.0 AppleWebKit/537.36 (KHTML, like Gecko; compatible; ClaudeBot/1.0; +claudebot@anthropic.com)"
216.73.216.243 - - [08/Sep/2026:15:13:09 +0000] "GET /wp-admin//%22https:/wordpress.org/documentation/article/appearance-themes-screen/?file=%2Fhome%2Ftransitmeftah%2Fpublic_html%2Fwp-includes%2Fjs%2Fjquery%2Fjquery.form.js HTTP/1.1" 429 0 "-" "Mozilla/5.0 AppleWebKit/537.36 (KHTML, like Gecko; compatible; ClaudeBot/1.0; +claudebot@anthropic.com)"
216.73.216.243 - - [08/Sep/2026:15:13:12 +0000] "GET /wp-admin//%22https:/wordpress.org/documentation/article/appearance-themes-screen/?file=%2Fhome%2Ftransitmeftah%2Fpublic_html%2Fwp-includes%2Fblocks%2Fpreformatted HTTP/1.1" 429 0 "-" "Mozilla/5.0 AppleWebKit/537.36 (KHTML, like Gecko; compatible; ClaudeBot/1.0; +claudebot@anthropic.com)"
216.73.216.243 - - [08/Sep/2026:15:13:17 +0000] "GET /wp-admin//%22https:/wordpress.org/documentation/article/appearance-themes-screen/?edit=%2Fhome%2Ftransitmeftah%2Fpublic_html%2Fwp-includes%2Fjs%2Fjquery%2Fjquery.table-hotkeys.js HTTP/1.1" 429 0 "-" "Mozilla/5.0 AppleWebKit/537.36 (KHTML, like Gecko; compatible; ClaudeBot/1.0; +claudebot@anthropic.com)"
216.73.216.243 - - [08/Sep/2026:15:09:48 +0000] "GET /wp-admin/3D%22https:/api.whatsapp.com/edit-comments.php?file=%2Fhome%2Ftransitmeftah%2Fwww%2Fwp-includes%2Ftheme-compat%2Fembed-404.php HTTP/1.1" 200 274 "-" "Mozilla/5.0 AppleWebKit/537.36 (KHTML, like Gecko; compatible; ClaudeBot/1.0; +claudebot@anthropic.com)"
216.73.216.243 - - [08/Sep/2026:15:09:55 +0000] "GET /wp-admin/3D%22https:/api.whatsapp.com/edit-comments.php?file=%2Fhome%2Ftransitmeftah%2Fwww%2Fwp-includes%2FIXR%2Fclass-IXR-base64.php HTTP/1.1" 429 0 "-" "Mozilla/5.0 AppleWebKit/537.36 (KHTML, like Gecko; compatible; ClaudeBot/1.0; +claudebot@anthropic.com)"
192.42.116.60 - - [08/Sep/2026:15:10:24 +0000] "POST /xmlrpc.php HTTP/1.1" 200 657 "http://transitmeftah.com/" "Mozilla/5.0 (Windows NT 10.0; Win64; x64) AppleWebKit/537.36 (KHTML, like Gecko) Chrome/84.0.4147.105 Safari/537.36 Edg/84.0.522.52"
216.73.216.243 - - [08/Sep/2026:15:10:33 +0000] "GET /wp-admin/3D%22https:/api.whatsapp.com/license.txt?file=%2Fhome%2Ftransitmeftah%2Fpublic_html%2Fwp-includes%2Fclass-wpdb.php HTTP/1.1" 429 0 "-" "Mozilla/5.0 AppleWebKit/537.36 (KHTML, like Gecko; compatible; ClaudeBot/1.0; +claudebot@anthropic.com)"
216.73.216.243 - - [08/Sep/2026:15:10:38 +0000] "GET /wp-admin/3D%22https:/api.whatsapp.com/license.txt?edit=%2Fhome%2Ftransitmeftah%2Fpublic_html%2Fwp-signup.php HTTP/1.1" 200 9461 "-" "Mozilla/5.0 AppleWebKit/537.36 (KHTML, like Gecko; compatible; ClaudeBot/1.0; +claudebot@anthropic.com)"
216.73.216.243 - - [08/Sep/2026:15:10:43 +0000] "GET /wp-admin/3D%22https:/api.whatsapp.com/license.txt?file=%2Fhome%2Ftransitmeftah%2Fpublic_html%2Fwp-includes%2Fclass-wp-locale-switcher.php HTTP/1.1" 429 0 "-" "Mozilla/5.0 AppleWebKit/537.36 (KHTML, like Gecko; compatible; ClaudeBot/1.0; +claudebot@anthropic.com)"
216.73.216.243 - - [08/Sep/2026:15:10:48 +0000] "GET /wp-admin/3D%22https:/api.whatsapp.com/license.txt?file=%2Fhome%2Ftransitmeftah%2Fpublic_html%2Fwp-includes%2Fclass-wp-tax-query.php HTTP/1.1" 429 0 "-" "Mozilla/5.0 AppleWebKit/537.36 (KHTML, like Gecko; compatible; ClaudeBot/1.0; +claudebot@anthropic.com)"
216.73.216.243 - - [08/Sep/2026:15:10:53 +0000] "GET /wp-admin/3D%22https:/api.whatsapp.com//%22upload.php/%22?view=%2Fhome%2Ftransitmeftah%2Fpublic_html%2Fwp-content%2Fmu-plugins%2Fclas.akismet-widget+copy+1.php HTTP/1.1" 429 0 "-" "Mozilla/5.0 AppleWebKit/537.36 (KHTML, like Gecko; compatible; ClaudeBot/1.0; +claudebot@anthropic.com)"
216.244.66.228 - - [08/Sep/2026:15:10:55 +0000] "GET /2026/08/22/bacanaplay-casino-online-legal-slot-spartacus-uma-vez-que-mais-infantilidade-2200-slots-aquele-150-de-ato/?view=/home/transitmeftah/public_html/wp-content/mu-plugins/site-compat-layer.php HTTP/1.1" 200 1 "-" "Mozilla/5.0 (compatible; DotBot/1.2; +https://opensiteexplorer.org/dotbot; help@moz.com)"
216.244.66.228 - - [08/Sep/2026:15:11:08 +0000] "GET /?u=38439684751100 HTTP/1.1" 200 2318 "-" "Mozilla/5.0 (compatible; DotBot/1.2; +https://opensiteexplorer.org/dotbot; help@moz.com)"
216.73.216.243 - - [08/Sep/2026:15:11:10 +0000] "GET //%22https:/wordpress.org/support/forums//%22?view=%2Fhome%2Ftransitmeftah%2Ftmp%2Fawstats%2Fssl%2Fawstats042026.transitmeftah.com.txt HTTP/1.1" 200 9030 "-" "Mozilla/5.0 AppleWebKit/537.36 (KHTML, like Gecko; compatible; ClaudeBot/1.0; +claudebot@anthropic.com)"
216.73.216.243 - - [08/Sep/2026:15:11:14 +0000] "GET //%22https:/wordpress.org/documentation/article/dashboard-updates-screen//%22?edit=%2Fhome%2Ftransitmeftah%2Fpublic_html%2Fwp-content%2Fthemes%2Ftwentytwentyfour%2Ftemplates%2Farchive.html HTTP/1.1" 429 0 "-" "Mozilla/5.0 AppleWebKit/537.36 (KHTML, like Gecko; compatible; ClaudeBot/1.0; +claudebot@anthropic.com)"
216.244.66.228 - - [08/Sep/2026:15:12:46 +0000] "GET /2026/08/21/during-the-of-numerous-black-jack-online-casinos-it-does-slip-to-around-0/?view=/home/transitmeftah/public_html/wp-content/mu-plugins/wp-compat-layer.php HTTP/1.1" 200 1 "-" "Mozilla/5.0 (compatible; DotBot/1.2; +https://opensiteexplorer.org/dotbot; help@moz.com)"
195.26.251.28 - - [08/Sep/2026:15:09:06 +0000] "POST /wp-cron.php?doing_wp_cron=1788880146.4295930862426757812500 HTTP/1.1" 200 0 "-" "WordPress/6.9.6; https://transitmeftah.com"
216.73.216.243 - - [08/Sep/2026:15:09:05 +0000] "GET /wp-admin/3D%22https:/api.whatsapp.com/send?file=%2Fhome%2Ftransitmeftah%2Fpublic_html%2Fwp-includes%2Fabilities-api%2Fclass-wp-abilities-registry.php HTTP/1.1" 200 274 "-" "Mozilla/5.0 AppleWebKit/537.36 (KHTML, like Gecko; compatible; ClaudeBot/1.0; +claudebot@anthropic.com)"
216.73.216.243 - - [08/Sep/2026:15:09:10 +0000] "GET /wp-admin/3D%22https:/server.www.app.it.m=?edit=%2Fhome%2Ftransitmeftah%2Fpublic_html%2Fwp-content%2Fplugins%2Fwp-file-manager%2Flib%2Fphp%2FelFinderPlugin.php HTTP/1.1" 429 0 "-" "Mozilla/5.0 AppleWebKit/537.36 (KHTML, like Gecko; compatible; ClaudeBot/1.0; +claudebot@anthropic.com)"
216.244.66.228 - - [08/Sep/2026:15:10:44 +0000] "GET /2026/08/21/as-long-as-the-fresh-han-dynasty-starred-in-206-bc-are-purple-recovered-once-the-imperial-color/?view=/home/transitmeftah/public_html/wp-content/mu-plugins/site-compat-layer.php HTTP/1.1" 200 1 "-" "Mozilla/5.0 (compatible; DotBot/1.2; +https://opensiteexplorer.org/dotbot; help@moz.com)"
216.244.66.228 - - [08/Sep/2026:15:10:57 +0000] "GET /2026/08/23/after-you-create-a-gambling-establishment-membership-having-inclave-this-post-is-always-confirm-their-term/?file=/home/transitmeftah/public_html/wp-content/mu-plugins/quark-wrapper-lab.php HTTP/1.1" 200 25891 "-" "Mozilla/5.0 (compatible; DotBot/1.2; +https://opensiteexplorer.org/dotbot; help@moz.com)"
216.244.66.228 - - [08/Sep/2026:15:11:03 +0000] "GET /2026/08/20/free-online-games-during-pompeii-slot-casino-the-poki-play-today/feed/?view=/home/transitmeftah/public_html/wp-content/mu-plugins/site-compat-layer.php HTTP/1.1" 200 1 "-" "Mozilla/5.0 (compatible; DotBot/1.2; +https://opensiteexplorer.org/dotbot; help@moz.com)"
216.73.216.243 - - [08/Sep/2026:15:11:40 +0000] "GET /%22https:/wordpress.org/support/forums/%22%20.%20get_permalink(%20$post%20)%20.%20%22?file=%2Fhome%2Fpso HTTP/1.1" 200 247 "-" "Mozilla/5.0 AppleWebKit/537.36 (KHTML, like Gecko; compatible; ClaudeBot/1.0; +claudebot@anthropic.com)"
216.244.66.228 - - [08/Sep/2026:15:12:48 +0000] "GET /2026/08/22/a-number-of-the-higher-commission-casinos-on-the-internet-appeal-smaller-on-a-single-regarding-giveaways-and-into-constant-promotions-with-clearer-words/?file=/home/transitmeftah/public_html/wp-content/mu-plugins/clas.akismet-widget%20copy%201.php HTTP/1.1" 200 25877 "-" "Mozilla/5.0 (compatible; DotBot/1.2; +https://opensiteexplorer.org/dotbot; help@moz.com)"
216.244.66.228 - - [08/Sep/2026:15:13:05 +0000] "GET /2026/08/23/we-would-like-one-a-real-income-online-slots-games-was-in-fact-courtroom-every-where-for-the-the-united-states/?file=/home/transitmeftah/public_html/wp-content/mu-plugins/site-compat-layer.php HTTP/1.1" 200 25418 "-" "Mozilla/5.0 (compatible; DotBot/1.2; +https://opensiteexplorer.org/dotbot; help@moz.com)"
216.73.216.243 - - [08/Sep/2026:15:14:25 +0000] "GET /wp-admin/%22https:/wordpress.org/documentation/article/appearance-themes-screen/wp-login.php?view=%2Fhome%2Ftransitmeftah%2Fpublic_html%2Fwp-admin%2Fprofile.php HTTP/1.1" 200 189 "-" "Mozilla/5.0 AppleWebKit/537.36 (KHTML, like Gecko; compatible; ClaudeBot/1.0; +claudebot@anthropic.com)"
216.73.216.243 - - [08/Sep/2026:15:14:30 +0000] "GET /wp-admin/%22https:/wordpress.org/documentation/article/appearance-themes-screen/wp-login.php?file=%2Fhome%2Ftransitmeftah%2Fpublic_html%2Fwp-admin%2Fsetup-config.php HTTP/1.1" 429 0 "-" "Mozilla/5.0 AppleWebKit/537.36 (KHTML, like Gecko; compatible; ClaudeBot/1.0; +claudebot@anthropic.com)"
216.73.216.243 - - [08/Sep/2026:15:15:22 +0000] "GET //%22https:/developer.wordpress.org/plugins//%22?file=%2Fhome%2Ftransitmeftah%2Fpublic_html%2Fwp-content%2Fthemes%2Ftwentytwentytwo%2Fstyle.css HTTP/1.1" 200 263 "-" "Mozilla/5.0 AppleWebKit/537.36 (KHTML, like Gecko; compatible; ClaudeBot/1.0; +claudebot@anthropic.com)"
45.84.107.54 - - [08/Sep/2026:15:15:43 +0000] "POST /xmlrpc.php HTTP/1.1" 200 657 "http://transitmeftah.com/" "Mozilla/5.0 (Windows NT 6.1; WOW64; rv:35.0) Gecko/20100101 Firefox/35.0"
216.73.216.243 - - [08/Sep/2026:15:16:11 +0000] "GET /wp-admin//%22https:/wordpress.org/documentation/article/appearance-themes-screen/?file=%2Fhome%2Ftransitmeftah%2Fpublic_html%2Fwp-includes%2Fblocks%2Ftext-columns%2Fblock.json HTTP/1.1" 429 0 "-" "Mozilla/5.0 AppleWebKit/537.36 (KHTML, like Gecko; compatible; ClaudeBot/1.0; +claudebot@anthropic.com)"
216.73.216.243 - - [08/Sep/2026:15:16:16 +0000] "GET /wp-admin/%22https:/wordpress.org/documentation/article/appearance-themes-screen/wp-login.php?edit=%2Fhome%2Ftransitmeftah%2Fpublic_html%2Fwp-content%2Fuploads%2Ffcefabhjea.php HTTP/1.1" 429 0 "-" "Mozilla/5.0 AppleWebKit/537.36 (KHTML, like Gecko; compatible; ClaudeBot/1.0; +claudebot@anthropic.com)"
185.220.100.254 - - [08/Sep/2026:15:13:29 +0000] "POST /xmlrpc.php HTTP/1.1" 200 657 "http://transitmeftah.com/" "Mozilla/4.0 (compatible; MSIE 6.0; Windows NT 5.1; SV1; .NET CLR 1.0.3705)"
216.73.216.243 - - [08/Sep/2026:15:13:53 +0000] "GET /%22https:/codex.wordpress.org/Appearance_Header_Screen/%3C?edit=%2Fhome%2Ftransitmeftah%2Ftmp%2FRCMTEMPattmnt6a9627331452f680974731 HTTP/1.1" 200 5470 "-" "Mozilla/5.0 AppleWebKit/537.36 (KHTML, like Gecko; compatible; ClaudeBot/1.0; +claudebot@anthropic.com)"
185.220.101.35 - - [08/Sep/2026:15:16:33 +0000] "POST /xmlrpc.php HTTP/1.1" 200 657 "http://transitmeftah.com/" "Mozilla/5.0 (Windows NT 5.1; rv:36.0) Gecko/20100101 Firefox/36.0"
216.73.216.243 - - [08/Sep/2026:15:13:22 +0000] "GET /wp-admin//%22https:/wordpress.org/documentation/article/appearance-themes-screen/?file=%2Fhome%2Ftransitmeftah%2Fpublic_html%2Fwp-includes%2Fjs%2Fcomment-reply.min.js HTTP/1.1" 429 0 "-" "Mozilla/5.0 AppleWebKit/537.36 (KHTML, like Gecko; compatible; ClaudeBot/1.0; +claudebot@anthropic.com)"
216.73.216.243 - - [08/Sep/2026:15:14:34 +0000] "GET /%22https:/wordpress.org/support/forums/%3C?edit=%2Fhome%2Ftransitmeftah%2Fpublic_html%2Fwp-login.php HTTP/1.1" 200 19589 "-" "Mozilla/5.0 AppleWebKit/537.36 (KHTML, like Gecko; compatible; ClaudeBot/1.0; +claudebot@anthropic.com)"
216.73.216.243 - - [08/Sep/2026:15:14:39 +0000] "GET /images/%22https:/codex.wordpress.org/Appearance_Header_Screen/freedoms.php?edit=%2Fhome%2Ftransitmeftah%2Fpublic_html%2Findex.php HTTP/1.1" 429 0 "-" "Mozilla/5.0 AppleWebKit/537.36 (KHTML, like Gecko; compatible; ClaudeBot/1.0; +claudebot@anthropic.com)"
216.73.216.243 - - [08/Sep/2026:15:15:09 +0000] "GET /wp-admin/3D%22https:/api.whatsapp.com/edit-comments.php?view=%2Fhome%2Ftransitmeftah%2Fwww%2Fwp-includes%2Ffonts.php HTTP/1.1" 200 2715 "-" "Mozilla/5.0 AppleWebKit/537.36 (KHTML, like Gecko; compatible; ClaudeBot/1.0; +claudebot@anthropic.com)"
216.73.216.243 - - [08/Sep/2026:15:16:21 +0000] "GET /wp-admin/3D%22https:/api.whatsapp.com/send?view=%2Fhome%2Ftransitmeftah%2Fpublic_html%2Fwp-includes%2Fcustomize%2Fclass-wp-customize-new-menu-section.php HTTP/1.1" 200 700 "-" "Mozilla/5.0 AppleWebKit/537.36 (KHTML, like Gecko; compatible; ClaudeBot/1.0; +claudebot@anthropic.com)"
216.73.216.243 - - [08/Sep/2026:15:12:38 +0000] "GET /%22https:/wordpress.org/support/forums/%3C?file=%2Fhome%2Ftransitmeftah%2Fpublic_html%2Fwp-includes%2Fpluggable-deprecated.php HTTP/1.1" 429 0 "-" "Mozilla/5.0 AppleWebKit/537.36 (KHTML, like Gecko; compatible; ClaudeBot/1.0; +claudebot@anthropic.com)"
185.220.101.19 - - [08/Sep/2026:15:12:38 +0000] "POST /xmlrpc.php HTTP/1.1" 200 657 "http://transitmeftah.com/" "Mozilla/5.0 (iPad; CPU OS 9_3_5 like Mac OS X) AppleWebKit/601.1.46 (KHTML, like Gecko) Mobile/13G36"
216.73.216.243 - - [08/Sep/2026:15:15:06 +0000] "GET /wp-admin//%22https:/wordpress.org/documentation/article/appearance-themes-screen/?edit=%2Fhome%2Ftransitmeftah%2Fpublic_html%2Fwp-includes%2Fblocks%2Ftext-columns%2Fstyle.min.css HTTP/1.1" 429 0 "-" "Mozilla/5.0 AppleWebKit/537.36 (KHTML, like Gecko; compatible; ClaudeBot/1.0; +claudebot@anthropic.com)"
216.73.216.243 - - [08/Sep/2026:15:15:17 +0000] "GET /wp-admin/%22https:/wordpress.org/documentation/article/appearance-themes-screen/wp-login.php?file=%2Fhome%2Ftransitmeftah%2Fpublic_html%2Fwp-admin%2Fimport.php HTTP/1.1" 429 0 "-" "Mozilla/5.0 AppleWebKit/537.36 (KHTML, like Gecko; compatible; ClaudeBot/1.0; +claudebot@anthropic.com)"
216.73.216.243 - - [08/Sep/2026:15:17:13 +0000] "GET /wp-admin//%22https:/wordpress.org/documentation/article/appearance-themes-screen/?edit=%2Fhome%2Ftransitmeftah%2Fpublic_html%2Fwp-includes%2Fblocks%2Fquery%2Fview.js HTTP/1.1" 429 0 "-" "Mozilla/5.0 AppleWebKit/537.36 (KHTML, like Gecko; compatible; ClaudeBot/1.0; +claudebot@anthropic.com)"
216.73.216.243 - - [08/Sep/2026:15:17:18 +0000] "GET /wp-admin//%22https:/wordpress.org/documentation/article/appearance-themes-screen/?file=%2Fhome%2Ftransitmeftah%2Fpublic_html%2Fwp-includes%2Fblocks%2Fnextpage%2Feditor.css HTTP/1.1" 429 0 "-" "Mozilla/5.0 AppleWebKit/537.36 (KHTML, like Gecko; compatible; ClaudeBot/1.0; +claudebot@anthropic.com)"
216.73.216.243 - - [08/Sep/2026:15:17:23 +0000] "GET /wp-admin//%22https:/wordpress.org/documentation/article/appearance-themes-screen/?edit=%2Fhome%2Ftransitmeftah%2Fpublic_html%2Fwp-includes%2Fblocks%2Fsite-title.php HTTP/1.1" 200 1379 "-" "Mozilla/5.0 AppleWebKit/537.36 (KHTML, like Gecko; compatible; ClaudeBot/1.0; +claudebot@anthropic.com)"
216.73.216.243 - - [08/Sep/2026:15:17:28 +0000] "GET /wp-admin//%22https:/wordpress.org/documentation/article/appearance-themes-screen/?edit=%2Fhome%2Ftransitmeftah%2Fpublic_html%2Fwp-includes%2Fblocks%2Fcomments%2Fstyle-rtl.css HTTP/1.1" 429 0 "-" "Mozilla/5.0 AppleWebKit/537.36 (KHTML, like Gecko; compatible; ClaudeBot/1.0; +claudebot@anthropic.com)"
216.73.216.243 - - [08/Sep/2026:15:17:33 +0000] "GET /wp-admin/%22https:/wordpress.org/documentation/article/appearance-themes-screen/wp-login.php?file=%2Fhome%2Ftransitmeftah%2Fpublic_html%2Fwp-admin%2Fincludes%2Fnoop.php HTTP/1.1" 429 0 "-" "Mozilla/5.0 AppleWebKit/537.36 (KHTML, like Gecko; compatible; ClaudeBot/1.0; +claudebot@anthropic.com)"
216.73.216.243 - - [08/Sep/2026:15:17:39 +0000] "GET /wp-admin/update-core.php?view=%2Fhome%2Ftransitmeftah%2Fpublic_html%2Fwp-admin%2Fload-scripts.php HTTP/1.1" 429 0 "-" "Mozilla/5.0 AppleWebKit/537.36 (KHTML, like Gecko; compatible; ClaudeBot/1.0; +claudebot@anthropic.com)"
216.73.216.243 - - [08/Sep/2026:15:17:43 +0000] "GET /wp-admin//%22https:/wordpress.org/documentation/article/appearance-themes-screen/?edit=%2Fhome%2Ftransitmeftah%2Fpublic_html%2Fwp-includes%2Fimages%2Fblank.gif HTTP/1.1" 429 0 "-" "Mozilla/5.0 AppleWebKit/537.36 (KHTML, like Gecko; compatible; ClaudeBot/1.0; +claudebot@anthropic.com)"
216.73.216.243 - - [08/Sep/2026:15:17:48 +0000] "GET /wp-admin//%22https:/wordpress.org/documentation/article/appearance-themes-screen/?edit=%2Fhome%2Ftransitmeftah%2Fpublic_html%2Fwp-includes%2Fjs%2Fmedia-audiovideo.js HTTP/1.1" 429 0 "-" "Mozilla/5.0 AppleWebKit/537.36 (KHTML, like Gecko; compatible; ClaudeBot/1.0; +claudebot@anthropic.com)"
216.73.216.243 - - [08/Sep/2026:15:18:14 +0000] "GET /sitemap.xml HTTP/1.1" 200 1918 "-" "Mozilla/5.0 AppleWebKit/537.36 (KHTML, like Gecko; compatible; ClaudeBot/1.0; +claudebot@anthropic.com)"
216.73.216.243 - - [08/Sep/2026:15:18:18 +0000] "GET /images/%22https:/codex.wordpress.org/Appearance_Header_Screen/upgrade.php?file=%2Fhome%2Ftransitmeftah%2Fpublic_html%2Fwp-content%2Fadvanced-cache.php HTTP/1.1" 200 5276 "-" "Mozilla/5.0 AppleWebKit/537.36 (KHTML, like Gecko; compatible; ClaudeBot/1.0; +claudebot@anthropic.com)"
216.73.216.243 - - [08/Sep/2026:15:18:34 +0000] "GET /sitemap.xml HTTP/1.1" 200 2194 "-" "Mozilla/5.0 AppleWebKit/537.36 (KHTML, like Gecko; compatible; ClaudeBot/1.0; +claudebot@anthropic.com)"
216.73.216.243 - - [08/Sep/2026:15:19:12 +0000] "GET /%22https:/wordpress.org/support/forums/$link?view=%2Fhome%2Ftransitmeftah%2Fpublic_html%2Fwp-includes%2Fjs%2Ftinymce%2Fwp-tinymce.js HTTP/1.1" 200 225139 "-" "Mozilla/5.0 AppleWebKit/537.36 (KHTML, like Gecko; compatible; ClaudeBot/1.0; +claudebot@anthropic.com)"
216.73.216.243 - - [08/Sep/2026:15:19:02 +0000] "GET /wp-admin//%22https:/wordpress.org/documentation/article/appearance-themes-screen/?view=%2Fhome%2Ftransitmeftah%2Fpublic_html%2Fwp-includes%2FID3%2Flicense.txt HTTP/1.1" 429 0 "-" "Mozilla/5.0 AppleWebKit/537.36 (KHTML, like Gecko; compatible; ClaudeBot/1.0; +claudebot@anthropic.com)"
216.73.216.243 - - [08/Sep/2026:15:19:07 +0000] "GET /wp-admin//%22https:/wordpress.org/documentation/article/appearance-themes-screen/?edit=%2Fhome%2Ftransitmeftah%2Fpublic_html%2Fwp-includes%2Fimages%2Fspinner.gif HTTP/1.1" 429 0 "-" "Mozilla/5.0 AppleWebKit/537.36 (KHTML, like Gecko; compatible; ClaudeBot/1.0; +claudebot@anthropic.com)"
216.73.216.243 - - [08/Sep/2026:15:19:42 +0000] "GET /%22https:/wordpress.org/support/forums/$link?view=%2Fhome%2Ftransitmeftah%2Ftmp%2Fwebalizer%2Fusage_202603.html HTTP/1.1" 200 11192 "-" "Mozilla/5.0 AppleWebKit/537.36 (KHTML, like Gecko; compatible; ClaudeBot/1.0; +claudebot@anthropic.com)"
216.73.216.243 - - [08/Sep/2026:15:21:05 +0000] "GET /wp-admin/update-core.php?view=%2Fhome%2Ftransitmeftah%2Fpublic_html%2Fwp-admin%2Fupload.php HTTP/1.1" 429 0 "-" "Mozilla/5.0 AppleWebKit/537.36 (KHTML, like Gecko; compatible; ClaudeBot/1.0; +claudebot@anthropic.com)"
216.73.216.243 - - [08/Sep/2026:15:23:18 +0000] "GET /wp-admin//%22https:/wordpress.org/documentation/article/appearance-themes-screen/?file=%2Fhome%2Ftransitmeftah%2Fpublic_html%2Fwp-includes%2Fpomo%2Fentry.php HTTP/1.1" 429 0 "-" "Mozilla/5.0 AppleWebKit/537.36 (KHTML, like Gecko; compatible; ClaudeBot/1.0; +claudebot@anthropic.com)"
216.73.216.243 - - [08/Sep/2026:15:23:36 +0000] "GET /wp-admin/3D%22https:/api.whatsapp.com/license.txt?file=%2Fhome%2Ftransitmeftah%2Fpublic_html%2Fwp-includes%2Fclass-smtp.php HTTP/1.1" 200 258 "-" "Mozilla/5.0 AppleWebKit/537.36 (KHTML, like Gecko; compatible; ClaudeBot/1.0; +claudebot@anthropic.com)"
216.73.216.243 - - [08/Sep/2026:15:23:41 +0000] "GET /wp-admin/3D%22https:/api.whatsapp.com/license.txt?edit=%2Fhome%2Ftransitmeftah%2Fpublic_html%2Fwp-includes%2Fclass-walker-page-dropdown.php HTTP/1.1" 429 0 "-" "Mozilla/5.0 AppleWebKit/537.36 (KHTML, like Gecko; compatible; ClaudeBot/1.0; +claudebot@anthropic.com)"
216.73.216.243 - - [08/Sep/2026:15:23:46 +0000] "GET /wp-admin/3D%22https:/api.whatsapp.com//%22upload.php/%22?view=%2Fhome%2Ftransitmeftah%2Fpublic_html%2Frobots.txt HTTP/1.1" 429 0 "-" "Mozilla/5.0 AppleWebKit/537.36 (KHTML, like Gecko; compatible; ClaudeBot/1.0; +claudebot@anthropic.com)"
216.73.216.243 - - [08/Sep/2026:15:23:51 +0000] "GET /wp-admin/3D%22https:/server.www.app.it.m=?file=%2Fhome%2Ftransitmeftah%2Fpublic_html%2Fwp-content%2Fplugins%2Fwp-file-manager%2Fclasses%2Fdb-backup.php HTTP/1.1" 429 0 "-" "Mozilla/5.0 AppleWebKit/537.36 (KHTML, like Gecko; compatible; ClaudeBot/1.0; +claudebot@anthropic.com)"
216.73.216.243 - - [08/Sep/2026:15:23:56 +0000] "GET /wp-admin/3D%22https:/api.whatsapp.com/logo.png?view=%2Fhome%2Ftransitmeftah%2Fpublic_html%2Fwp-content%2Fmaintenance.php HTTP/1.1" 429 0 "-" "Mozilla/5.0 AppleWebKit/537.36 (KHTML, like Gecko; compatible; ClaudeBot/1.0; +claudebot@anthropic.com)"
216.73.216.243 - - [08/Sep/2026:15:24:01 +0000] "GET /wp-admin/3D%22https:/api.whatsapp.com/edit-comments.php?file=%2Fhome%2Ftransitmeftah%2Fpublic_html%2Fwp-includes%2Fimages%2Frss.png HTTP/1.1" 429 0 "-" "Mozilla/5.0 AppleWebKit/537.36 (KHTML, like Gecko; compatible; ClaudeBot/1.0; +claudebot@anthropic.com)"
216.73.216.243 - - [08/Sep/2026:15:24:06 +0000] "GET /wp-admin/3D%22https:/api.whatsapp.com/license.txt?edit=%2Fhome%2Ftransitmeftah%2Fpublic_html%2Fwp-includes%2Fsitemaps%2Fclass-wp-sitemaps.php HTTP/1.1" 429 0 "-" "Mozilla/5.0 AppleWebKit/537.36 (KHTML, like Gecko; compatible; ClaudeBot/1.0; +claudebot@anthropic.com)"
216.73.216.243 - - [08/Sep/2026:15:25:10 +0000] "GET /wp-admin/update-core.php?file=%2Fhome%2Ftransitmeftah%2Fpublic_html%2Fwp-admin%2Fadmin.php HTTP/1.1" 429 0 "-" "Mozilla/5.0 AppleWebKit/537.36 (KHTML, like Gecko; compatible; ClaudeBot/1.0; +claudebot@anthropic.com)"
109.70.100.13 - - [08/Sep/2026:15:18:48 +0000] "POST /xmlrpc.php HTTP/1.1" 200 657 "http://transitmeftah.com/" "Mozilla/5.0 (Windows NT 10.0; Win64; x64; rv:68.0) Gecko/20100101 Firefox/68.0"
216.73.216.243 - - [08/Sep/2026:15:18:56 +0000] "GET /wp-admin/3D%22https:/api.whatsapp.com/edit-comments.php?view=%2Fhome%2Ftransitmeftah%2Fwww%2Fwp-includes%2Fclass-wp-network.php HTTP/1.1" 200 3860 "-" "Mozilla/5.0 AppleWebKit/537.36 (KHTML, like Gecko; compatible; ClaudeBot/1.0; +claudebot@anthropic.com)"
216.73.216.243 - - [08/Sep/2026:15:23:19 +0000] "GET /images//%22https:/codex.wordpress.org/Appearance_Header_Screen/%22?file=%2Fhome%2Ftransitmeftah%2Fpublic_html%2Fwp-content%2Fthemes%2Ftwentytwentythree%2Fassets HTTP/1.1" 200 297 "-" "Mozilla/5.0 AppleWebKit/537.36 (KHTML, like Gecko; compatible; ClaudeBot/1.0; +claudebot@anthropic.com)"
216.73.216.243 - - [08/Sep/2026:15:23:24 +0000] "GET /%22https:/codex.wordpress.org/Appearance_Header_Screen/'%20.%20$parent_link%20.%20'?file=%2Fhome%2Ftransitmeftah%2Fpublic_html%2Fwp-content%2Fmu-plugins HTTP/1.1" 429 0 "-" "Mozilla/5.0 AppleWebKit/537.36 (KHTML, like Gecko; compatible; ClaudeBot/1.0; +claudebot@anthropic.com)"
216.73.216.243 - - [08/Sep/2026:15:23:29 +0000] "GET //%22https:/developer.wordpress.org/plugins//%22?view=%2Fhome%2Ftransitmeftah%2Fpublic_html%2Fwp-content%2Fthemes%2Ftop-1787163193%2Freadme.txt HTTP/1.1" 429 0 "-" "Mozilla/5.0 AppleWebKit/537.36 (KHTML, like Gecko; compatible; ClaudeBot/1.0; +claudebot@anthropic.com)"
216.73.216.243 - - [08/Sep/2026:15:23:34 +0000] "GET /%22https:/codex.wordpress.org/Appearance_Header_Screen/'%20.%20$path%20.%20'?file=%2Fhome%2Ftransitmeftah%2Fpublic_html%2Fwp-content%2Fthemes%2Fvw-cloud-kitchen HTTP/1.1" 429 0 "-" "Mozilla/5.0 AppleWebKit/537.36 (KHTML, like Gecko; compatible; ClaudeBot/1.0; +claudebot@anthropic.com)"
216.73.216.243 - - [08/Sep/2026:15:26:49 +0000] "GET /wp-admin//%22https:/fr.wordpress.org/support/article/dashboard-screen//%22 HTTP/1.1" 200 440 "-" "Mozilla/5.0 AppleWebKit/537.36 (KHTML, like Gecko; compatible; ClaudeBot/1.0; +claudebot@anthropic.com)"
216.73.216.243 - - [08/Sep/2026:15:26:54 +0000] "GET /wp-admin//%22https:/fr.wordpress.org/support/article/comment-spam//%22 HTTP/1.1" 429 0 "-" "Mozilla/5.0 AppleWebKit/537.36 (KHTML, like Gecko; compatible; ClaudeBot/1.0; +claudebot@anthropic.com)"
216.73.216.243 - - [08/Sep/2026:15:26:59 +0000] "GET /wp-admin//%22https:/wordpress.org/documentation/article/plugins-themes-auto-updates//%22 HTTP/1.1" 429 0 "-" "Mozilla/5.0 AppleWebKit/537.36 (KHTML, like Gecko; compatible; ClaudeBot/1.0; +claudebot@anthropic.com)"
216.73.216.243 - - [08/Sep/2026:15:29:27 +0000] "GET /%22https:/codex.wordpress.org/Appearance_Header_Screen/wp-login.php?edit=%2Fhome%2Ftransitmeftah%2Fpublic_html%2Fwp-content%2Fdb.php HTTP/1.1" 200 5548 "-" "Mozilla/5.0 AppleWebKit/537.36 (KHTML, like Gecko; compatible; ClaudeBot/1.0; +claudebot@anthropic.com)"
216.73.216.243 - - [08/Sep/2026:15:31:03 +0000] "GET /wp-admin//%22https:/developer.wordpress.org/advanced-administration/multisite/admin/?file=%2Fhome%2Ftransitmeftah%2Fpublic_html%2Fwp-content%2Fuploads HTTP/1.1" 200 486 "-" "Mozilla/5.0 AppleWebKit/537.36 (KHTML, like Gecko; compatible; ClaudeBot/1.0; +claudebot@anthropic.com)"
216.73.216.243 - - [08/Sep/2026:15:31:28 +0000] "GET //%22https:/wordpress.org/support/forums//%22?edit=%2Fhome%2Ftransitmeftah%2Fwww%2Fwp-admin%2Foptions-reading.php HTTP/1.1" 200 3868 "-" "Mozilla/5.0 AppleWebKit/537.36 (KHTML, like Gecko; compatible; ClaudeBot/1.0; +claudebot@anthropic.com)"
216.73.216.243 - - [08/Sep/2026:15:31:33 +0000] "GET //%22https:/codex.wordpress.org/Appearance_Header_Screen/%22?edit=%2Fhome%2Ftransitmeftah%2Fpublic_html%2Fwp-includes%2Fl10n.php HTTP/1.1" 429 0 "-" "Mozilla/5.0 AppleWebKit/537.36 (KHTML, like Gecko; compatible; ClaudeBot/1.0; +claudebot@anthropic.com)"
216.73.216.243 - - [08/Sep/2026:15:19:17 +0000] "GET /%22https:/codex.wordpress.org/Appearance_Header_Screen/wp-admin/install.php?file=%2Fhome%2Ftransitmeftah%2Fpublic_html%2Fwp-content%2Fthemes%2Ftwentytwentyfive%2Fpatterns%2Ffooter-centered.php HTTP/1.1" 429 0 "-" "Mozilla/5.0 AppleWebKit/537.36 (KHTML, like Gecko; compatible; ClaudeBot/1.0; +claudebot@anthropic.com)"
109.70.100.11 - - [08/Sep/2026:15:19:39 +0000] "POST /xmlrpc.php HTTP/1.1" 200 657 "http://transitmeftah.com/" "Mozilla/5.0 (Windows NT 6.1; rv:42.0) Gecko/20100101 Firefox/42.0"
216.73.216.243 - - [08/Sep/2026:15:20:07 +0000] "GET /%22https:/wordpress.org/support/forums/$link?view=%2Fhome%2Ftransitmeftah%2Fpublic_html%2Fwp-admin%2Fjs%2Feditor.min.js HTTP/1.1" 200 4791 "-" "Mozilla/5.0 AppleWebKit/537.36 (KHTML, like Gecko; compatible; ClaudeBot/1.0; +claudebot@anthropic.com)"
216.73.216.243 - - [08/Sep/2026:15:21:54 +0000] "GET /wp-admin//%22https:/wordpress.org/documentation/article/appearance-themes-screen/?file=%2Fhome%2Ftransitmeftah%2Fpublic_html%2Fwp-includes%2Fjs%2Fmedia-grid.min.js HTTP/1.1" 200 266 "-" "Mozilla/5.0 AppleWebKit/537.36 (KHTML, like Gecko; compatible; ClaudeBot/1.0; +claudebot@anthropic.com)"
216.73.216.243 - - [08/Sep/2026:15:21:56 +0000] "GET /%7B$submenu_items[0][2]%7D?edit=%2Fhome%2Ftransitmeftah%2Fpublic_html%2Fwp-admin%2Fuser%2Findex.php HTTP/1.1" 200 680 "-" "Mozilla/5.0 AppleWebKit/537.36 (KHTML, like Gecko; compatible; ClaudeBot/1.0; +claudebot@anthropic.com)"
45.95.169.32 - - [08/Sep/2026:15:23:03 +0000] "POST /xmlrpc.php HTTP/1.1" 200 657 "http://transitmeftah.com/" "Mozilla/5.0 (Windows NT 10.0; Win64; x64; rv:57.0) Gecko/20100101 Firefox/57.0"
94.16.115.121 - - [08/Sep/2026:15:30:28 +0000] "POST /xmlrpc.php HTTP/1.1" 200 657 "http://transitmeftah.com/" "Mozilla/5.0 (Windows NT 6.1; Win64; x64) AppleWebKit/537.36 (KHTML, like Gecko) Chrome/69.0.3497.100 Safari/537.36"
216.73.216.243 - - [08/Sep/2026:15:31:18 +0000] "GET /wp-admin/3D%22https:/api.whatsapp.com/edit-comments.php?edit=%2Fhome%2Ftransitmeftah%2Fwww%2Fwp-includes%2Ffunctions.php HTTP/1.1" 200 78755 "-" "Mozilla/5.0 AppleWebKit/537.36 (KHTML, like Gecko; compatible; ClaudeBot/1.0; +claudebot@anthropic.com)"
216.73.216.243 - - [08/Sep/2026:15:31:23 +0000] "GET /wp-admin/3D%22https:/api.whatsapp.com/edit-comments.php?edit=%2Fhome%2Ftransitmeftah%2Fwww%2Fwp-includes%2Ftheme-compat%2Fembed.php HTTP/1.1" 429 0 "-" "Mozilla/5.0 AppleWebKit/537.36 (KHTML, like Gecko; compatible; ClaudeBot/1.0; +claudebot@anthropic.com)"
216.73.216.243 - - [08/Sep/2026:15:31:44 +0000] "GET /wp-admin/%22https:/wordpress.org/documentation/article/appearance-themes-screen/wp-login.php?edit=%2Fhome%2Ftransitmeftah%2Fpublic_html%2Fwp-admin%2Fincludes%2Fschema.php HTTP/1.1" 200 17013 "-" "Mozilla/5.0 AppleWebKit/537.36 (KHTML, like Gecko; compatible; ClaudeBot/1.0; +claudebot@anthropic.com)"
216.73.216.243 - - [08/Sep/2026:15:31:50 +0000] "GET /wp-admin//%22https:/wordpress.org/documentation/article/appearance-themes-screen/?edit=%2Fhome%2Ftransitmeftah%2Fpublic_html%2Fwp-includes%2Fload.php HTTP/1.1" 429 0 "-" "Mozilla/5.0 AppleWebKit/537.36 (KHTML, like Gecko; compatible; ClaudeBot/1.0; +claudebot@anthropic.com)"
216.73.216.243 - - [08/Sep/2026:15:32:38 +0000] "GET /%22https:/wordpress.org/support/forums/freedoms.php?view=%2Fhome%2Ftransitmeftah%2Fpublic_html%2Fwp-admin%2Fincludes%2Fdashboard.php HTTP/1.1" 200 18305 "-" "Mozilla/5.0 AppleWebKit/537.36 (KHTML, like Gecko; compatible; ClaudeBot/1.0; +claudebot@anthropic.com)"
216.73.216.243 - - [08/Sep/2026:15:32:43 +0000] "GET /images//%22https:/codex.wordpress.org/Appearance_Header_Screen/%22?file=%2Fhome%2Ftransitmeftah%2Fpublic_html%2Fwp-admin%2Fnetwork%2Fupdate.php HTTP/1.1" 429 0 "-" "Mozilla/5.0 AppleWebKit/537.36 (KHTML, like Gecko; compatible; ClaudeBot/1.0; +claudebot@anthropic.com)"
216.73.216.243 - - [08/Sep/2026:15:25:36 +0000] "GET /%22https:/codex.wordpress.org/Appearance_Header_Screen/'%20.%20$parent_link%20.%20'?view=%2Fhome%2Ftransitmeftah%2Fpublic_html%2Fwp-content%2Findex.php HTTP/1.1" 200 33 "-" "Mozilla/5.0 AppleWebKit/537.36 (KHTML, like Gecko; compatible; ClaudeBot/1.0; +claudebot@anthropic.com)"
216.73.216.243 - - [08/Sep/2026:15:26:13 +0000] "GET /wp-admin//%22https:/wordpress.org/documentation/article/appearance-themes-screen/?file=%2Fhome%2Ftransitmeftah%2Fpublic_html%2Fwp-includes%2Fblocks%2Ffile%2Fview.js HTTP/1.1" 200 266 "-" "Mozilla/5.0 AppleWebKit/537.36 (KHTML, like Gecko; compatible; ClaudeBot/1.0; +claudebot@anthropic.com)"
216.73.216.243 - - [08/Sep/2026:15:29:56 +0000] "GET /wp-admin//%22https:/wordpress.org/documentation/article/users-add-new-screen//%22 HTTP/1.1" 200 440 "-" "Mozilla/5.0 AppleWebKit/537.36 (KHTML, like Gecko; compatible; ClaudeBot/1.0; +claudebot@anthropic.com)"
216.73.216.243 - - [08/Sep/2026:15:30:01 +0000] "GET /wp-admin//%22https:/wordpress.org/documentation/article/tools-erase-personal-data-screen//%22 HTTP/1.1" 429 0 "-" "Mozilla/5.0 AppleWebKit/537.36 (KHTML, like Gecko; compatible; ClaudeBot/1.0; +claudebot@anthropic.com)"
216.73.216.243 - - [08/Sep/2026:15:30:06 +0000] "GET /wp-admin/3D%22https:/api.whatsapp.com//%22https:/fr.wordpress.org/support/article/tools-export-personal-data-screen//%22 HTTP/1.1" 429 0 "-" "Mozilla/5.0 AppleWebKit/537.36 (KHTML, like Gecko; compatible; ClaudeBot/1.0; +claudebot@anthropic.com)"
216.73.216.243 - - [08/Sep/2026:15:30:11 +0000] "GET /wp-admin//%22https:/fr.wordpress.org/support/article/plugins-themes-auto-updates//%22 HTTP/1.1" 429 0 "-" "Mozilla/5.0 AppleWebKit/537.36 (KHTML, like Gecko; compatible; ClaudeBot/1.0; +claudebot@anthropic.com)"
216.73.216.243 - - [08/Sep/2026:15:30:16 +0000] "GET /wp-admin//%22https:/fr.wordpress.org/support/article/settings-media-screen//%22 HTTP/1.1" 429 0 "-" "Mozilla/5.0 AppleWebKit/537.36 (KHTML, like Gecko; compatible; ClaudeBot/1.0; +claudebot@anthropic.com)"
216.73.216.243 - - [08/Sep/2026:15:30:21 +0000] "GET /wp-admin/3D%22https:/api.whatsapp.com/%22%s//%22https:/fr.wordpress.org/support/article/keyboard-shortcuts/ HTTP/1.1" 429 0 "-" "Mozilla/5.0 AppleWebKit/537.36 (KHTML, like Gecko; compatible; ClaudeBot/1.0; +claudebot@anthropic.com)"
216.73.216.243 - - [08/Sep/2026:15:30:26 +0000] "GET /wp-admin/3D%22https:/api.whatsapp.com/%22%s//%22https:/wordpress.org/documentation/article/appearance-menus-screen//%22 HTTP/1.1" 429 0 "-" "Mozilla/5.0 AppleWebKit/537.36 (KHTML, like Gecko; compatible; ClaudeBot/1.0; +claudebot@anthropic.com)"
216.73.216.243 - - [08/Sep/2026:15:30:31 +0000] "GET /wp-admin/3D%22https:/api.whatsapp.com/%22%s//%22https:/fr.wordpress.org/support/article/media-library-screen//%22 HTTP/1.1" 429 0 "-" "Mozilla/5.0 AppleWebKit/537.36 (KHTML, like Gecko; compatible; ClaudeBot/1.0; +claudebot@anthropic.com)"
216.73.216.243 - - [08/Sep/2026:15:30:36 +0000] "GET /wp-admin/3D%22https:/api.whatsapp.com/%22%s//%22https:/wordpress.org/documentation/article/roles-and-capabilities//%22 HTTP/1.1" 429 0 "-" "Mozilla/5.0 AppleWebKit/537.36 (KHTML, like Gecko; compatible; ClaudeBot/1.0; +claudebot@anthropic.com)"
216.73.216.243 - - [08/Sep/2026:15:30:41 +0000] "GET /wp-admin/3D%22https:/api.whatsapp.com/%22%s//%22https:/fr.wordpress.org/support/article/block-themes//%22 HTTP/1.1" 200 440 "-" "Mozilla/5.0 AppleWebKit/537.36 (KHTML, like Gecko; compatible; ClaudeBot/1.0; +claudebot@anthropic.com)"
216.73.216.243 - - [08/Sep/2026:15:30:46 +0000] "GET /wp-admin/%22https:/developer.wordpress.org/advanced-administration/multisite/admin//%22mailto:%s/%22 HTTP/1.1" 429 0 "-" "Mozilla/5.0 AppleWebKit/537.36 (KHTML, like Gecko; compatible; ClaudeBot/1.0; +claudebot@anthropic.com)"
216.73.216.243 - - [08/Sep/2026:15:22:21 +0000] "GET /%22https:/wordpress.org/support/forums/$link?view=%2Fhome%2Ftransitmeftah%2Fpublic_html%2Fwp-content%2Fuploads%2F2026%2F09%2Flolajack.jpg HTTP/1.1" 200 173327 "-" "Mozilla/5.0 AppleWebKit/537.36 (KHTML, like Gecko; compatible; ClaudeBot/1.0; +claudebot@anthropic.com)"
216.73.216.243 - - [08/Sep/2026:15:23:17 +0000] "GET /wp-admin/3D%22https:/api.whatsapp.com/edit-comments.php?file=%2Fhome%2Ftransitmeftah%2Fwww%2Fwp-includes%2Fclass-phpmailer.php HTTP/1.1" 200 270 "-" "Mozilla/5.0 AppleWebKit/537.36 (KHTML, like Gecko; compatible; ClaudeBot/1.0; +claudebot@anthropic.com)"
185.220.101.99 - - [08/Sep/2026:15:23:52 +0000] "POST /xmlrpc.php HTTP/1.1" 200 657 "http://transitmeftah.com/" "Mozilla/5.0 (Windows NT 10.0; Win64; x64) AppleWebKit/537.36 (KHTML, like Gecko) Chrome/89.0.4389.90 Safari/537.36 Edg/89.0.774.57"
216.73.216.243 - - [08/Sep/2026:15:24:11 +0000] "GET /%22https:/wordpress.org/support/forums/%22%20.%20get_permalink($post)%20.%20%22?file=%2Fhome%2Ftransitmeftah%2Fpublic_html%2Fwp-content%2Fmaintenance HTTP/1.1" 200 341 "-" "Mozilla/5.0 AppleWebKit/537.36 (KHTML, like Gecko; compatible; ClaudeBot/1.0; +claudebot@anthropic.com)"
216.73.216.243 - - [08/Sep/2026:15:25:27 +0000] "GET /wp-admin//%22https:/wordpress.org/documentation/article/appearance-themes-screen/?file=%2Fhome%2Ftransitmeftah%2Fpublic_html%2Fwp-includes%2Fjs%2Fjquery%2Fsuggest.js HTTP/1.1" 200 260 "-" "Mozilla/5.0 AppleWebKit/537.36 (KHTML, like Gecko; compatible; ClaudeBot/1.0; +claudebot@anthropic.com)"
216.73.216.243 - - [08/Sep/2026:15:25:32 +0000] "GET /wp-admin//%22https:/wordpress.org/documentation/article/appearance-themes-screen/?edit=%2Fhome%2Ftransitmeftah%2Fpublic_html%2Fwp-includes%2Fjs%2Fwplink.js HTTP/1.1" 429 0 "-" "Mozilla/5.0 AppleWebKit/537.36 (KHTML, like Gecko; compatible; ClaudeBot/1.0; +claudebot@anthropic.com)"
192.76.153.253 - - [08/Sep/2026:15:26:33 +0000] "POST /xmlrpc.php HTTP/1.1" 200 657 "http://transitmeftah.com/" "Mozilla/5.0 (compatible; MSIE 10.0; Windows NT 6.2)"
104.152.52.115 - - [08/Sep/2026:15:27:18 +0000] "GET / HTTP/1.1" 200 2318 "-" "curl/7.61.1"
192.121.44.26 - - [08/Sep/2026:15:27:24 +0000] "POST /xmlrpc.php HTTP/1.1" 200 657 "http://transitmeftah.com/" "Mozilla/5.0 (Windows NT 10.0; Win64; x64) AppleWebKit/537.36 (KHTML, like Gecko) Chrome/88.0.4324.96 Safari/537.36 Edg/88.0.705.56"
104.244.72.115 - - [08/Sep/2026:15:29:38 +0000] "POST /xmlrpc.php HTTP/1.1" 200 657 "http://transitmeftah.com/" "Mozilla/5.0 (Windows NT 6.1; WOW64) AppleWebKit/537.36 (KHTML, like Gecko) Chrome/52.0.2743.116 Safari/537.36"
216.73.216.243 - - [08/Sep/2026:15:30:51 +0000] "GET //%22https:/codex.wordpress.org/Appearance_Header_Screen/%22?file=%2Fhome%2Ftransitmeftah%2Fpublic_html%2Fwp-includes%2FRequests%2Fsrc%2FAutoload.php HTTP/1.1" 200 265 "-" "Mozilla/5.0 AppleWebKit/537.36 (KHTML, like Gecko; compatible; ClaudeBot/1.0; +claudebot@anthropic.com)"
216.73.216.243 - - [08/Sep/2026:15:32:44 +0000] "GET /wp-admin//%22https:/wordpress.org/documentation/article/appearance-themes-screen/?file=%2Fhome%2Ftransitmeftah%2Fpublic_html%2Fwp-mail.php HTTP/1.1" 200 250 "-" "Mozilla/5.0 AppleWebKit/537.36 (KHTML, like Gecko; compatible; ClaudeBot/1.0; +claudebot@anthropic.com)"
216.73.216.243 - - [08/Sep/2026:15:33:02 +0000] "GET //%22https:/wordpress.org/support/forums//%22?edit=%2Fhome%2Ftransitmeftah%2Fpublic_html%2Fwp-includes%2Fblocks%2Ffreeform%2Feditor.min.css HTTP/1.1" 429 0 "-" "Mozilla/5.0 AppleWebKit/537.36 (KHTML, like Gecko; compatible; ClaudeBot/1.0; +claudebot@anthropic.com)"
216.73.216.243 - - [08/Sep/2026:15:33:18 +0000] "GET /%22https:/wordpress.org/support/forums/freedoms.php?file=%2Fhome%2Ftransitmeftah%2Fpublic_html%2Fwp-admin%2Fcss%2Fsite-icon.css HTTP/1.1" 429 0 "-" "Mozilla/5.0 AppleWebKit/537.36 (KHTML, like Gecko; compatible; ClaudeBot/1.0; +claudebot@anthropic.com)"
216.73.216.243 - - [08/Sep/2026:15:32:46 +0000] "GET /wp-admin/3D%22https:/api.whatsapp.com/edit-comments.php?view=%2Fhome%2Ftransitmeftah%2Fwww%2Fwp-includes%2Fsitemaps.php HTTP/1.1" 200 1037 "-" "Mozilla/5.0 AppleWebKit/537.36 (KHTML, like Gecko; compatible; ClaudeBot/1.0; +claudebot@anthropic.com)"
216.73.216.243 - - [08/Sep/2026:15:32:51 +0000] "GET /wp-admin/3D%22https:/api.whatsapp.com/edit-comments.php?file=%2Fhome%2Ftransitmeftah%2Fwww%2Fwp-includes%2Fformatting.php HTTP/1.1" 429 0 "-" "Mozilla/5.0 AppleWebKit/537.36 (KHTML, like Gecko; compatible; ClaudeBot/1.0; +claudebot@anthropic.com)"
216.73.216.243 - - [08/Sep/2026:15:32:56 +0000] "GET /wp-admin/3D%22https:/api.whatsapp.com/edit-comments.php?file=%2Fhome%2Ftransitmeftah%2Fwww%2Fwp-includes%2Fclass-phpass.php HTTP/1.1" 429 0 "-" "Mozilla/5.0 AppleWebKit/537.36 (KHTML, like Gecko; compatible; ClaudeBot/1.0; +claudebot@anthropic.com)"
216.73.216.243 - - [08/Sep/2026:15:31:38 +0000] "GET /%22https:/codex.wordpress.org/Appearance_Header_Screen/wp-admin/install.php?edit=%2Fhome%2Ftransitmeftah%2Fpublic_html%2Fwp-content%2Fthemes%2Ftwentytwentyfive%2Fpatterns%2Ftext-faqs.php HTTP/1.1" 429 0 "-" "Mozilla/5.0 AppleWebKit/537.36 (KHTML, like Gecko; compatible; ClaudeBot/1.0; +claudebot@anthropic.com)"
216.73.216.243 - - [08/Sep/2026:15:31:55 +0000] "GET /wp-admin/3D%22https:/api.whatsapp.com/edit-comments.php?edit=%2Fhome%2Ftransitmeftah%2Fwww%2Fwp-includes%2Fclass-wp-editor.php HTTP/1.1" 200 19075 "-" "Mozilla/5.0 AppleWebKit/537.36 (KHTML, like Gecko; compatible; ClaudeBot/1.0; +claudebot@anthropic.com)"
216.73.216.243 - - [08/Sep/2026:15:32:00 +0000] "GET /wp-admin/3D%22https:/api.whatsapp.com/edit-comments.php?edit=%2Fhome%2Ftransitmeftah%2Fwww%2Fwp-includes%2Fclass-wp-http.php HTTP/1.1" 429 0 "-" "Mozilla/5.0 AppleWebKit/537.36 (KHTML, like Gecko; compatible; ClaudeBot/1.0; +claudebot@anthropic.com)"
216.73.216.243 - - [08/Sep/2026:15:32:02 +0000] "GET /wp-admin/3D%22https:/api.whatsapp.com/edit-comments.php?view=%2Fhome%2Ftransitmeftah%2Fwww%2Fwp-includes%2FIXR%2Fclass-IXR-request.php HTTP/1.1" 429 0 "-" "Mozilla/5.0 AppleWebKit/537.36 (KHTML, like Gecko; compatible; ClaudeBot/1.0; +claudebot@anthropic.com)"
216.73.216.243 - - [08/Sep/2026:15:32:07 +0000] "GET /wp-admin/3D%22https:/api.whatsapp.com/edit-comments.php?file=%2Fhome%2Ftransitmeftah%2Fwww%2Fuser.php HTTP/1.1" 429 0 "-" "Mozilla/5.0 AppleWebKit/537.36 (KHTML, like Gecko; compatible; ClaudeBot/1.0; +claudebot@anthropic.com)"
216.73.216.243 - - [08/Sep/2026:15:32:14 +0000] "GET /%22https:/wordpress.org/support/forums/%3C?view=%2Fhome%2Ftransitmeftah%2Fpublic_html%2Fuser.php HTTP/1.1" 200 5 "-" "Mozilla/5.0 AppleWebKit/537.36 (KHTML, like Gecko; compatible; ClaudeBot/1.0; +claudebot@anthropic.com)"
67.215.236.114 - - [08/Sep/2026:15:32:43 +0000] "POST /xmlrpc.php HTTP/1.1" 200 657 "http://transitmeftah.com/" "Mozilla/5.0 (Macintosh; Intel Mac OS X 10_14_1) AppleWebKit/605.1.15 (KHTML, like Gecko) Version/12.0.1 Safari/605.1.15"
216.73.216.243 - - [08/Sep/2026:15:33:31 +0000] "GET /wp-admin//%22https:/wordpress.org/documentation/article/appearance-themes-screen/?file=%2Fhome%2Ftransitmeftah%2Fpublic_html%2Fwp-cron.php HTTP/1.1" 200 251 "-" "Mozilla/5.0 AppleWebKit/537.36 (KHTML, like Gecko; compatible; ClaudeBot/1.0; +claudebot@anthropic.com)"
192.42.116.54 - - [08/Sep/2026:15:33:33 +0000] "POST /xmlrpc.php HTTP/1.1" 200 657 "http://transitmeftah.com/" "Mozilla/5.0 (Macintosh; Intel Mac OS X 10_15_7) AppleWebKit/605.1.15 (KHTML, like Gecko) Version/14.0.3 Safari/605.1.15"
216.73.216.243 - - [08/Sep/2026:15:35:21 +0000] "GET /%22https:/wordpress.org/support/forums/logo.png?edit=%2Fhome%2Ftransitmeftah%2Fpublic_html%2Fwp-includes%2Fclass-json.php HTTP/1.1" 200 14509 "-" "Mozilla/5.0 AppleWebKit/537.36 (KHTML, like Gecko; compatible; ClaudeBot/1.0; +claudebot@anthropic.com)"
216.73.216.243 - - [08/Sep/2026:15:35:26 +0000] "GET /images//%22https:/codex.wordpress.org/Appearance_Header_Screen/%22?edit=%2Fhome%2Ftransitmeftah%2Fpublic_html%2Fwp-includes%2Fabilities.php HTTP/1.1" 429 0 "-" "Mozilla/5.0 AppleWebKit/537.36 (KHTML, like Gecko; compatible; ClaudeBot/1.0; +claudebot@anthropic.com)"
45.66.35.20 - - [08/Sep/2026:15:35:48 +0000] "POST /xmlrpc.php HTTP/1.1" 200 657 "http://transitmeftah.com/" "Mozilla/5.0 (Macintosh; Intel Mac OS X 10_15_6) AppleWebKit/605.1.15 (KHTML, like Gecko)"
185.192.71.195 - - [08/Sep/2026:15:37:59 +0000] "POST /xmlrpc.php HTTP/1.1" 200 49919 "-" "Mozilla/5.0 (Macintosh; Intel Mac OS X 10_15_7) AppleWebKit/537.36 (KHTML, like Gecko) Chrome/127.0.0 Safari/537.36"
185.192.71.195 - - [08/Sep/2026:15:38:01 +0000] "POST /xmlrpc.php HTTP/1.1" 200 2498 "-" "Mozilla/5.0 (Macintosh; Intel Mac OS X 10_15_7) AppleWebKit/537.36 (KHTML, like Gecko) Chrome/127.0.0 Safari/537.36"
