109.105.210.85 - - [08/Sep/2026:16:45:46 +0000] "GET /wp-content/plugins/elementor/readme.txt HTTP/1.1" 200 770 "-" "Mozilla/5.0 AppleWebKit/537.36 (KHTML, like Gecko) Chrome/123.0.6312.86 Safari/537.36"
109.105.210.85 - - [08/Sep/2026:16:45:46 +0000] "GET /wp-content/plugins/better-search-replace/readme.txt HTTP/1.1" 200 770 "-" "Mozilla/5.0 AppleWebKit/537.36 (KHTML, like Gecko) Chrome/123.0.6312.86 Safari/537.36"
109.105.210.83 - - [08/Sep/2026:16:45:46 +0000] "GET /wp-content/plugins/smart-slider-3/readme.txt HTTP/1.1" 200 770 "-" "Mozilla/5.0 AppleWebKit/537.36 (KHTML, like Gecko) Chrome/123.0.6312.86 Safari/537.36"
109.105.210.85 - - [08/Sep/2026:16:45:46 +0000] "GET /wp-content/plugins/wp-fastest-cache/readme.txt HTTP/1.1" 200 770 "-" "Mozilla/5.0 AppleWebKit/537.36 (KHTML, like Gecko) Chrome/123.0.6312.86 Safari/537.36"
109.105.210.83 - - [08/Sep/2026:16:45:46 +0000] "GET /wp-content/plugins/loginizer/readme.txt HTTP/1.1" 200 770 "-" "Mozilla/5.0 AppleWebKit/537.36 (KHTML, like Gecko) Chrome/123.0.6312.86 Safari/537.36"
109.105.210.82 - - [08/Sep/2026:16:45:46 +0000] "GET /wp-content/plugins/wps-hide-login/readme.txt HTTP/1.1" 200 770 "-" "Mozilla/5.0 AppleWebKit/537.36 (KHTML, like Gecko) Chrome/123.0.6312.86 Safari/537.36"
109.105.210.84 - - [08/Sep/2026:16:45:46 +0000] "GET /wp-content/plugins/wp-super-cache/readme.txt HTTP/1.1" 200 770 "-" "Mozilla/5.0 AppleWebKit/537.36 (KHTML, like Gecko) Chrome/123.0.6312.86 Safari/537.36"
109.105.210.84 - - [08/Sep/2026:16:45:46 +0000] "GET /wp-content/plugins/w3-total-cache/readme.txt HTTP/1.1" 200 770 "-" "Mozilla/5.0 AppleWebKit/537.36 (KHTML, like Gecko) Chrome/123.0.6312.86 Safari/537.36"
114.119.134.10 - - [08/Sep/2026:16:44:23 +0000] "GET /?i=70010311100 HTTP/1.1" 200 491 "http://mail.transitmeftah.com/?sitemap.xml" "Mozilla/5.0 (Linux; Android 7.0;) AppleWebKit/537.36 (HTML, like Gecko) Mobile Safari/537.36 (compatible; PetalBot;+https://webmaster.petalsearch.com/site/petalbot)"
109.105.210.85 - - [08/Sep/2026:16:45:17 +0000] "GET /static/historypage.js HTTP/1.1" 200 5880 "-" "Mozilla/5.0 AppleWebKit/537.36 (KHTML, like Gecko) Chrome/123.0.6312.86 Safari/537.36"
109.105.210.85 - - [08/Sep/2026:16:45:46 +0000] "GET /wp-content/plugins/woocommerce/readme.txt HTTP/1.1" 200 770 "-" "Mozilla/5.0 AppleWebKit/537.36 (KHTML, like Gecko) Chrome/123.0.6312.86 Safari/537.36"
109.105.210.85 - - [08/Sep/2026:16:45:46 +0000] "GET /wp-content/plugins/wordpress-seo/readme.txt HTTP/1.1" 200 770 "-" "Mozilla/5.0 AppleWebKit/537.36 (KHTML, like Gecko) Chrome/123.0.6312.86 Safari/537.36"
109.105.210.85 - - [08/Sep/2026:16:45:46 +0000] "GET /wp-content/plugins/ultimate-addons-for-gutenberg/readme.txt HTTP/1.1" 200 770 "-" "Mozilla/5.0 AppleWebKit/537.36 (KHTML, like Gecko) Chrome/123.0.6312.86 Safari/537.36"
109.105.210.82 - - [08/Sep/2026:16:45:46 +0000] "GET /wp-content/plugins/contact-form-7/readme.txt HTTP/1.1" 200 770 "-" "Mozilla/5.0 AppleWebKit/537.36 (KHTML, like Gecko) Chrome/123.0.6312.86 Safari/537.36"
109.105.210.82 - - [08/Sep/2026:16:45:46 +0000] "GET /wp-content/plugins/google-analytics-for-wordpress/readme.txt HTTP/1.1" 200 770 "-" "Mozilla/5.0 AppleWebKit/537.36 (KHTML, like Gecko) Chrome/123.0.6312.86 Safari/537.36"
109.105.210.82 - - [08/Sep/2026:16:45:46 +0000] "GET /wp-content/plugins/duplicate-post/readme.txt HTTP/1.1" 200 770 "-" "Mozilla/5.0 AppleWebKit/537.36 (KHTML, like Gecko) Chrome/123.0.6312.86 Safari/537.36"
109.105.210.83 - - [08/Sep/2026:16:45:46 +0000] "GET /wp-content/plugins/jetpack/readme.txt HTTP/1.1" 200 770 "-" "Mozilla/5.0 AppleWebKit/537.36 (KHTML, like Gecko) Chrome/123.0.6312.86 Safari/537.36"
109.105.210.82 - - [08/Sep/2026:16:45:46 +0000] "GET /wp-content/plugins/sg-security/readme.txt HTTP/1.1" 200 770 "-" "Mozilla/5.0 AppleWebKit/537.36 (KHTML, like Gecko) Chrome/123.0.6312.86 Safari/537.36"
109.105.210.83 - - [08/Sep/2026:16:45:46 +0000] "GET /wp-content/plugins/wp-optimize/readme.txt HTTP/1.1" 200 770 "-" "Mozilla/5.0 AppleWebKit/537.36 (KHTML, like Gecko) Chrome/123.0.6312.86 Safari/537.36"
109.105.210.85 - - [08/Sep/2026:16:45:46 +0000] "GET /wp-content/plugins/astra-sites/readme.txt HTTP/1.1" 200 770 "-" "Mozilla/5.0 AppleWebKit/537.36 (KHTML, like Gecko) Chrome/123.0.6312.86 Safari/537.36"
109.105.210.83 - - [08/Sep/2026:16:45:46 +0000] "GET /wp-content/plugins/advanced-custom-fields/readme.txt HTTP/1.1" 200 770 "-" "Mozilla/5.0 AppleWebKit/537.36 (KHTML, like Gecko) Chrome/123.0.6312.86 Safari/537.36"
109.105.210.82 - - [08/Sep/2026:16:45:46 +0000] "GET /wp-content/plugins/code-snippets/readme.txt HTTP/1.1" 200 770 "-" "Mozilla/5.0 AppleWebKit/537.36 (KHTML, like Gecko) Chrome/123.0.6312.86 Safari/537.36"
109.105.210.84 - - [08/Sep/2026:16:45:46 +0000] "GET /wp-content/plugins/wordfence/readme.txt HTTP/1.1" 200 770 "-" "Mozilla/5.0 AppleWebKit/537.36 (KHTML, like Gecko) Chrome/123.0.6312.86 Safari/537.36"
109.105.210.83 - - [08/Sep/2026:16:45:49 +0000] "GET /wp-content/plugins/fancy-product-designer/readme.txt HTTP/1.1" 200 770 "-" "Mozilla/5.0 AppleWebKit/537.36 (KHTML, like Gecko) Chrome/123.0.6312.86 Safari/537.36"
109.105.210.83 - - [08/Sep/2026:16:45:54 +0000] "GET /wp-content/plugins/wordpress-database-reset/readme.txt HTTP/1.1" 200 5887 "-" "Mozilla/5.0 AppleWebKit/537.36 (KHTML, like Gecko) Chrome/123.0.6312.86 Safari/537.36"
109.105.210.85 - - [08/Sep/2026:16:46:06 +0000] "GET /wp-content/plugins/wp-time-capsule/readme.txt HTTP/1.1" 200 5880 "-" "Mozilla/5.0 AppleWebKit/537.36 (KHTML, like Gecko) Chrome/123.0.6312.86 Safari/537.36"
109.105.210.83 - - [08/Sep/2026:16:46:13 +0000] "GET /wp-content/plugins/wp-user-avatar/readme.txt HTTP/1.1" 200 5880 "-" "Mozilla/5.0 AppleWebKit/537.36 (KHTML, like Gecko) Chrome/123.0.6312.86 Safari/537.36"
109.105.210.83 - - [08/Sep/2026:16:45:28 +0000] "GET /zabbix/favicon.ico HTTP/1.1" 200 5880 "-" "Mozilla/5.0 AppleWebKit/537.36 (KHTML, like Gecko) Chrome/123.0.6312.86 Safari/537.36"
109.105.210.82 - - [08/Sep/2026:16:45:37 +0000] "GET /favicon.ico HTTP/1.1" 404 1251 "-" "Mozilla/5.0 AppleWebKit/537.36 (KHTML, like Gecko) Chrome/123.0.6312.86 Safari/537.36"
109.105.210.84 - - [08/Sep/2026:16:45:46 +0000] "GET /wp-content/plugins/litespeed-cache/readme.txt HTTP/1.1" 200 770 "-" "Mozilla/5.0 AppleWebKit/537.36 (KHTML, like Gecko) Chrome/123.0.6312.86 Safari/537.36"
109.105.210.82 - - [08/Sep/2026:16:45:46 +0000] "GET /wp-content/plugins/duplicate-page/readme.txt HTTP/1.1" 200 770 "-" "Mozilla/5.0 AppleWebKit/537.36 (KHTML, like Gecko) Chrome/123.0.6312.86 Safari/537.36"
109.105.210.83 - - [08/Sep/2026:16:45:46 +0000] "GET /wp-content/plugins/seo-by-rank-math/readme.txt HTTP/1.1" 200 770 "-" "Mozilla/5.0 AppleWebKit/537.36 (KHTML, like Gecko) Chrome/123.0.6312.86 Safari/537.36"
109.105.210.82 - - [08/Sep/2026:16:45:46 +0000] "GET /wp-content/plugins/hostinger/readme.txt HTTP/1.1" 200 770 "-" "Mozilla/5.0 AppleWebKit/537.36 (KHTML, like Gecko) Chrome/123.0.6312.86 Safari/537.36"
109.105.210.85 - - [08/Sep/2026:16:45:46 +0000] "GET /wp-content/plugins/all-in-one-wp-migration/readme.txt HTTP/1.1" 200 770 "-" "Mozilla/5.0 AppleWebKit/537.36 (KHTML, like Gecko) Chrome/123.0.6312.86 Safari/537.36"
109.105.210.83 - - [08/Sep/2026:16:45:46 +0000] "GET /wp-content/plugins/svg-support/readme.txt HTTP/1.1" 200 770 "-" "Mozilla/5.0 AppleWebKit/537.36 (KHTML, like Gecko) Chrome/123.0.6312.86 Safari/537.36"
109.105.210.82 - - [08/Sep/2026:16:45:46 +0000] "GET /wp-content/plugins/all-in-one-wp-security-and-firewall/readme.txt HTTP/1.1" 200 770 "-" "Mozilla/5.0 AppleWebKit/537.36 (KHTML, like Gecko) Chrome/123.0.6312.86 Safari/537.36"
109.105.210.83 - - [08/Sep/2026:16:45:46 +0000] "GET /wp-content/plugins/wpforms-lite/readme.txt HTTP/1.1" 200 770 "-" "Mozilla/5.0 AppleWebKit/537.36 (KHTML, like Gecko) Chrome/123.0.6312.86 Safari/537.36"
109.105.210.85 - - [08/Sep/2026:16:45:46 +0000] "GET /wp-content/plugins/insert-headers-and-footers/readme.txt HTTP/1.1" 200 770 "-" "Mozilla/5.0 AppleWebKit/537.36 (KHTML, like Gecko) Chrome/123.0.6312.86 Safari/537.36"
109.105.210.85 - - [08/Sep/2026:16:45:46 +0000] "GET /wp-content/plugins/disable-comments/readme.txt HTTP/1.1" 200 770 "-" "Mozilla/5.0 AppleWebKit/537.36 (KHTML, like Gecko) Chrome/123.0.6312.86 Safari/537.36"
109.105.210.84 - - [08/Sep/2026:16:45:46 +0000] "GET /wp-content/plugins/redux-framework/readme.txt HTTP/1.1" 200 770 "-" "Mozilla/5.0 AppleWebKit/537.36 (KHTML, like Gecko) Chrome/123.0.6312.86 Safari/537.36"
109.105.210.85 - - [08/Sep/2026:16:45:46 +0000] "GET /wp-content/plugins/updraftplus/readme.txt HTTP/1.1" 200 770 "-" "Mozilla/5.0 AppleWebKit/537.36 (KHTML, like Gecko) Chrome/123.0.6312.86 Safari/537.36"
109.105.210.85 - - [08/Sep/2026:16:45:46 +0000] "GET /wp-content/plugins/akismet/readme.txt HTTP/1.1" 200 770 "-" "Mozilla/5.0 AppleWebKit/537.36 (KHTML, like Gecko) Chrome/123.0.6312.86 Safari/537.36"
109.105.210.82 - - [08/Sep/2026:16:45:46 +0000] "GET /wp-content/plugins/mailchimp-for-wp/readme.txt HTTP/1.1" 200 770 "-" "Mozilla/5.0 AppleWebKit/537.36 (KHTML, like Gecko) Chrome/123.0.6312.86 Safari/537.36"
109.105.210.85 - - [08/Sep/2026:16:45:46 +0000] "GET /wp-content/plugins/coming-soon/readme.txt HTTP/1.1" 200 770 "-" "Mozilla/5.0 AppleWebKit/537.36 (KHTML, like Gecko) Chrome/123.0.6312.86 Safari/537.36"
109.105.210.84 - - [08/Sep/2026:16:45:58 +0000] "GET /wp-content/plugins/optinmonster/readme.txt HTTP/1.1" 200 5880 "-" "Mozilla/5.0 AppleWebKit/537.36 (KHTML, like Gecko) Chrome/123.0.6312.86 Safari/537.36"
109.105.210.84 - - [08/Sep/2026:16:46:48 +0000] "GET /js/NewWindow_2_all.js HTTP/1.1" 200 5887 "-" "Mozilla/5.0 AppleWebKit/537.36 (KHTML, like Gecko) Chrome/123.0.6312.86 Safari/537.36"
109.105.210.85 - - [08/Sep/2026:16:45:46 +0000] "GET /wp-content/plugins/essential-addons-for-elementor-lite/readme.txt HTTP/1.1" 200 770 "-" "Mozilla/5.0 AppleWebKit/537.36 (KHTML, like Gecko) Chrome/123.0.6312.86 Safari/537.36"
109.105.210.82 - - [08/Sep/2026:16:45:46 +0000] "GET /wp-content/plugins/limit-login-attempts-reloaded/readme.txt HTTP/1.1" 200 770 "-" "Mozilla/5.0 AppleWebKit/537.36 (KHTML, like Gecko) Chrome/123.0.6312.86 Safari/537.36"
109.105.210.82 - - [08/Sep/2026:16:45:46 +0000] "GET /wp-content/plugins/redirection/readme.txt HTTP/1.1" 200 770 "-" "Mozilla/5.0 AppleWebKit/537.36 (KHTML, like Gecko) Chrome/123.0.6312.86 Safari/537.36"
109.105.210.85 - - [08/Sep/2026:16:45:46 +0000] "GET /wp-content/plugins/header-footer-elementor/readme.txt HTTP/1.1" 200 770 "-" "Mozilla/5.0 AppleWebKit/537.36 (KHTML, like Gecko) Chrome/123.0.6312.86 Safari/537.36"
109.105.210.82 - - [08/Sep/2026:16:45:46 +0000] "GET /wp-content/plugins/complianz-gdpr/readme.txt HTTP/1.1" 200 770 "-" "Mozilla/5.0 AppleWebKit/537.36 (KHTML, like Gecko) Chrome/123.0.6312.86 Safari/537.36"
109.105.210.83 - - [08/Sep/2026:16:45:46 +0000] "GET /wp-content/plugins/envato-elements/readme.txt HTTP/1.1" 200 770 "-" "Mozilla/5.0 AppleWebKit/537.36 (KHTML, like Gecko) Chrome/123.0.6312.86 Safari/537.36"
109.105.210.84 - - [08/Sep/2026:16:45:46 +0000] "GET /wp-content/plugins/all-in-one-seo-pack/readme.txt HTTP/1.1" 200 770 "-" "Mozilla/5.0 AppleWebKit/537.36 (KHTML, like Gecko) Chrome/123.0.6312.86 Safari/537.36"
109.105.210.84 - - [08/Sep/2026:16:45:46 +0000] "GET /wp-content/plugins/better-wp-security/readme.txt HTTP/1.1" 200 770 "-" "Mozilla/5.0 AppleWebKit/537.36 (KHTML, like Gecko) Chrome/123.0.6312.86 Safari/537.36"
109.105.210.85 - - [08/Sep/2026:16:46:10 +0000] "GET /wp-content/plugins/bbpress/readme.txt HTTP/1.1" 200 5887 "-" "Mozilla/5.0 AppleWebKit/537.36 (KHTML, like Gecko) Chrome/123.0.6312.86 Safari/537.36"
109.105.210.85 - - [08/Sep/2026:16:46:22 +0000] "GET /wp-content/plugins/iwp-client/readme.txt HTTP/1.1" 200 5887 "-" "Mozilla/5.0 AppleWebKit/537.36 (KHTML, like Gecko) Chrome/123.0.6312.86 Safari/537.36"
109.105.210.85 - - [08/Sep/2026:16:46:33 +0000] "GET /console HTTP/1.1" 200 5887 "-" "Mozilla/5.0 AppleWebKit/537.36 (KHTML, like Gecko) Chrome/123.0.6312.86 Safari/537.36"
109.105.210.83 - - [08/Sep/2026:16:46:39 +0000] "GET /identity HTTP/1.1" 200 5887 "-" "Mozilla/5.0 AppleWebKit/537.36 (KHTML, like Gecko) Chrome/123.0.6312.86 Safari/537.36"
109.105.210.85 - - [08/Sep/2026:16:46:42 +0000] "GET /cgi-bin/authLogin.cgi HTTP/1.1" 200 5887 "-" "Mozilla/5.0 AppleWebKit/537.36 (KHTML, like Gecko) Chrome/123.0.6312.86 Safari/537.36"
109.105.210.83 - - [08/Sep/2026:16:47:00 +0000] "GET /Telerik.Web.UI.WebResource.axd?type=rau HTTP/1.1" 200 5880 "-" "Mozilla/5.0 AppleWebKit/537.36 (KHTML, like Gecko) Chrome/123.0.6312.86 Safari/537.36"
109.105.210.85 - - [08/Sep/2026:16:47:05 +0000] "GET /admin/ HTTP/1.1" 200 491 "-" "Mozilla/5.0 AppleWebKit/537.36 (KHTML, like Gecko) Chrome/123.0.6312.86 Safari/537.36"
216.73.216.243 - - [08/Sep/2026:16:47:38 +0000] "GET /wp-admin/3D%22https:/api.whatsapp.com/edit-comments.php?edit=%2Fhome%2Ftransitmeftah%2Fwww%2Fwp-includes%2Fsitemaps%2Fclass-wp-sitemaps-index.php HTTP/1.1" 429 0 "-" "Mozilla/5.0 AppleWebKit/537.36 (KHTML, like Gecko; compatible; ClaudeBot/1.0; +claudebot@anthropic.com)"
216.73.216.243 - - [08/Sep/2026:16:47:43 +0000] "GET /wp-admin/3D%22https:/api.whatsapp.com/edit-comments.php?view=%2Fhome%2Ftransitmeftah%2Fwww%2Fwp-includes%2Ffonts%2Fclass-wp-font-library.php HTTP/1.1" 429 0 "-" "Mozilla/5.0 AppleWebKit/537.36 (KHTML, like Gecko; compatible; ClaudeBot/1.0; +claudebot@anthropic.com)"
216.73.216.243 - - [08/Sep/2026:16:47:47 +0000] "GET /wp-admin/3D%22https:/api.whatsapp.com/edit-comments.php?edit=%2Fhome%2Ftransitmeftah%2Fwww%2Fwp-includes%2Ffonts%2Fclass-wp-font-collection.php HTTP/1.1" 429 0 "-" "Mozilla/5.0 AppleWebKit/537.36 (KHTML, like Gecko; compatible; ClaudeBot/1.0; +claudebot@anthropic.com)"
216.73.216.243 - - [08/Sep/2026:16:47:52 +0000] "GET /wp-admin/3D%22https:/api.whatsapp.com/edit-comments.php?file=%2Fhome%2Ftransitmeftah%2Fwww%2Fwp-includes%2Fclass-wp-simplepie-sanitize-kses.php HTTP/1.1" 429 0 "-" "Mozilla/5.0 AppleWebKit/537.36 (KHTML, like Gecko; compatible; ClaudeBot/1.0; +claudebot@anthropic.com)"
216.73.216.243 - - [08/Sep/2026:16:47:54 +0000] "GET /wp-admin/3D%22https:/api.whatsapp.com/edit-comments.php?view=%2Fhome%2Ftransitmeftah%2Fwww%2Fwp-includes%2Fsitemaps%2Fclass-wp-sitemaps-provider.php HTTP/1.1" 429 0 "-" "Mozilla/5.0 AppleWebKit/537.36 (KHTML, like Gecko; compatible; ClaudeBot/1.0; +claudebot@anthropic.com)"
216.73.216.243 - - [08/Sep/2026:16:47:59 +0000] "GET /wp-admin/3D%22https:/api.whatsapp.com/edit-comments.php?edit=%2Fhome%2Ftransitmeftah%2Fwww%2Fwp-includes%2Fsitemaps%2Fclass-wp-sitemaps-registry.php HTTP/1.1" 429 0 "-" "Mozilla/5.0 AppleWebKit/537.36 (KHTML, like Gecko; compatible; ClaudeBot/1.0; +claudebot@anthropic.com)"
216.73.216.243 - - [08/Sep/2026:16:48:05 +0000] "GET /wp-admin/3D%22https:/api.whatsapp.com/edit-comments.php?file=%2Fhome%2Ftransitmeftah%2Fwww%2Fwp-includes%2Fjs%2Fwp-lists.js HTTP/1.1" 429 0 "-" "Mozilla/5.0 AppleWebKit/537.36 (KHTML, like Gecko; compatible; ClaudeBot/1.0; +claudebot@anthropic.com)"
216.73.216.243 - - [08/Sep/2026:16:48:10 +0000] "GET /wp-admin/3D%22https:/api.whatsapp.com/edit-comments.php?file=%2Fhome%2Ftransitmeftah%2Fwww%2Fwp-includes%2Fcertificates HTTP/1.1" 429 0 "-" "Mozilla/5.0 AppleWebKit/537.36 (KHTML, like Gecko; compatible; ClaudeBot/1.0; +claudebot@anthropic.com)"
216.73.216.243 - - [08/Sep/2026:16:48:15 +0000] "GET /wp-admin/3D%22https:/www.interactiveb=?edit=%2Fhome%2Ftransitmeftah%2Fpublic_html%2Fwp-admin%2Finstall.php HTTP/1.1" 429 0 "-" "Mozilla/5.0 AppleWebKit/537.36 (KHTML, like Gecko; compatible; ClaudeBot/1.0; +claudebot@anthropic.com)"
216.73.216.243 - - [08/Sep/2026:16:48:20 +0000] "GET /wp-admin/3D%22https:/www.interactiveb=?view=%2Fhome%2Ftransitmeftah%2Fpublic_html%2Fwp-admin%2Ftheme-install.php HTTP/1.1" 200 5798 "-" "Mozilla/5.0 AppleWebKit/537.36 (KHTML, like Gecko; compatible; ClaudeBot/1.0; +claudebot@anthropic.com)"
216.73.216.243 - - [08/Sep/2026:16:48:25 +0000] "GET /wp-admin/3D%22https:/www.interactiveb=?edit=%2Fhome%2Ftransitmeftah%2Fpublic_html%2Fwp-admin%2Fsetup-config.php HTTP/1.1" 429 0 "-" "Mozilla/5.0 AppleWebKit/537.36 (KHTML, like Gecko; compatible; ClaudeBot/1.0; +claudebot@anthropic.com)"
216.73.216.243 - - [08/Sep/2026:16:48:30 +0000] "GET /wp-admin/3D%22https:/api.whatsapp.com//%22upload.php/%22?view=%2Fhome%2Ftransitmeftah%2Fpublic_html%2Fwp-content%2Fmaintenance.php HTTP/1.1" 429 0 "-" "Mozilla/5.0 AppleWebKit/537.36 (KHTML, like Gecko; compatible; ClaudeBot/1.0; +claudebot@anthropic.com)"
114.119.135.217 - - [08/Sep/2026:16:48:43 +0000] "GET /?i=692047111100 HTTP/1.1" 200 491 "http://mail.transitmeftah.com/sitemap.xml" "Mozilla/5.0 (Linux; Android 7.0;) AppleWebKit/537.36 (HTML, like Gecko) Mobile Safari/537.36 (compatible; PetalBot;+https://webmaster.petalsearch.com/site/petalbot)"
216.73.216.243 - - [08/Sep/2026:16:49:43 +0000] "GET /wp-admin//%22https:/wordpress.org/documentation/article/appearance-themes-screen/?view=%2Fhome%2Ftransitmeftah%2Fpublic_html%2Fwp-includes%2Fjs%2Fclipboard.js HTTP/1.1" 200 7114 "-" "Mozilla/5.0 AppleWebKit/537.36 (KHTML, like Gecko; compatible; ClaudeBot/1.0; +claudebot@anthropic.com)"
216.73.216.243 - - [08/Sep/2026:16:49:48 +0000] "GET /wp-admin/%22https:/wordpress.org/documentation/article/appearance-themes-screen/wp-login.php?view=%2Fhome%2Ftransitmeftah%2Fpublic_html%2Fwp-content%2Fuploads%2Fdbeehcfjbf.zip HTTP/1.1" 429 0 "-" "Mozilla/5.0 AppleWebKit/537.36 (KHTML, like Gecko; compatible; ClaudeBot/1.0; +claudebot@anthropic.com)"
147.90.234.159 - - [08/Sep/2026:16:49:46 +0000] "POST /xmlrpc.php HTTP/1.1" 200 657 "http://transitmeftah.com/" "Mozilla/5.0 (compatible; MSIE 9.0; Windows NT 6.1; WOW64; Trident/5.0; KTXN)"
109.105.210.84 - - [08/Sep/2026:16:45:51 +0000] "GET /wp-content/plugins/kingcomposer/readme.txt HTTP/1.1" 200 5887 "-" "Mozilla/5.0 AppleWebKit/537.36 (KHTML, like Gecko) Chrome/123.0.6312.86 Safari/537.36"
114.119.135.217 - - [08/Sep/2026:16:45:52 +0000] "GET /?i=699679561100 HTTP/1.1" 200 491 "http://mail.transitmeftah.com/sitemap.xml" "Mozilla/5.0 (Linux; Android 7.0;) AppleWebKit/537.36 (HTML, like Gecko) Mobile Safari/537.36 (compatible; PetalBot;+https://webmaster.petalsearch.com/site/petalbot)"
109.105.210.85 - - [08/Sep/2026:16:46:01 +0000] "GET /wp-content/plugins/wp-central/readme.txt HTTP/1.1" 200 5887 "-" "Mozilla/5.0 AppleWebKit/537.36 (KHTML, like Gecko) Chrome/123.0.6312.86 Safari/537.36"
109.105.210.83 - - [08/Sep/2026:16:46:25 +0000] "GET /showLogin.cc HTTP/1.1" 200 5887 "-" "Mozilla/5.0 AppleWebKit/537.36 (KHTML, like Gecko) Chrome/123.0.6312.86 Safari/537.36"
109.105.210.84 - - [08/Sep/2026:16:46:28 +0000] "GET /solr/ HTTP/1.1" 200 5887 "-" "Mozilla/5.0 AppleWebKit/537.36 (KHTML, like Gecko) Chrome/123.0.6312.86 Safari/537.36"
109.70.100.10 - - [08/Sep/2026:16:46:41 +0000] "POST /xmlrpc.php HTTP/1.1" 200 657 "http://transitmeftah.com/" "Mozilla/5.0 (Windows NT 6.1; WOW64; rv:50.0) Gecko/20100101 Firefox/50.0"
109.105.210.84 - - [08/Sep/2026:16:46:47 +0000] "GET / HTTP/1.1" 200 491 "-" "Mozilla/5.0 AppleWebKit/537.36 (KHTML, like Gecko) Chrome/123.0.6312.86 Safari/537.36"
109.105.210.85 - - [08/Sep/2026:16:46:49 +0000] "GET /favicon.ico HTTP/1.1" 404 1251 "-" "Mozilla/5.0 AppleWebKit/537.36 (KHTML, like Gecko) Chrome/123.0.6312.86 Safari/537.36"
109.105.210.85 - - [08/Sep/2026:16:46:59 +0000] "GET /aspera/faspex/ HTTP/1.1" 200 5887 "-" "Mozilla/5.0 AppleWebKit/537.36 (KHTML, like Gecko) Chrome/123.0.6312.86 Safari/537.36"
216.73.216.243 - - [08/Sep/2026:16:47:07 +0000] "GET /%22https:/codex.wordpress.org/Appearance_Header_Screen/wp-admin/install.php?edit=%2Fhome%2Ftransitmeftah%2Fpublic_html%2Fwp-content%2Fthemes%2Ftwentytwentyfive%2Fpatterns%2Fbanner-poster.php HTTP/1.1" 200 7235 "-" "Mozilla/5.0 AppleWebKit/537.36 (KHTML, like Gecko; compatible; ClaudeBot/1.0; +claudebot@anthropic.com)"
185.220.101.187 - - [08/Sep/2026:16:47:33 +0000] "POST /xmlrpc.php HTTP/1.1" 200 657 "http://transitmeftah.com/" "Mozilla/5.0 (Macintosh; Intel Mac OS X 10_10; rv:33.0) Gecko/20100101 Firefox/33.0"
216.73.216.243 - - [08/Sep/2026:16:48:47 +0000] "GET /wp-admin//%22https:/wordpress.org/documentation/article/appearance-themes-screen/?view=%2Fhome%2Ftransitmeftah%2Fpublic_html%2Fwp-config.php HTTP/1.1" 200 2675 "-" "Mozilla/5.0 AppleWebKit/537.36 (KHTML, like Gecko; compatible; ClaudeBot/1.0; +claudebot@anthropic.com)"
216.73.216.243 - - [08/Sep/2026:16:51:18 +0000] "GET /%22https:/wordpress.org/support/forums/logo.png?view=%2Fhome%2Ftransitmeftah%2Fpublic_html%2Fwp-includes%2Fhttps-detection.php HTTP/1.1" 200 1927 "-" "Mozilla/5.0 AppleWebKit/537.36 (KHTML, like Gecko; compatible; ClaudeBot/1.0; +claudebot@anthropic.com)"
114.119.135.217 - - [08/Sep/2026:16:51:41 +0000] "GET /?i=684992161100 HTTP/1.1" 200 491 "http://mail.transitmeftah.com/sitemap.xml" "Mozilla/5.0 (Linux; Android 7.0;) AppleWebKit/537.36 (HTML, like Gecko) Mobile Safari/537.36 (compatible; PetalBot;+https://webmaster.petalsearch.com/site/petalbot)"
216.73.216.243 - - [08/Sep/2026:16:52:19 +0000] "GET /%22https:/wordpress.org/support/forums/freedoms.php?edit=%2Fhome%2Ftransitmeftah%2Fpublic_html%2Fwp-admin%2Fnetwork-setting.php HTTP/1.1" 200 9396 "-" "Mozilla/5.0 AppleWebKit/537.36 (KHTML, like Gecko; compatible; ClaudeBot/1.0; +claudebot@anthropic.com)"
216.73.216.243 - - [08/Sep/2026:16:52:24 +0000] "GET /%22https:/codex.wordpress.org/Appearance_Header_Screen/%s?file=%2Fhome%2Ftransitmeftah%2Fpublic_html%2Fwp-includes%2Fscript-modules.php HTTP/1.1" 429 0 "-" "Mozilla/5.0 AppleWebKit/537.36 (KHTML, like Gecko; compatible; ClaudeBot/1.0; +claudebot@anthropic.com)"
109.105.210.82 - - [08/Sep/2026:16:46:16 +0000] "GET /wp-content/plugins/wpschoolpress/readme.txt HTTP/1.1" 200 5880 "-" "Mozilla/5.0 AppleWebKit/537.36 (KHTML, like Gecko) Chrome/123.0.6312.86 Safari/537.36"
109.105.210.83 - - [08/Sep/2026:16:46:19 +0000] "GET /wp-content/plugins/wp-video-lightbox/readme.txt HTTP/1.1" 200 5880 "-" "Mozilla/5.0 AppleWebKit/537.36 (KHTML, like Gecko) Chrome/123.0.6312.86 Safari/537.36"
109.105.210.82 - - [08/Sep/2026:16:46:35 +0000] "GET /sitecore/shell/sitecore.version.xml HTTP/1.1" 200 5887 "-" "Mozilla/5.0 AppleWebKit/537.36 (KHTML, like Gecko) Chrome/123.0.6312.86 Safari/537.36"
109.105.210.84 - - [08/Sep/2026:16:46:53 +0000] "GET /api/session/properties HTTP/1.1" 200 5880 "-" "Mozilla/5.0 AppleWebKit/537.36 (KHTML, like Gecko) Chrome/123.0.6312.86 Safari/537.36"
216.73.216.243 - - [08/Sep/2026:16:46:55 +0000] "GET /wp-admin/3D%22https:/api.whatsapp.com/send?view=%2Fhome%2Ftransitmeftah%2Fpublic_html%2Fwp-includes%2Ffunctions.wp-styles.php HTTP/1.1" 200 2377 "-" "Mozilla/5.0 AppleWebKit/537.36 (KHTML, like Gecko; compatible; ClaudeBot/1.0; +claudebot@anthropic.com)"
216.73.216.243 - - [08/Sep/2026:16:47:00 +0000] "GET /wp-admin/3D%22https:/api.whatsapp.com/send?file=%2Fhome%2Ftransitmeftah%2Fpublic_html%2Fwp-includes%2Fhtml-api%2Fclass-wp-html-unsupported-exception.php HTTP/1.1" 429 0 "-" "Mozilla/5.0 AppleWebKit/537.36 (KHTML, like Gecko; compatible; ClaudeBot/1.0; +claudebot@anthropic.com)"
216.73.216.243 - - [08/Sep/2026:16:47:05 +0000] "GET /wp-admin/3D%22https:/api.whatsapp.com/send?edit=%2Fhome%2Ftransitmeftah%2Fpublic_html%2Fwp-includes%2Fclass-wp-rewrite.php HTTP/1.1" 429 0 "-" "Mozilla/5.0 AppleWebKit/537.36 (KHTML, like Gecko; compatible; ClaudeBot/1.0; +claudebot@anthropic.com)"
216.73.216.243 - - [08/Sep/2026:16:47:32 +0000] "GET /%22https:/wordpress.org/support/forums/logo.png?edit=%2Fhome%2Ftransitmeftah%2Fpublic_html%2Fwp-includes%2Fms-network.php HTTP/1.1" 200 6941 "-" "Mozilla/5.0 AppleWebKit/537.36 (KHTML, like Gecko; compatible; ClaudeBot/1.0; +claudebot@anthropic.com)"
216.73.216.243 - - [08/Sep/2026:16:49:30 +0000] "GET /%22https:/wordpress.org/support/forums/upload.php?edit=%2Fhome%2Ftransitmeftah%2Fpublic_html%2Fwp-content%2Fthemes%2Ftwentytwentyfive%2Ffunctions.php.bak.1787007432 HTTP/1.1" 200 6640 "-" "Mozilla/5.0 AppleWebKit/537.36 (KHTML, like Gecko; compatible; ClaudeBot/1.0; +claudebot@anthropic.com)"
114.119.138.74 - - [08/Sep/2026:16:50:09 +0000] "GET /?i=689906161100 HTTP/1.1" 200 491 "http://mail.transitmeftah.com/sitemap.xml" "Mozilla/5.0 (Linux; Android 7.0;) AppleWebKit/537.36 (HTML, like Gecko) Mobile Safari/537.36 (compatible; PetalBot;+https://webmaster.petalsearch.com/site/petalbot)"
216.73.216.243 - - [08/Sep/2026:16:50:25 +0000] "GET /wp-admin/%22https:/wordpress.org/documentation/article/appearance-themes-screen/$url?file=%2Fhome%2Ftransitmeftah%2Fpublic_html%2Fwp-content HTTP/1.1" 429 0 "-" "Mozilla/5.0 AppleWebKit/537.36 (KHTML, like Gecko; compatible; ClaudeBot/1.0; +claudebot@anthropic.com)"
216.73.216.243 - - [08/Sep/2026:16:51:05 +0000] "GET /wp-admin/3D%22https:/api.whatsapp.com/send?edit=%2Fhome%2Ftransitmeftah%2Fpublic_html%2Fwp-includes%2Ftaxonomy.php HTTP/1.1" 200 41086 "-" "Mozilla/5.0 AppleWebKit/537.36 (KHTML, like Gecko; compatible; ClaudeBot/1.0; +claudebot@anthropic.com)"
216.73.216.243 - - [08/Sep/2026:16:51:57 +0000] "GET /%22https:/wordpress.org/support/forums/freedoms.php?view=%2Fhome%2Ftransitmeftah%2Fpublic_html%2Fwp-admin%2Fload-scripts.php HTTP/1.1" 200 967 "-" "Mozilla/5.0 AppleWebKit/537.36 (KHTML, like Gecko; compatible; ClaudeBot/1.0; +claudebot@anthropic.com)"
216.73.216.243 - - [08/Sep/2026:16:54:20 +0000] "GET /wp-admin//%22https:/wordpress.org/documentation/article/appearance-themes-screen/?view=%2Fhome%2Ftransitmeftah%2Fpublic_html%2Fxmlrpc.php HTTP/1.1" 200 1444 "-" "Mozilla/5.0 AppleWebKit/537.36 (KHTML, like Gecko; compatible; ClaudeBot/1.0; +claudebot@anthropic.com)"
216.73.216.243 - - [08/Sep/2026:16:55:12 +0000] "GET /wp-admin/3D%22https:/api.whatsapp.com/edit-comments.php?edit=%2Fhome%2Ftransitmeftah%2Fwww%2Fwp-includes%2Fclass-wp-image-editor.php HTTP/1.1" 200 5576 "-" "Mozilla/5.0 AppleWebKit/537.36 (KHTML, like Gecko; compatible; ClaudeBot/1.0; +claudebot@anthropic.com)"
216.73.216.243 - - [08/Sep/2026:16:55:17 +0000] "GET /wp-admin/3D%22https:/api.whatsapp.com/edit-comments.php?edit=%2Fhome%2Ftransitmeftah%2Fwww%2Fwp-includes%2Fclass-wp-navigation-fallback.php HTTP/1.1" 429 0 "-" "Mozilla/5.0 AppleWebKit/537.36 (KHTML, like Gecko; compatible; ClaudeBot/1.0; +claudebot@anthropic.com)"
216.73.216.243 - - [08/Sep/2026:16:55:22 +0000] "GET /wp-admin/3D%22https:/api.whatsapp.com/edit-comments.php?edit=%2Fhome%2Ftransitmeftah%2Fwww%2Fwp-includes%2Fclass-wp-block-parser-frame.php HTTP/1.1" 429 0 "-" "Mozilla/5.0 AppleWebKit/537.36 (KHTML, like Gecko; compatible; ClaudeBot/1.0; +claudebot@anthropic.com)"
216.73.216.243 - - [08/Sep/2026:16:55:27 +0000] "GET /wp-admin/3D%22https:/api.whatsapp.com/edit-comments.php?edit=%2Fhome%2Ftransitmeftah%2Fwww%2Fwp-includes%2Fclass-wp-post.php HTTP/1.1" 429 0 "-" "Mozilla/5.0 AppleWebKit/537.36 (KHTML, like Gecko; compatible; ClaudeBot/1.0; +claudebot@anthropic.com)"
216.73.216.243 - - [08/Sep/2026:16:55:32 +0000] "GET /wp-admin/3D%22https:/api.whatsapp.com/edit-comments.php?edit=%2Fhome%2Ftransitmeftah%2Fwww%2Fwp-includes%2Fspeculative-loading.php HTTP/1.1" 429 0 "-" "Mozilla/5.0 AppleWebKit/537.36 (KHTML, like Gecko; compatible; ClaudeBot/1.0; +claudebot@anthropic.com)"
216.73.216.243 - - [08/Sep/2026:16:55:37 +0000] "GET /wp-admin/3D%22https:/api.whatsapp.com/edit-comments.php?edit=%2Fhome%2Ftransitmeftah%2Fwww%2Fwp-includes%2Fclass-wp-http-response.php HTTP/1.1" 429 0 "-" "Mozilla/5.0 AppleWebKit/537.36 (KHTML, like Gecko; compatible; ClaudeBot/1.0; +claudebot@anthropic.com)"
216.73.216.243 - - [08/Sep/2026:16:55:42 +0000] "GET /wp-admin/3D%22https:/api.whatsapp.com/edit-comments.php?edit=%2Fhome%2Ftransitmeftah%2Fwww%2Fwp-includes%2Fclass-wp-theme-json.php HTTP/1.1" 429 0 "-" "Mozilla/5.0 AppleWebKit/537.36 (KHTML, like Gecko; compatible; ClaudeBot/1.0; +claudebot@anthropic.com)"
216.73.216.243 - - [08/Sep/2026:16:55:47 +0000] "GET /wp-admin/3D%22https:/api.whatsapp.com/edit-comments.php?edit=%2Fhome%2Ftransitmeftah%2Fwww%2Fwp-includes%2Fembed-template.php HTTP/1.1" 429 0 "-" "Mozilla/5.0 AppleWebKit/537.36 (KHTML, like Gecko; compatible; ClaudeBot/1.0; +claudebot@anthropic.com)"
216.73.216.243 - - [08/Sep/2026:16:55:52 +0000] "GET /wp-admin/3D%22https:/api.whatsapp.com/edit-comments.php?view=%2Fhome%2Ftransitmeftah%2Fwww%2Fwp-includes%2Fdefault-widgets.php HTTP/1.1" 429 0 "-" "Mozilla/5.0 AppleWebKit/537.36 (KHTML, like Gecko; compatible; ClaudeBot/1.0; +claudebot@anthropic.com)"
216.73.216.243 - - [08/Sep/2026:16:55:57 +0000] "GET /wp-admin/3D%22https:/api.whatsapp.com/edit-comments.php?view=%2Fhome%2Ftransitmeftah%2Fwww%2Fwp-includes%2Fcache-compat.php HTTP/1.1" 200 2113 "-" "Mozilla/5.0 AppleWebKit/537.36 (KHTML, like Gecko; compatible; ClaudeBot/1.0; +claudebot@anthropic.com)"
216.73.216.243 - - [08/Sep/2026:16:56:02 +0000] "GET /wp-admin/3D%22https:/api.whatsapp.com/edit-comments.php?file=%2Fhome%2Ftransitmeftah%2Fwww%2Fwp-includes%2Fclass-wp-error.php HTTP/1.1" 429 0 "-" "Mozilla/5.0 AppleWebKit/537.36 (KHTML, like Gecko; compatible; ClaudeBot/1.0; +claudebot@anthropic.com)"
216.73.216.243 - - [08/Sep/2026:16:56:07 +0000] "GET /wp-admin/3D%22https:/api.whatsapp.com/edit-comments.php?edit=%2Fhome%2Ftransitmeftah%2Fwww%2Fwp-includes%2Fuser.php HTTP/1.1" 429 0 "-" "Mozilla/5.0 AppleWebKit/537.36 (KHTML, like Gecko; compatible; ClaudeBot/1.0; +claudebot@anthropic.com)"
216.73.216.243 - - [08/Sep/2026:16:56:12 +0000] "GET /wp-admin/3D%22https:/api.whatsapp.com/edit-comments.php?file=%2Fhome%2Ftransitmeftah%2Fwww%2Fwp-includes%2Fclass-wp-theme-json-data.php HTTP/1.1" 429 0 "-" "Mozilla/5.0 AppleWebKit/537.36 (KHTML, like Gecko; compatible; ClaudeBot/1.0; +claudebot@anthropic.com)"
216.73.216.243 - - [08/Sep/2026:16:52:29 +0000] "GET /%22https:/codex.wordpress.org/Appearance_Header_Screen/upload.php?file=%2Fhome%2Ftransitmeftah%2Fpublic_html%2Fwp-content%2Fadvanced-cache.php HTTP/1.1" 429 0 "-" "Mozilla/5.0 AppleWebKit/537.36 (KHTML, like Gecko; compatible; ClaudeBot/1.0; +claudebot@anthropic.com)"
109.70.100.6 - - [08/Sep/2026:16:52:51 +0000] "POST /xmlrpc.php HTTP/1.1" 200 657 "http://transitmeftah.com/" "Mozilla/5.0 (Macintosh; Intel Mac OS X 10_14_6) AppleWebKit/605.1.15 (KHTML, like Gecko) Version/14.0 Safari/605.1.15"
114.119.135.217 - - [08/Sep/2026:16:53:12 +0000] "GET /?i=683382511100 HTTP/1.1" 200 491 "http://mail.transitmeftah.com/sitemap.xml" "Mozilla/5.0 (Linux; Android 7.0;) AppleWebKit/537.36 (HTML, like Gecko) Mobile Safari/537.36 (compatible; PetalBot;+https://webmaster.petalsearch.com/site/petalbot)"
216.73.216.243 - - [08/Sep/2026:16:54:19 +0000] "GET /wp-admin/3D%22https:/api.whatsapp.com/send?view=%2Fhome%2Ftransitmeftah%2Fpublic_html%2Fwp-includes%2Fhtml-api%2Fclass-wp-html-processor-state.php HTTP/1.1" 200 2276 "-" "Mozilla/5.0 AppleWebKit/537.36 (KHTML, like Gecko; compatible; ClaudeBot/1.0; +claudebot@anthropic.com)"
216.73.216.243 - - [08/Sep/2026:16:54:38 +0000] "GET /wp-admin/3D%22https:/api.whatsapp.com/edit-comments.php?view=%2Fhome%2Ftransitmeftah%2Fwww%2Fwp-includes%2Fclass-wp-oembed-controller.php HTTP/1.1" 429 0 "-" "Mozilla/5.0 AppleWebKit/537.36 (KHTML, like Gecko; compatible; ClaudeBot/1.0; +claudebot@anthropic.com)"
216.73.216.243 - - [08/Sep/2026:16:54:43 +0000] "GET /wp-admin/3D%22https:/api.whatsapp.com/edit-comments.php?file=%2Fhome%2Ftransitmeftah%2Fwww%2Fwp-includes%2Fclass-wp-block-processor.php HTTP/1.1" 429 0 "-" "Mozilla/5.0 AppleWebKit/537.36 (KHTML, like Gecko; compatible; ClaudeBot/1.0; +claudebot@anthropic.com)"
216.73.216.243 - - [08/Sep/2026:16:54:48 +0000] "GET /wp-admin/3D%22https:/api.whatsapp.com/edit-comments.php?edit=%2Fhome%2Ftransitmeftah%2Fwww%2Fwp-includes%2Ftheme.php HTTP/1.1" 429 0 "-" "Mozilla/5.0 AppleWebKit/537.36 (KHTML, like Gecko; compatible; ClaudeBot/1.0; +claudebot@anthropic.com)"
109.105.210.85 - - [08/Sep/2026:16:46:48 +0000] "GET /favicon-32x32.png HTTP/1.1" 200 5887 "-" "Mozilla/5.0 AppleWebKit/537.36 (KHTML, like Gecko) Chrome/123.0.6312.86 Safari/537.36"
109.105.210.82 - - [08/Sep/2026:16:47:00 +0000] "GET /cf_scripts/scripts/ajax/ckeditor/ckeditor.js HTTP/1.1" 200 5887 "-" "Mozilla/5.0 AppleWebKit/537.36 (KHTML, like Gecko) Chrome/123.0.6312.86 Safari/537.36"
114.119.134.178 - - [08/Sep/2026:16:47:20 +0000] "GET /?i=699508411100 HTTP/1.1" 200 491 "http://mail.transitmeftah.com/?sitemap.xml" "Mozilla/5.0 (Linux; Android 7.0;) AppleWebKit/537.36 (HTML, like Gecko) Mobile Safari/537.36 (compatible; PetalBot;+https://webmaster.petalsearch.com/site/petalbot)"
216.73.216.243 - - [08/Sep/2026:16:50:03 +0000] "GET /wp-admin/3D%22https:/api.whatsapp.com/edit-comments.php?view=%2Fhome%2Ftransitmeftah%2Fpublic_html%2Fwp-includes%2Fclass-wp-classic-to-block-menu-converter.php HTTP/1.1" 200 1277 "-" "Mozilla/5.0 AppleWebKit/537.36 (KHTML, like Gecko; compatible; ClaudeBot/1.0; +claudebot@anthropic.com)"
216.73.216.243 - - [08/Sep/2026:16:50:08 +0000] "GET /wp-admin/3D%22https:/api.whatsapp.com/%7B%7B%7B%20data.theme.actions.activate%20%7D%7D%7D?edit=%2Fhome%2Ftransitmeftah%2Fpublic_html%2Fwp-content%2Fmu-plugins%2Fsite-compat-layer.php HTTP/1.1" 429 0 "-" "Mozilla/5.0 AppleWebKit/537.36 (KHTML, like Gecko; compatible; ClaudeBot/1.0; +claudebot@anthropic.com)"
216.73.216.243 - - [08/Sep/2026:16:50:13 +0000] "GET /wp-admin/3D%22https:/api.whatsapp.com/edit-comments.php?file=%2Fhome%2Ftransitmeftah%2Fwww%2Fwp-includes%2Fblock-i18n.json HTTP/1.1" 429 0 "-" "Mozilla/5.0 AppleWebKit/537.36 (KHTML, like Gecko; compatible; ClaudeBot/1.0; +claudebot@anthropic.com)"
216.73.216.243 - - [08/Sep/2026:16:51:40 +0000] "GET /%22https:/codex.wordpress.org/Appearance_Header_Screen/wp-admin/css/install.css?file=%2Fhome%2Ftransitmeftah%2Fpublic_html%2Fwp-admin HTTP/1.1" 200 7115 "-" "Mozilla/5.0 AppleWebKit/537.36 (KHTML, like Gecko; compatible; ClaudeBot/1.0; +claudebot@anthropic.com)"
192.253.248.96 - - [08/Sep/2026:16:53:42 +0000] "POST /xmlrpc.php HTTP/1.1" 200 657 "http://transitmeftah.com/" "Mozilla/5.0 (Windows NT 10.0) AppleWebKit/537.36 (KHTML, like Gecko) Chrome/72.0.3626.121 Safari/537.36"
216.73.216.243 - - [08/Sep/2026:16:54:21 +0000] "GET /%22https:/codex.wordpress.org/Appearance_Header_Screen/%s?edit=%2Fhome%2Ftransitmeftah%2Fpublic_html%2Fwp-includes%2Fadmin-bar.php HTTP/1.1" 200 14806 "-" "Mozilla/5.0 AppleWebKit/537.36 (KHTML, like Gecko; compatible; ClaudeBot/1.0; +claudebot@anthropic.com)"
109.70.100.2 - - [08/Sep/2026:16:50:38 +0000] "POST /xmlrpc.php HTTP/1.1" 200 657 "http://transitmeftah.com/" "Mozilla/5.0 (Windows NT 10.0; Win64; x64) AppleWebKit/537.36 (KHTML, like Gecko) Chrome/58.0.3029.110 Safari/537.36"
216.73.216.243 - - [08/Sep/2026:16:52:55 +0000] "GET //%22https:/codex.wordpress.org/Appearance_Header_Screen/%22?view=%2Fhome%2Ftransitmeftah%2Fpublic_html%2Fwp-includes%2Fclass-wpdb.php HTTP/1.1" 200 29641 "-" "Mozilla/5.0 AppleWebKit/537.36 (KHTML, like Gecko; compatible; ClaudeBot/1.0; +claudebot@anthropic.com)"
185.220.101.160 - - [08/Sep/2026:16:55:56 +0000] "POST /xmlrpc.php HTTP/1.1" 200 657 "http://transitmeftah.com/" "Mozilla/4.0 (compatible; MSIE 6.0; Windows NT 5.1; SV1; FunWebProducts; .NET CLR 1.1.4322)"
216.73.216.243 - - [08/Sep/2026:16:56:17 +0000] "GET /wp-admin/3D%22https:/api.whatsapp.com/edit-comments.php?view=%2Fhome%2Ftransitmeftah%2Fwww%2Fwp-includes%2Fpluggable.php HTTP/1.1" 429 0 "-" "Mozilla/5.0 AppleWebKit/537.36 (KHTML, like Gecko; compatible; ClaudeBot/1.0; +claudebot@anthropic.com)"
216.73.216.243 - - [08/Sep/2026:16:56:22 +0000] "GET /wp-admin/3D%22https:/api.whatsapp.com/edit-comments.php?edit=%2Fhome%2Ftransitmeftah%2Fwww%2Fwp-includes%2Fclass-wp-block-parser-block.php HTTP/1.1" 429 0 "-" "Mozilla/5.0 AppleWebKit/537.36 (KHTML, like Gecko; compatible; ClaudeBot/1.0; +claudebot@anthropic.com)"
216.73.216.243 - - [08/Sep/2026:16:58:33 +0000] "GET /wp-admin//%22https:/wordpress.org/documentation/article/appearance-themes-screen/?file=%2Fhome%2Ftransitmeftah%2Fpublic_html%2Fwp-includes%2Fblocks%2Fterm-template.php HTTP/1.1" 200 264 "-" "Mozilla/5.0 AppleWebKit/537.36 (KHTML, like Gecko; compatible; ClaudeBot/1.0; +claudebot@anthropic.com)"
185.129.61.8 - - [08/Sep/2026:16:59:52 +0000] "POST /xmlrpc.php HTTP/1.1" 200 657 "http://transitmeftah.com/" "Mozilla/5.0 (Windows NT 10.0; Win64; x64; rv:79.0) Gecko/20100101 Firefox/79.0"
216.73.216.243 - - [08/Sep/2026:17:00:05 +0000] "GET /wp-admin//%22https:/wordpress.org/documentation/article/appearance-themes-screen/?file=%2Fhome%2Ftransitmeftah%2Fpublic_html%2Fwp-admin%2Fthemes.php HTTP/1.1" 200 254 "-" "Mozilla/5.0 AppleWebKit/537.36 (KHTML, like Gecko; compatible; ClaudeBot/1.0; +claudebot@anthropic.com)"
216.73.216.243 - - [08/Sep/2026:17:00:10 +0000] "GET /wp-admin//%22https:/wordpress.org/documentation/article/appearance-themes-screen/?edit=%2Fhome%2Ftransitmeftah%2Fpublic_html%2Fwp-admin%2Ffreedoms.php HTTP/1.1" 429 0 "-" "Mozilla/5.0 AppleWebKit/537.36 (KHTML, like Gecko; compatible; ClaudeBot/1.0; +claudebot@anthropic.com)"
216.73.216.243 - - [08/Sep/2026:17:00:15 +0000] "GET /wp-admin//%22https:/wordpress.org/documentation/article/appearance-themes-screen/?file=%2Fhome%2Ftransitmeftah%2Fpublic_html%2Fwp-admin%2Fuser-new.php HTTP/1.1" 429 0 "-" "Mozilla/5.0 AppleWebKit/537.36 (KHTML, like Gecko; compatible; ClaudeBot/1.0; +claudebot@anthropic.com)"
216.73.216.243 - - [08/Sep/2026:17:00:20 +0000] "GET /wp-admin/%22https:/wordpress.org/documentation/article/appearance-themes-screen/wp-login.php?view=%2Fhome%2Ftransitmeftah%2Fpublic_html%2Fwp-admin%2Fuser%2Ferror_log HTTP/1.1" 429 0 "-" "Mozilla/5.0 AppleWebKit/537.36 (KHTML, like Gecko; compatible; ClaudeBot/1.0; +claudebot@anthropic.com)"
216.73.216.243 - - [08/Sep/2026:17:00:25 +0000] "GET /wp-admin//%22https:/wordpress.org/documentation/article/appearance-themes-screen/?file=%2Fhome%2Ftransitmeftah%2Fpublic_html%2Fwp-admin%2Fcontribute.php HTTP/1.1" 429 0 "-" "Mozilla/5.0 AppleWebKit/537.36 (KHTML, like Gecko; compatible; ClaudeBot/1.0; +claudebot@anthropic.com)"
216.73.216.243 - - [08/Sep/2026:17:00:30 +0000] "GET /wp-admin//%22https:/developer.wordpress.org/advanced-administration/multisite/admin/?file=%2Fhome%2Ftransitmeftah%2Fpublic_html%2Fwp-content%2Fuploads%2Fdbeehcfjbf.zip HTTP/1.1" 429 0 "-" "Mozilla/5.0 AppleWebKit/537.36 (KHTML, like Gecko; compatible; ClaudeBot/1.0; +claudebot@anthropic.com)"
216.73.216.243 - - [08/Sep/2026:17:00:35 +0000] "GET /wp-admin//%22https:/wordpress.org/documentation/article/appearance-themes-screen/?edit=%2Fhome%2Ftransitmeftah%2Fpublic_html%2Fwp-admin%2Flink-add.php HTTP/1.1" 429 0 "-" "Mozilla/5.0 AppleWebKit/537.36 (KHTML, like Gecko; compatible; ClaudeBot/1.0; +claudebot@anthropic.com)"
216.73.216.243 - - [08/Sep/2026:17:00:39 +0000] "GET /wp-admin/%22https:/wordpress.org/documentation/article/appearance-themes-screen/wp-login.php?view=%2Fhome%2Ftransitmeftah%2Fpublic_html%2Fwp-admin%2Fincludes%2Fupgrade.php HTTP/1.1" 429 0 "-" "Mozilla/5.0 AppleWebKit/537.36 (KHTML, like Gecko; compatible; ClaudeBot/1.0; +claudebot@anthropic.com)"
175.178.110.121 - - [08/Sep/2026:17:00:43 +0000] "GET / HTTP/1.1" 200 491 "-" "Mozilla/5.0 (iPhone; CPU iPhone OS 13_2_3 like Mac OS X) AppleWebKit/605.1.15 (KHTML, like Gecko) Version/13.0.3 Mobile/15E148 Safari/604.1"
216.73.216.243 - - [08/Sep/2026:17:00:45 +0000] "GET /wp-admin/%22https:/wordpress.org/documentation/article/appearance-themes-screen/wp-login.php?file=%2Fhome%2Ftransitmeftah%2Fpublic_html%2Fwp-admin%2Ferror_log HTTP/1.1" 429 0 "-" "Mozilla/5.0 AppleWebKit/537.36 (KHTML, like Gecko; compatible; ClaudeBot/1.0; +claudebot@anthropic.com)"
216.73.216.243 - - [08/Sep/2026:17:00:50 +0000] "GET /wp-admin//%22https:/wordpress.org/documentation/article/appearance-themes-screen/?file=%2Fhome%2Ftransitmeftah%2Fpublic_html%2Fwp-admin%2Fupgrade-functions.php HTTP/1.1" 200 262 "-" "Mozilla/5.0 AppleWebKit/537.36 (KHTML, like Gecko; compatible; ClaudeBot/1.0; +claudebot@anthropic.com)"
216.73.216.243 - - [08/Sep/2026:17:00:55 +0000] "GET /%22https:/wordpress.org/support/forums/privacy.php?file=%2Fhome%2Ftransitmeftah%2Fpublic_html%2Fwp-content%2F5bbdbffc.zip HTTP/1.1" 200 5269 "-" "Mozilla/5.0 AppleWebKit/537.36 (KHTML, like Gecko; compatible; ClaudeBot/1.0; +claudebot@anthropic.com)"
185.220.100.254 - - [08/Sep/2026:17:02:57 +0000] "POST /xmlrpc.php HTTP/1.1" 200 657 "http://transitmeftah.com/" "Mozilla/5.0 (Windows NT 6.3; Win64; x64; rv:73.0) Gecko/20100101 Firefox/73.0"
216.73.216.243 - - [08/Sep/2026:17:01:25 +0000] "GET /wp-admin/3D%22https:/api.whatsapp.com/edit-comments.php?file=%2Fhome%2Ftransitmeftah%2Fwww%2Fwp-includes%2Ftaxonomy.php HTTP/1.1" 200 259 "-" "Mozilla/5.0 AppleWebKit/537.36 (KHTML, like Gecko; compatible; ClaudeBot/1.0; +claudebot@anthropic.com)"
216.73.216.243 - - [08/Sep/2026:17:01:27 +0000] "GET /wp-admin/3D%22https:/api.whatsapp.com/edit-comments.php?view=%2Fhome%2Ftransitmeftah%2Fpublic_html%2Fwp-config.php HTTP/1.1" 429 0 "-" "Mozilla/5.0 AppleWebKit/537.36 (KHTML, like Gecko; compatible; ClaudeBot/1.0; +claudebot@anthropic.com)"
216.73.216.243 - - [08/Sep/2026:17:01:28 +0000] "GET /robots.txt HTTP/1.1" 200 74 "-" "Mozilla/5.0 AppleWebKit/537.36 (KHTML, like Gecko; compatible; ClaudeBot/1.0; +claudebot@anthropic.com)"
216.73.216.243 - - [08/Sep/2026:17:01:29 +0000] "GET /wp-admin//%22https:/wordpress.org/documentation/article/appearance-themes-screen/?view=%2Fhome%2Ftransitmeftah%2Fpublic_html%2Fwp-includes%2Fcomment-template.php HTTP/1.1" 200 21502 "-" "Mozilla/5.0 AppleWebKit/537.36 (KHTML, like Gecko; compatible; ClaudeBot/1.0; +claudebot@anthropic.com)"
216.73.216.243 - - [08/Sep/2026:17:01:34 +0000] "GET /wp-admin//%22https:/wordpress.org/documentation/article/appearance-themes-screen/?file=%2Fhome%2Ftransitmeftah%2Fpublic_html%2Fwp-includes%2Fuser.php HTTP/1.1" 429 0 "-" "Mozilla/5.0 AppleWebKit/537.36 (KHTML, like Gecko; compatible; ClaudeBot/1.0; +claudebot@anthropic.com)"
216.73.216.243 - - [08/Sep/2026:17:03:19 +0000] "GET /wp-admin/3D%22https:/api.whatsapp.com/edit-comments.php?file=%2Fhome%2Ftransitmeftah%2Fwww%2Fwp-includes%2Fmedia.php HTTP/1.1" 200 262 "-" "Mozilla/5.0 AppleWebKit/537.36 (KHTML, like Gecko; compatible; ClaudeBot/1.0; +claudebot@anthropic.com)"
216.73.216.243 - - [08/Sep/2026:17:04:13 +0000] "GET //%22https:/wordpress.org/support/forums//%22?view=%2Fhome%2Ftransitmeftah%2Fwww%2Fwp-includes%2Fblocks%2Fembed%2Feditor.css HTTP/1.1" 200 339 "-" "Mozilla/5.0 AppleWebKit/537.36 (KHTML, like Gecko; compatible; ClaudeBot/1.0; +claudebot@anthropic.com)"
216.73.216.243 - - [08/Sep/2026:17:04:59 +0000] "GET /wp-admin//%22https:/developer.wordpress.org/advanced-administration/multisite/admin/?file=%2Fhome%2Ftransitmeftah%2Fpublic_html%2Fwp-content%2Fuploads%2Ffcefabhjea.zip HTTP/1.1" 200 262 "-" "Mozilla/5.0 AppleWebKit/537.36 (KHTML, like Gecko; compatible; ClaudeBot/1.0; +claudebot@anthropic.com)"
185.231.33.38 - - [08/Sep/2026:16:56:48 +0000] "POST /xmlrpc.php HTTP/1.1" 200 657 "http://transitmeftah.com/" "Mozilla/5.0 (Windows; U; Windows NT 5.1; en-US; rv:1.8.0.1) Gecko/20060111 Firefox/1.5.0.1"
216.73.216.243 - - [08/Sep/2026:16:59:04 +0000] "GET /%22https:/wordpress.org/support/forums/%3C?edit=%2Fhome%2Ftransitmeftah%2Fpublic_html%2Fwp-admin%2Fcredits.php HTTP/1.1" 200 7000 "-" "Mozilla/5.0 AppleWebKit/537.36 (KHTML, like Gecko; compatible; ClaudeBot/1.0; +claudebot@anthropic.com)"
216.73.216.243 - - [08/Sep/2026:16:59:09 +0000] "GET /images/%22https:/codex.wordpress.org/Appearance_Header_Screen/upgrade.php?view=%2Fhome%2Ftransitmeftah%2Fpublic_html%2Fwp-content%2Findex.php HTTP/1.1" 429 0 "-" "Mozilla/5.0 AppleWebKit/537.36 (KHTML, like Gecko; compatible; ClaudeBot/1.0; +claudebot@anthropic.com)"
216.73.216.243 - - [08/Sep/2026:17:01:20 +0000] "GET //%22https:/wordpress.org/support/forums//%22?file=%2Fhome%2Ftransitmeftah%2Fwww%2Fwp-includes%2Fblocks%2Fpullquote%2Fblock.json HTTP/1.1" 200 274 "-" "Mozilla/5.0 AppleWebKit/537.36 (KHTML, like Gecko; compatible; ClaudeBot/1.0; +claudebot@anthropic.com)"
216.73.216.243 - - [08/Sep/2026:17:01:54 +0000] "GET /wp-admin/3D%22https:/api.whatsapp.com/edit-comments.php?view=%2Fhome%2Ftransitmeftah%2Fpublic_html%2Fwp-content%2Fplugins%2Fquark-wrapper-lab%2Fquark-wrapper-lab.php HTTP/1.1" 200 5 "-" "Mozilla/5.0 AppleWebKit/537.36 (KHTML, like Gecko; compatible; ClaudeBot/1.0; +claudebot@anthropic.com)"
45.84.107.101 - - [08/Sep/2026:17:02:06 +0000] "POST /xmlrpc.php HTTP/1.1" 200 657 "http://transitmeftah.com/" "Mozilla/5.0 (Windows NT 6.2; Win64; x64) AppleWebKit/537.36 (KHTML, like Gecko) Chrome/60.0.3112.90 Safari/537.36"
45.83.104.137 - - [08/Sep/2026:16:59:04 +0000] "POST /xmlrpc.php HTTP/1.1" 200 657 "http://transitmeftah.com/" "Mozilla/5.0 (Windows NT 10.0; Win64; x64) AppleWebKit/537.36 (KHTML, like Gecko) Chrome/84.0.4147.89 Safari/537.36"
216.73.216.243 - - [08/Sep/2026:16:59:34 +0000] "GET /%22https:/wordpress.org/support/forums/$src?edit=%2Fhome%2Ftransitmeftah%2Fpublic_html%2Fwp-content%2Flanguages%2Ffr_FR.mo HTTP/1.1" 200 154385 "-" "Mozilla/5.0 AppleWebKit/537.36 (KHTML, like Gecko; compatible; ClaudeBot/1.0; +claudebot@anthropic.com)"
216.73.216.243 - - [08/Sep/2026:16:59:38 +0000] "GET /robots.txt HTTP/1.1" 200 71 "-" "Mozilla/5.0 AppleWebKit/537.36 (KHTML, like Gecko; compatible; ClaudeBot/1.0; +claudebot@anthropic.com)"
216.73.216.243 - - [08/Sep/2026:16:59:44 +0000] "GET //%22https:/codex.wordpress.org/Appearance_Header_Screen/%22?file=%2Fhome%2Ftransitmeftah%2Fpublic_html%2Fwp-includes%2Fcanonical.php HTTP/1.1" 429 0 "-" "Mozilla/5.0 AppleWebKit/537.36 (KHTML, like Gecko; compatible; ClaudeBot/1.0; +claudebot@anthropic.com)"
216.73.216.243 - - [08/Sep/2026:17:01:39 +0000] "GET /%22https:/codex.wordpress.org/Appearance_Header_Screen/%s?file=%2Fhome%2Ftransitmeftah%2Fpublic_html%2Fwp-includes%2Fload.php HTTP/1.1" 200 5276 "-" "Mozilla/5.0 AppleWebKit/537.36 (KHTML, like Gecko; compatible; ClaudeBot/1.0; +claudebot@anthropic.com)"
216.73.216.243 - - [08/Sep/2026:17:03:03 +0000] "GET /wp-admin//%22https:/wordpress.org/documentation/article/appearance-themes-screen/?edit=%2Fhome%2Ftransitmeftah%2Fpublic_html%2Fwp-includes%2Fjs%2Fjquery%2Fjquery.js HTTP/1.1" 200 89020 "-" "Mozilla/5.0 AppleWebKit/537.36 (KHTML, like Gecko; compatible; ClaudeBot/1.0; +claudebot@anthropic.com)"
216.73.216.243 - - [08/Sep/2026:17:03:08 +0000] "GET /wp-admin//%22https:/developer.wordpress.org/advanced-administration/multisite/admin/?view=%2Fhome%2Ftransitmeftah%2Fpublic_html%2Fwp-content%2Fuploads%2Ffcefabhjea.zip HTTP/1.1" 429 0 "-" "Mozilla/5.0 AppleWebKit/537.36 (KHTML, like Gecko; compatible; ClaudeBot/1.0; +claudebot@anthropic.com)"
216.73.216.243 - - [08/Sep/2026:17:03:13 +0000] "GET /wp-admin/%22https:/wordpress.org/documentation/article/appearance-themes-screen/wp-login.php?view=%2Fhome%2Ftransitmeftah%2Fpublic_html%2Fwp-admin%2Fuser%2Ffreedoms.php HTTP/1.1" 429 0 "-" "Mozilla/5.0 AppleWebKit/537.36 (KHTML, like Gecko; compatible; ClaudeBot/1.0; +claudebot@anthropic.com)"
216.73.216.243 - - [08/Sep/2026:17:03:48 +0000] "GET /%22https:/wordpress.org/support/forums/$link?edit=%2Fhome%2Ftransitmeftah%2Fpublic_html%2Fwp-includes%2Fdeprecated.php HTTP/1.1" 200 50787 "-" "Mozilla/5.0 AppleWebKit/537.36 (KHTML, like Gecko; compatible; ClaudeBot/1.0; +claudebot@anthropic.com)"
216.73.216.243 - - [08/Sep/2026:17:06:59 +0000] "GET /wp-admin//%22https:/wordpress.org/documentation/article/appearance-themes-screen/?file=%2Fhome%2Ftransitmeftah%2Fpublic_html%2Fwp-admin%2Fmaint HTTP/1.1" 429 0 "-" "Mozilla/5.0 AppleWebKit/537.36 (KHTML, like Gecko; compatible; ClaudeBot/1.0; +claudebot@anthropic.com)"
216.73.216.243 - - [08/Sep/2026:17:07:02 +0000] "GET //%22https:/wordpress.org/support/forums//%22?edit=%2Fhome%2Ftransitmeftah%2Fwww%2Fwp-includes%2Fjs%2Fdist%2Fannotations.js HTTP/1.1" 200 4986 "-" "Mozilla/5.0 AppleWebKit/537.36 (KHTML, like Gecko; compatible; ClaudeBot/1.0; +claudebot@anthropic.com)"
216.73.216.243 - - [08/Sep/2026:17:07:32 +0000] "GET /wp-admin/3D%22https:/www.interactiveb=?view=%2Fhome%2Ftransitmeftah%2Fpublic_html%2Fwp-admin%2Fadmin.php HTTP/1.1" 200 3838 "-" "Mozilla/5.0 AppleWebKit/537.36 (KHTML, like Gecko; compatible; ClaudeBot/1.0; +claudebot@anthropic.com)"
185.243.218.225 - - [08/Sep/2026:17:08:16 +0000] "POST /xmlrpc.php HTTP/1.1" 200 657 "http://transitmeftah.com/" "Mozilla/5.0 (Macintosh; Intel Mac OS X 10_15_1) AppleWebKit/605.1.15 (KHTML, like Gecko) Version/13.0.3 Safari/605.1.15"
114.119.134.178 - - [08/Sep/2026:17:10:18 +0000] "GET /?i=639351811100 HTTP/1.1" 200 491 "http://mail.transitmeftah.com/?sitemap.xml" "Mozilla/5.0 (Linux; Android 7.0;) AppleWebKit/537.36 (HTML, like Gecko) Mobile Safari/537.36 (compatible; PetalBot;+https://webmaster.petalsearch.com/site/petalbot)"
216.73.216.243 - - [08/Sep/2026:17:10:19 +0000] "GET //%22https:/wordpress.org/support/forums//%22?edit=%2Fhome%2Ftransitmeftah%2Fwww%2Fwp-includes%2Fblocks%2Fmedia-text%2Feditor.css HTTP/1.1" 200 834 "-" "Mozilla/5.0 AppleWebKit/537.36 (KHTML, like Gecko; compatible; ClaudeBot/1.0; +claudebot@anthropic.com)"
216.73.216.243 - - [08/Sep/2026:17:10:24 +0000] "GET /%22https:/codex.wordpress.org/Appearance_Header_Screen/%3C?file=%2Fhome%2Ftransitmeftah%2Fpublic_html%2Fwp-content%2Findex.php HTTP/1.1" 429 0 "-" "Mozilla/5.0 AppleWebKit/537.36 (KHTML, like Gecko; compatible; ClaudeBot/1.0; +claudebot@anthropic.com)"
172.238.218.249 - - [08/Sep/2026:17:10:58 +0000] "HEAD /wp/ HTTP/1.1" 200 0 "-" "Mozilla/5.0 (Macintosh; Intel Mac OS X 13_5) AppleWebKit/605.1.15 (KHTML, like Gecko) Version/16.5 Safari/605.1.15"
172.238.218.249 - - [08/Sep/2026:17:10:59 +0000] "HEAD /blog/ HTTP/1.1" 200 0 "-" "Mozilla/5.0 (X11; Linux x86_64; rv:127.0) Gecko/20100101 Firefox/127.0"
172.238.218.249 - - [08/Sep/2026:17:10:59 +0000] "HEAD / HTTP/1.1" 200 0 "-" "Mozilla/5.0 (iPad; CPU OS 17_4 like Mac OS X) AppleWebKit/605.1.15 (KHTML, like Gecko) Version/17.4 Mobile/15E148 Safari/604.1"
172.238.218.249 - - [08/Sep/2026:17:11:00 +0000] "HEAD /wordpress/ HTTP/1.1" 200 0 "-" "Mozilla/5.0 (Windows NT 10.0; Win64; x64) AppleWebKit/537.36 (KHTML, like Gecko) Chrome/127.0.6534.42 Safari/537.36"
