216.73.216.251 - - [01/Sep/2026:12:35:29 +0000] "GET /2015/10/page/3/wp-admin/upgrade.php?file=%2Fhome%2Ftransitmeftah%2Fpublic_html%2Fwp-includes%2Fclass-wp-feed-cache.php HTTP/2" 429 0 "-" "Mozilla/5.0 AppleWebKit/537.36 (KHTML, like Gecko; compatible; ClaudeBot/1.0; +claudebot@anthropic.com)"
57.141.14.54 - - [01/Sep/2026:12:35:31 +0000] "GET / HTTP/2" 200 6686 "-" "facebookexternalhit/1.1 (+http://www.facebook.com/externalhit_uatext.php)"
204.77.128.237 - - [01/Sep/2026:12:35:32 +0000] "GET /wp-login.php?wp_lang=en_US HTTP/2" 200 2500 "-" "Mozilla/5.0 (Windows NT 10.0; Win64; x64) AppleWebKit/537.36 (KHTML, like Gecko) Chrome/124.0.0.0 Safari/537.36"
204.77.129.117 - - [01/Sep/2026:12:35:33 +0000] "GET /wp-login.php?wp_lang=en_US HTTP/2" 200 2500 "-" "Mozilla/5.0 (Windows NT 10.0; Win64; x64; rv:133.0) Gecko/20100101 Firefox/133.0"
57.141.4.6 - - [01/Sep/2026:12:35:48 +0000] "GET /2026/08/22/its-javascript-and-you-can-html5-technology-lets-bettors-to-play-all-over-other-devices-install-required/?edit=/tmp/revisium_csvfile_17748330547789748.csv.tmp HTTP/2" 200 10095 "-" "Mozilla/5.0 (Windows NT 10.0; Win64; x64) AppleWebKit/537.36 (KHTML, like Gecko) Chrome/145.0.0.0 Safari/537.36 Edg/145.0.0.0 (compatible; meta-externalagent/1.1 (+https://developers.facebook.com/docs/sharing/webmasters/crawler))"
195.26.251.28 - - [01/Sep/2026:12:35:49 +0000] "POST /wp-cron.php?doing_wp_cron=1788266149.4880120754241943359375 HTTP/1.1" 200 0 "-" "WordPress/6.9.6; https://transitmeftah.com"
147.135.213.153 - - [01/Sep/2026:12:36:45 +0000] "GET /2026/08/27/oranjebet-casino-sluit-samenwerking-met-pragmatic-play-voor-live-casinospellen//%22https://codex.wordpress.org/Links_Link_Categories_Screen/%22 HTTP/1.1" 200 440 "-" "Mozilla/5.0 (compatible; MJ12bot/v1.4.8; http://mj12bot.com/)"
147.135.213.153 - - [01/Sep/2026:12:36:48 +0000] "GET /2026/08/27/oranjebet-casino-sluit-samenwerking-met-pragmatic-play-voor-live-casinospellen//%22https://codex.wordpress.org/Links_Screen/%22 HTTP/1.1" 200 440 "-" "Mozilla/5.0 (compatible; MJ12bot/v1.4.8; http://mj12bot.com/)"
147.135.213.153 - - [01/Sep/2026:12:36:50 +0000] "GET /2026/08/27/oranjebet-casino-sluit-samenwerking-met-pragmatic-play-voor-live-casinospellen//%22https://codex.wordpress.org/Network_Admin_Themes_Screen/%22 HTTP/1.1" 200 440 "-" "Mozilla/5.0 (compatible; MJ12bot/v1.4.8; http://mj12bot.com/)"
147.135.213.153 - - [01/Sep/2026:12:36:53 +0000] "GET /2026/08/27/oranjebet-casino-sluit-samenwerking-met-pragmatic-play-voor-live-casinospellen//%22https://codex.wordpress.org/Network_Admin_Users_Screen/%22 HTTP/1.1" 200 440 "-" "Mozilla/5.0 (compatible; MJ12bot/v1.4.8; http://mj12bot.com/)"
147.135.213.153 - - [01/Sep/2026:12:36:55 +0000] "GET /2026/08/27/oranjebet-casino-sluit-samenwerking-met-pragmatic-play-voor-live-casinospellen//%22https://codex.wordpress.org/fr:Appearance_Header_Screen/%22 HTTP/1.1" 200 440 "-" "Mozilla/5.0 (compatible; MJ12bot/v1.4.8; http://mj12bot.com/)"
147.135.213.153 - - [01/Sep/2026:12:36:57 +0000] "GET /2026/08/27/oranjebet-casino-sluit-samenwerking-met-pragmatic-play-voor-live-casinospellen//%22https://developer.wordpress.org/advanced-administration/multisite/admin//%22 HTTP/1.1" 200 440 "-" "Mozilla/5.0 (compatible; MJ12bot/v1.4.8; http://mj12bot.com/)"
147.135.213.153 - - [01/Sep/2026:12:36:59 +0000] "GET /2026/08/27/oranjebet-casino-sluit-samenwerking-met-pragmatic-play-voor-live-casinospellen//%22https://developer.wordpress.org/advanced-administration/multisite/admin/settings//%22 HTTP/1.1" 200 440 "-" "Mozilla/5.0 (compatible; MJ12bot/v1.4.8; http://mj12bot.com/)"
147.135.213.153 - - [01/Sep/2026:12:37:02 +0000] "GET /2026/08/27/oranjebet-casino-sluit-samenwerking-met-pragmatic-play-voor-live-casinospellen//%22https://developer.wordpress.org/advanced-administration/multisite/create-network//%22 HTTP/1.1" 200 440 "-" "Mozilla/5.0 (compatible; MJ12bot/v1.4.8; http://mj12bot.com/)"
147.135.213.153 - - [01/Sep/2026:12:37:04 +0000] "GET /2026/08/27/oranjebet-casino-sluit-samenwerking-met-pragmatic-play-voor-live-casinospellen//%22https://developer.wordpress.org/advanced-administration/plugins/editor-screen//%22 HTTP/1.1" 200 440 "-" "Mozilla/5.0 (compatible; MJ12bot/v1.4.8; http://mj12bot.com/)"
85.208.96.206 - - [01/Sep/2026:12:37:04 +0000] "GET /2026/08/23/caxino-dealing-with-my-personal-data-with-regards-to-the-privacy-and-cookie-principles/ HTTP/1.1" 200 9728 "-" "Mozilla/5.0 (compatible; SemrushBot/7~bl; +http://www.semrush.com/bot.html)"
147.135.213.153 - - [01/Sep/2026:12:37:06 +0000] "GET /2026/08/27/oranjebet-casino-sluit-samenwerking-met-pragmatic-play-voor-live-casinospellen//%22https://developer.wordpress.org/advanced-administration/server/web-server/nginx//%22 HTTP/1.1" 200 440 "-" "Mozilla/5.0 (compatible; MJ12bot/v1.4.8; http://mj12bot.com/)"
147.135.213.153 - - [01/Sep/2026:12:37:08 +0000] "GET /2026/08/27/oranjebet-casino-sluit-samenwerking-met-pragmatic-play-voor-live-casinospellen//%22https://developer.wordpress.org/advanced-administration/wordpress/common-errors//%22 HTTP/1.1" 200 440 "-" "Mozilla/5.0 (compatible; MJ12bot/v1.4.8; http://mj12bot.com/)"
147.135.213.153 - - [01/Sep/2026:12:37:10 +0000] "GET /2026/08/27/oranjebet-casino-sluit-samenwerking-met-pragmatic-play-voor-live-casinospellen//%22https://developer.wordpress.org/advanced-administration/wordpress/edit-files//%22 HTTP/1.1" 200 440 "-" "Mozilla/5.0 (compatible; MJ12bot/v1.4.8; http://mj12bot.com/)"
147.135.213.153 - - [01/Sep/2026:12:37:13 +0000] "GET /2026/08/27/oranjebet-casino-sluit-samenwerking-met-pragmatic-play-voor-live-casinospellen//%22https://developer.wordpress.org/plugins//%22 HTTP/1.1" 200 440 "-" "Mozilla/5.0 (compatible; MJ12bot/v1.4.8; http://mj12bot.com/)"
147.135.213.153 - - [01/Sep/2026:12:37:15 +0000] "GET /2026/08/27/oranjebet-casino-sluit-samenwerking-met-pragmatic-play-voor-live-casinospellen//%22https://developer.wordpress.org/plugins/privacy/adding-the-personal-data-eraser-to-your-plugin//%22 HTTP/1.1" 200 440 "-" "Mozilla/5.0 (compatible; MJ12bot/v1.4.8; http://mj12bot.com/)"
147.135.213.153 - - [01/Sep/2026:12:37:17 +0000] "GET /2026/08/27/oranjebet-casino-sluit-samenwerking-met-pragmatic-play-voor-live-casinospellen//%22https://developer.wordpress.org/plugins/privacy/adding-the-personal-data-exporter-to-your-plugin//%22 HTTP/1.1" 200 440 "-" "Mozilla/5.0 (compatible; MJ12bot/v1.4.8; http://mj12bot.com/)"
147.135.213.153 - - [01/Sep/2026:12:37:19 +0000] "GET /2026/08/27/oranjebet-casino-sluit-samenwerking-met-pragmatic-play-voor-live-casinospellen//%22https://developer.wordpress.org/themes//%22 HTTP/1.1" 200 440 "-" "Mozilla/5.0 (compatible; MJ12bot/v1.4.8; http://mj12bot.com/)"
147.135.213.153 - - [01/Sep/2026:12:37:21 +0000] "GET /2026/08/27/oranjebet-casino-sluit-samenwerking-met-pragmatic-play-voor-live-casinospellen//%22https://developer.wordpress.org/themes/basics/template-tags//%22 HTTP/1.1" 200 440 "-" "Mozilla/5.0 (compatible; MJ12bot/v1.4.8; http://mj12bot.com/)"
147.135.213.153 - - [01/Sep/2026:12:37:23 +0000] "GET /2026/08/27/oranjebet-casino-sluit-samenwerking-met-pragmatic-play-voor-live-casinospellen//%22https://developer.wordpress.org/themes/functionality/widgets//%22 HTTP/1.1" 200 440 "-" "Mozilla/5.0 (compatible; MJ12bot/v1.4.8; http://mj12bot.com/)"
147.135.213.153 - - [01/Sep/2026:12:37:26 +0000] "GET /2026/08/27/oranjebet-casino-sluit-samenwerking-met-pragmatic-play-voor-live-casinospellen//%22https://fr.wordpress.org/support/article/appearance-customize-screen//%22 HTTP/1.1" 200 440 "-" "Mozilla/5.0 (compatible; MJ12bot/v1.4.8; http://mj12bot.com/)"
147.135.213.153 - - [01/Sep/2026:12:37:28 +0000] "GET /2026/08/27/oranjebet-casino-sluit-samenwerking-met-pragmatic-play-voor-live-casinospellen//%22https://fr.wordpress.org/support/article/appearance-editor-screen//%22 HTTP/1.1" 200 440 "-" "Mozilla/5.0 (compatible; MJ12bot/v1.4.8; http://mj12bot.com/)"
85.208.96.204 - - [01/Sep/2026:12:37:30 +0000] "GET /2026/08/24/an-dem-ergebnis-ein-rand-gibt-es-daruber-hinaus-angewandten-burden-unter-zuhilfenahme-von-brandneuen-bonusangeboten/ HTTP/1.1" 200 10241 "-" "Mozilla/5.0 (compatible; SemrushBot/7~bl; +http://www.semrush.com/bot.html)"
147.135.213.153 - - [01/Sep/2026:12:37:30 +0000] "GET /2026/08/27/oranjebet-casino-sluit-samenwerking-met-pragmatic-play-voor-live-casinospellen//%22https://fr.wordpress.org/support/article/appearance-menus-screen//%22 HTTP/1.1" 200 440 "-" "Mozilla/5.0 (compatible; MJ12bot/v1.4.8; http://mj12bot.com/)"
147.135.213.153 - - [01/Sep/2026:12:37:33 +0000] "GET /2026/08/27/oranjebet-casino-sluit-samenwerking-met-pragmatic-play-voor-live-casinospellen//%22https://fr.wordpress.org/support/article/appearance-themes-screen//%22 HTTP/1.1" 200 440 "-" "Mozilla/5.0 (compatible; MJ12bot/v1.4.8; http://mj12bot.com/)"
185.191.171.14 - - [01/Sep/2026:12:37:34 +0000] "GET /2026/08/26/unplanmaig-im-griff-haben-diese-inside-vielen-ggl-lizenzierten-casinos-separat-einzahlungs-verlustlimits-direkt-im-bankkonto-hinterlegen/ HTTP/1.1" 200 10766 "-" "Mozilla/5.0 (compatible; SemrushBot/7~bl; +http://www.semrush.com/bot.html)"
147.135.213.153 - - [01/Sep/2026:12:37:35 +0000] "GET /2026/08/27/oranjebet-casino-sluit-samenwerking-met-pragmatic-play-voor-live-casinospellen//%22https://fr.wordpress.org/support/article/appearance-widgets-screen//%22 HTTP/1.1" 200 440 "-" "Mozilla/5.0 (compatible; MJ12bot/v1.4.8; http://mj12bot.com/)"
147.135.213.153 - - [01/Sep/2026:12:37:37 +0000] "GET /2026/08/27/oranjebet-casino-sluit-samenwerking-met-pragmatic-play-voor-live-casinospellen//%22https://fr.wordpress.org/support/article/block-themes//%22 HTTP/1.1" 200 440 "-" "Mozilla/5.0 (compatible; MJ12bot/v1.4.8; http://mj12bot.com/)"
147.135.213.153 - - [01/Sep/2026:12:37:39 +0000] "GET /2026/08/27/oranjebet-casino-sluit-samenwerking-met-pragmatic-play-voor-live-casinospellen//%22https://fr.wordpress.org/support/article/comment-spam//%22 HTTP/1.1" 200 440 "-" "Mozilla/5.0 (compatible; MJ12bot/v1.4.8; http://mj12bot.com/)"
147.135.213.153 - - [01/Sep/2026:12:37:41 +0000] "GET /2026/08/27/oranjebet-casino-sluit-samenwerking-met-pragmatic-play-voor-live-casinospellen//%22https://fr.wordpress.org/support/article/comments-screen//%22 HTTP/1.1" 200 440 "-" "Mozilla/5.0 (compatible; MJ12bot/v1.4.8; http://mj12bot.com/)"
147.135.213.153 - - [01/Sep/2026:12:37:44 +0000] "GET /2026/08/27/oranjebet-casino-sluit-samenwerking-met-pragmatic-play-voor-live-casinospellen//%22https://fr.wordpress.org/support/article/dashboard-screen//%22 HTTP/1.1" 200 440 "-" "Mozilla/5.0 (compatible; MJ12bot/v1.4.8; http://mj12bot.com/)"
147.135.213.153 - - [01/Sep/2026:12:37:46 +0000] "GET /2026/08/27/oranjebet-casino-sluit-samenwerking-met-pragmatic-play-voor-live-casinospellen//%22https://fr.wordpress.org/support/article/dashboard-updates-screen//%22 HTTP/1.1" 200 440 "-" "Mozilla/5.0 (compatible; MJ12bot/v1.4.8; http://mj12bot.com/)"
147.135.213.153 - - [01/Sep/2026:12:37:48 +0000] "GET /2026/08/27/oranjebet-casino-sluit-samenwerking-met-pragmatic-play-voor-live-casinospellen//%22https://fr.wordpress.org/support/article/edit-media//%22 HTTP/1.1" 200 440 "-" "Mozilla/5.0 (compatible; MJ12bot/v1.4.8; http://mj12bot.com/)"
147.135.213.153 - - [01/Sep/2026:12:37:50 +0000] "GET /2026/08/27/oranjebet-casino-sluit-samenwerking-met-pragmatic-play-voor-live-casinospellen//%22https://fr.wordpress.org/support/article/formatting-date-and-time//%22 HTTP/1.1" 200 440 "-" "Mozilla/5.0 (compatible; MJ12bot/v1.4.8; http://mj12bot.com/)"
147.135.213.153 - - [01/Sep/2026:12:37:52 +0000] "GET /2026/08/27/oranjebet-casino-sluit-samenwerking-met-pragmatic-play-voor-live-casinospellen//%22https://fr.wordpress.org/support/article/media-add-new-screen//%22 HTTP/1.1" 200 440 "-" "Mozilla/5.0 (compatible; MJ12bot/v1.4.8; http://mj12bot.com/)"
147.135.213.153 - - [01/Sep/2026:12:37:55 +0000] "GET /2026/08/27/oranjebet-casino-sluit-samenwerking-met-pragmatic-play-voor-live-casinospellen//%22https://fr.wordpress.org/support/article/media-library-screen//%22 HTTP/1.1" 200 440 "-" "Mozilla/5.0 (compatible; MJ12bot/v1.4.8; http://mj12bot.com/)"
147.135.213.153 - - [01/Sep/2026:12:37:57 +0000] "GET /2026/08/27/oranjebet-casino-sluit-samenwerking-met-pragmatic-play-voor-live-casinospellen//%22https://fr.wordpress.org/support/article/pages-add-new-screen//%22 HTTP/1.1" 200 440 "-" "Mozilla/5.0 (compatible; MJ12bot/v1.4.8; http://mj12bot.com/)"
147.135.213.153 - - [01/Sep/2026:12:37:59 +0000] "GET /2026/08/27/oranjebet-casino-sluit-samenwerking-met-pragmatic-play-voor-live-casinospellen//%22https://fr.wordpress.org/support/article/pages-screen//%22 HTTP/1.1" 200 440 "-" "Mozilla/5.0 (compatible; MJ12bot/v1.4.8; http://mj12bot.com/)"
147.135.213.153 - - [01/Sep/2026:12:38:02 +0000] "GET /2026/08/27/oranjebet-casino-sluit-samenwerking-met-pragmatic-play-voor-live-casinospellen//%22https://fr.wordpress.org/support/article/plugins-add-new-screen//%22 HTTP/1.1" 200 440 "-" "Mozilla/5.0 (compatible; MJ12bot/v1.4.8; http://mj12bot.com/)"
147.135.213.153 - - [01/Sep/2026:12:38:04 +0000] "GET /2026/08/27/oranjebet-casino-sluit-samenwerking-met-pragmatic-play-voor-live-casinospellen//%22https://fr.wordpress.org/support/article/plugins-themes-auto-updates//%22 HTTP/1.1" 200 440 "-" "Mozilla/5.0 (compatible; MJ12bot/v1.4.8; http://mj12bot.com/)"
154.62.174.230 - - [01/Sep/2026:12:35:37 +0000] "GET /wp-login.php?wp_lang=en_US HTTP/2" 200 2500 "-" "Mozilla/5.0 (Macintosh; Intel Mac OS X 10_15_7) AppleWebKit/605.1.15 (KHTML, like Gecko) Version/18.0 Safari/605.1.15"
216.73.216.251 - - [01/Sep/2026:12:35:39 +0000] "GET /?u=8802769391100 HTTP/2" 429 0 "-" "Mozilla/5.0 AppleWebKit/537.36 (KHTML, like Gecko; compatible; ClaudeBot/1.0; +claudebot@anthropic.com)"
85.208.96.205 - - [01/Sep/2026:12:35:42 +0000] "GET /2026/08/25/as-part-of-unseren-kasino-bewertungen-abschmecken-unsereins-diverse-zahlungsmethoden-z-hd-ein-auszahlungen/ HTTP/1.1" 200 10909 "-" "Mozilla/5.0 (compatible; SemrushBot/7~bl; +http://www.semrush.com/bot.html)"
216.73.216.251 - - [01/Sep/2026:12:35:44 +0000] "GET /?u=55198746421100 HTTP/2" 429 0 "-" "Mozilla/5.0 AppleWebKit/537.36 (KHTML, like Gecko; compatible; ClaudeBot/1.0; +claudebot@anthropic.com)"
216.73.216.251 - - [01/Sep/2026:12:35:49 +0000] "GET /?u=5805508111100 HTTP/2" 200 6195 "-" "Mozilla/5.0 AppleWebKit/537.36 (KHTML, like Gecko; compatible; ClaudeBot/1.0; +claudebot@anthropic.com)"
216.73.216.251 - - [01/Sep/2026:12:35:54 +0000] "GET /?u=17506919781100 HTTP/2" 429 0 "-" "Mozilla/5.0 AppleWebKit/537.36 (KHTML, like Gecko; compatible; ClaudeBot/1.0; +claudebot@anthropic.com)"
216.73.216.251 - - [01/Sep/2026:12:36:00 +0000] "GET /?u=2736917651100 HTTP/2" 429 0 "-" "Mozilla/5.0 AppleWebKit/537.36 (KHTML, like Gecko; compatible; ClaudeBot/1.0; +claudebot@anthropic.com)"
216.73.216.251 - - [01/Sep/2026:12:36:04 +0000] "GET /?u=35533917991100 HTTP/2" 429 0 "-" "Mozilla/5.0 AppleWebKit/537.36 (KHTML, like Gecko; compatible; ClaudeBot/1.0; +claudebot@anthropic.com)"
216.73.216.251 - - [01/Sep/2026:12:36:09 +0000] "GET /?u=37484669911100 HTTP/2" 429 0 "-" "Mozilla/5.0 AppleWebKit/537.36 (KHTML, like Gecko; compatible; ClaudeBot/1.0; +claudebot@anthropic.com)"
216.73.216.251 - - [01/Sep/2026:12:36:15 +0000] "GET /?u=63648448071100 HTTP/2" 429 0 "-" "Mozilla/5.0 AppleWebKit/537.36 (KHTML, like Gecko; compatible; ClaudeBot/1.0; +claudebot@anthropic.com)"
216.73.216.251 - - [01/Sep/2026:12:36:19 +0000] "GET /?u=34080969351100 HTTP/2" 429 0 "-" "Mozilla/5.0 AppleWebKit/537.36 (KHTML, like Gecko; compatible; ClaudeBot/1.0; +claudebot@anthropic.com)"
216.73.216.251 - - [01/Sep/2026:12:36:25 +0000] "GET /?u=21700331601100 HTTP/2" 429 0 "-" "Mozilla/5.0 AppleWebKit/537.36 (KHTML, like Gecko; compatible; ClaudeBot/1.0; +claudebot@anthropic.com)"
57.141.4.38 - - [01/Sep/2026:12:36:24 +0000] "GET /2026/08/22/its-javascript-and-you-can-html5-technology-lets-bettors-to-play-all-over-other-devices-install-required/?edit=/tmp/revisium_csvfile_17774317087053248.csv.tmp HTTP/2" 200 10098 "-" "Mozilla/5.0 (Windows NT 10.0; Win64; x64) AppleWebKit/537.36 (KHTML, like Gecko) Chrome/145.0.0.0 Safari/537.36 (compatible; meta-externalagent/1.1 (+https://developers.facebook.com/docs/sharing/webmasters/crawler))"
185.191.171.13 - - [01/Sep/2026:12:36:25 +0000] "GET /2026/08/28/rappelez-toi-que-les-personnes-appelees-caracteres-a-l%EF%BF%BDegard-de-alliance-ou-les-frais-auront-la-possibilite-de-varier-dun-salle-de-jeu-bitcoin-pour-lautre/ HTTP/1.1" 200 8722 "-" "Mozilla/5.0 (compatible; SemrushBot/7~bl; +http://www.semrush.com/bot.html)"
216.73.216.251 - - [01/Sep/2026:12:36:29 +0000] "GET /?u=6858804511100 HTTP/2" 429 0 "-" "Mozilla/5.0 AppleWebKit/537.36 (KHTML, like Gecko; compatible; ClaudeBot/1.0; +claudebot@anthropic.com)"
85.208.96.208 - - [01/Sep/2026:12:36:47 +0000] "GET /2026/08/28/2026-yil-ichida-aqshning-goldbet-mobil-kirish-besh-yuz-dollarlik-depozitsiz-qoshimcha-qoidalari-haqida-xabardor/ HTTP/1.1" 200 9727 "-" "Mozilla/5.0 (compatible; SemrushBot/7~bl; +http://www.semrush.com/bot.html)"
216.73.216.251 - - [01/Sep/2026:12:38:26 +0000] "GET /user/upload.php?file=%2Fhome%2Ftransitmeftah%2Fpublic_html%2Fwp-includes%2Fclass-wp-tax-query.php HTTP/2" 429 0 "-" "Mozilla/5.0 AppleWebKit/537.36 (KHTML, like Gecko; compatible; ClaudeBot/1.0; +claudebot@anthropic.com)"
147.135.213.153 - - [01/Sep/2026:12:38:06 +0000] "GET /2026/08/27/oranjebet-casino-sluit-samenwerking-met-pragmatic-play-voor-live-casinospellen//%22https://fr.wordpress.org/support/article/posts-categories-screen//%22 HTTP/1.1" 200 440 "-" "Mozilla/5.0 (compatible; MJ12bot/v1.4.8; http://mj12bot.com/)"
147.135.213.153 - - [01/Sep/2026:12:38:08 +0000] "GET /2026/08/27/oranjebet-casino-sluit-samenwerking-met-pragmatic-play-voor-live-casinospellen//%22https://fr.wordpress.org/support/article/posts-screen//%22 HTTP/1.1" 200 440 "-" "Mozilla/5.0 (compatible; MJ12bot/v1.4.8; http://mj12bot.com/)"
147.135.213.153 - - [01/Sep/2026:12:38:11 +0000] "GET /2026/08/27/oranjebet-casino-sluit-samenwerking-met-pragmatic-play-voor-live-casinospellen//%22https://fr.wordpress.org/support/article/posts-tags-screen//%22 HTTP/1.1" 200 440 "-" "Mozilla/5.0 (compatible; MJ12bot/v1.4.8; http://mj12bot.com/)"
147.135.213.153 - - [01/Sep/2026:12:38:13 +0000] "GET /2026/08/27/oranjebet-casino-sluit-samenwerking-met-pragmatic-play-voor-live-casinospellen//%22https://fr.wordpress.org/support/article/revisions//%22 HTTP/1.1" 200 440 "-" "Mozilla/5.0 (compatible; MJ12bot/v1.4.8; http://mj12bot.com/)"
147.135.213.153 - - [01/Sep/2026:12:38:15 +0000] "GET /2026/08/27/oranjebet-casino-sluit-samenwerking-met-pragmatic-play-voor-live-casinospellen//%22https://fr.wordpress.org/support/article/roles-and-capabilities//%22 HTTP/1.1" 200 440 "-" "Mozilla/5.0 (compatible; MJ12bot/v1.4.8; http://mj12bot.com/)"
147.135.213.153 - - [01/Sep/2026:12:38:17 +0000] "GET /2026/08/27/oranjebet-casino-sluit-samenwerking-met-pragmatic-play-voor-live-casinospellen//%22https://fr.wordpress.org/support/article/settings-discussion-screen//%22 HTTP/1.1" 200 440 "-" "Mozilla/5.0 (compatible; MJ12bot/v1.4.8; http://mj12bot.com/)"
147.135.213.153 - - [01/Sep/2026:12:38:19 +0000] "GET /2026/08/27/oranjebet-casino-sluit-samenwerking-met-pragmatic-play-voor-live-casinospellen//%22https://fr.wordpress.org/support/article/settings-general-screen//%22 HTTP/1.1" 200 440 "-" "Mozilla/5.0 (compatible; MJ12bot/v1.4.8; http://mj12bot.com/)"
147.135.213.153 - - [01/Sep/2026:12:38:21 +0000] "GET /2026/08/27/oranjebet-casino-sluit-samenwerking-met-pragmatic-play-voor-live-casinospellen//%22https://fr.wordpress.org/support/article/settings-media-screen//%22 HTTP/1.1" 200 440 "-" "Mozilla/5.0 (compatible; MJ12bot/v1.4.8; http://mj12bot.com/)"
147.135.213.153 - - [01/Sep/2026:12:38:24 +0000] "GET /2026/08/27/oranjebet-casino-sluit-samenwerking-met-pragmatic-play-voor-live-casinospellen//%22https://fr.wordpress.org/support/article/settings-permalinks-screen//%22 HTTP/1.1" 200 440 "-" "Mozilla/5.0 (compatible; MJ12bot/v1.4.8; http://mj12bot.com/)"
147.135.213.153 - - [01/Sep/2026:12:38:26 +0000] "GET /2026/08/27/oranjebet-casino-sluit-samenwerking-met-pragmatic-play-voor-live-casinospellen//%22https://fr.wordpress.org/support/article/settings-privacy-screen//%22 HTTP/1.1" 200 440 "-" "Mozilla/5.0 (compatible; MJ12bot/v1.4.8; http://mj12bot.com/)"
147.135.213.153 - - [01/Sep/2026:12:38:28 +0000] "GET /2026/08/27/oranjebet-casino-sluit-samenwerking-met-pragmatic-play-voor-live-casinospellen//%22https://fr.wordpress.org/support/article/settings-reading-screen//%22 HTTP/1.1" 200 440 "-" "Mozilla/5.0 (compatible; MJ12bot/v1.4.8; http://mj12bot.com/)"
147.135.213.153 - - [01/Sep/2026:12:38:31 +0000] "GET /2026/08/27/oranjebet-casino-sluit-samenwerking-met-pragmatic-play-voor-live-casinospellen//%22https://fr.wordpress.org/support/article/settings-writing-screen//%22 HTTP/1.1" 200 440 "-" "Mozilla/5.0 (compatible; MJ12bot/v1.4.8; http://mj12bot.com/)"
147.135.213.153 - - [01/Sep/2026:12:38:33 +0000] "GET /2026/08/27/oranjebet-casino-sluit-samenwerking-met-pragmatic-play-voor-live-casinospellen//%22https://fr.wordpress.org/support/article/site-health-screen//%22 HTTP/1.1" 200 440 "-" "Mozilla/5.0 (compatible; MJ12bot/v1.4.8; http://mj12bot.com/)"
147.135.213.153 - - [01/Sep/2026:12:38:35 +0000] "GET /2026/08/27/oranjebet-casino-sluit-samenwerking-met-pragmatic-play-voor-live-casinospellen//%22https://fr.wordpress.org/support/article/tools-erase-personal-data-screen//%22 HTTP/1.1" 200 440 "-" "Mozilla/5.0 (compatible; MJ12bot/v1.4.8; http://mj12bot.com/)"
147.135.213.153 - - [01/Sep/2026:12:38:38 +0000] "GET /2026/08/27/oranjebet-casino-sluit-samenwerking-met-pragmatic-play-voor-live-casinospellen//%22https://fr.wordpress.org/support/article/tools-export-personal-data-screen//%22 HTTP/1.1" 200 440 "-" "Mozilla/5.0 (compatible; MJ12bot/v1.4.8; http://mj12bot.com/)"
57.141.4.60 - - [01/Sep/2026:12:38:40 +0000] "GET /2026/08/22/its-javascript-and-you-can-html5-technology-lets-bettors-to-play-all-over-other-devices-install-required/?view=/bin/newgrp HTTP/2" 200 19282 "-" "Mozilla/5.0 (Windows NT 10.0; Win64; x64) AppleWebKit/537.36 (KHTML, like Gecko) Chrome/145.0.0.0 Safari/537.36 (compatible; meta-externalagent/1.1 (+https://developers.facebook.com/docs/sharing/webmasters/crawler))"
147.135.213.153 - - [01/Sep/2026:12:38:40 +0000] "GET /2026/08/27/oranjebet-casino-sluit-samenwerking-met-pragmatic-play-voor-live-casinospellen//%22https://fr.wordpress.org/support/article/tools-export-screen//%22 HTTP/1.1" 200 440 "-" "Mozilla/5.0 (compatible; MJ12bot/v1.4.8; http://mj12bot.com/)"
147.135.213.153 - - [01/Sep/2026:12:38:42 +0000] "GET /2026/08/27/oranjebet-casino-sluit-samenwerking-met-pragmatic-play-voor-live-casinospellen//%22https://fr.wordpress.org/support/article/tools-import-screen//%22 HTTP/1.1" 200 440 "-" "Mozilla/5.0 (compatible; MJ12bot/v1.4.8; http://mj12bot.com/)"
147.135.213.153 - - [01/Sep/2026:12:38:45 +0000] "GET /2026/08/27/oranjebet-casino-sluit-samenwerking-met-pragmatic-play-voor-live-casinospellen//%22https://fr.wordpress.org/support/article/tools-screen//%22 HTTP/1.1" 200 440 "-" "Mozilla/5.0 (compatible; MJ12bot/v1.4.8; http://mj12bot.com/)"
147.135.213.153 - - [01/Sep/2026:12:38:47 +0000] "GET /2026/08/27/oranjebet-casino-sluit-samenwerking-met-pragmatic-play-voor-live-casinospellen//%22https://fr.wordpress.org/support/article/users-add-new-screen//%22 HTTP/1.1" 200 440 "-" "Mozilla/5.0 (compatible; MJ12bot/v1.4.8; http://mj12bot.com/)"
147.135.213.153 - - [01/Sep/2026:12:38:49 +0000] "GET /2026/08/27/oranjebet-casino-sluit-samenwerking-met-pragmatic-play-voor-live-casinospellen//%22https://fr.wordpress.org/support/article/users-screen//%22 HTTP/1.1" 200 440 "-" "Mozilla/5.0 (compatible; MJ12bot/v1.4.8; http://mj12bot.com/)"
147.135.213.153 - - [01/Sep/2026:12:38:52 +0000] "GET /2026/08/27/oranjebet-casino-sluit-samenwerking-met-pragmatic-play-voor-live-casinospellen//%22https://fr.wordpress.org/support/article/users-your-profile-screen//%22 HTTP/1.1" 200 440 "-" "Mozilla/5.0 (compatible; MJ12bot/v1.4.8; http://mj12bot.com/)"
147.135.213.153 - - [01/Sep/2026:12:38:54 +0000] "GET /2026/08/27/oranjebet-casino-sluit-samenwerking-met-pragmatic-play-voor-live-casinospellen//%22https://fr.wordpress.org/support/article/using-permalinks//%22 HTTP/1.1" 200 440 "-" "Mozilla/5.0 (compatible; MJ12bot/v1.4.8; http://mj12bot.com/)"
147.135.213.153 - - [01/Sep/2026:12:38:56 +0000] "GET /2026/08/27/oranjebet-casino-sluit-samenwerking-met-pragmatic-play-voor-live-casinospellen//%22https://fr.wordpress.org/support/article/using-themes//%22 HTTP/1.1" 200 440 "-" "Mozilla/5.0 (compatible; MJ12bot/v1.4.8; http://mj12bot.com/)"
147.135.213.153 - - [01/Sep/2026:12:38:58 +0000] "GET /2026/08/27/oranjebet-casino-sluit-samenwerking-met-pragmatic-play-voor-live-casinospellen//%22https://fr.wordpress.org/support/article/writing-posts//%22 HTTP/1.1" 200 440 "-" "Mozilla/5.0 (compatible; MJ12bot/v1.4.8; http://mj12bot.com/)"
147.135.213.153 - - [01/Sep/2026:12:39:01 +0000] "GET /2026/08/27/oranjebet-casino-sluit-samenwerking-met-pragmatic-play-voor-live-casinospellen//%22https://fr.wordpress.org/support/forums//%22 HTTP/1.1" 200 440 "-" "Mozilla/5.0 (compatible; MJ12bot/v1.4.8; http://mj12bot.com/)"
216.73.216.251 - - [01/Sep/2026:12:38:25 +0000] "GET /user/upload.php?file=%2Fhome%2Ftransitmeftah%2Fpublic_html%2Fwp-includes%2Fclass-wp-ajax-response.php HTTP/2" 200 266 "-" "Mozilla/5.0 AppleWebKit/537.36 (KHTML, like Gecko; compatible; ClaudeBot/1.0; +claudebot@anthropic.com)"
216.73.216.251 - - [01/Sep/2026:12:38:31 +0000] "GET /user/upload.php?view=%2Fhome%2Ftransitmeftah%2Fpublic_html%2Fwp-includes%2Fclass-wp-simplepie-sanitize-kses.php HTTP/2" 429 0 "-" "Mozilla/5.0 AppleWebKit/537.36 (KHTML, like Gecko; compatible; ClaudeBot/1.0; +claudebot@anthropic.com)"
216.73.216.251 - - [01/Sep/2026:12:38:36 +0000] "GET /?u=23760687691100 HTTP/2" 200 6196 "-" "Mozilla/5.0 AppleWebKit/537.36 (KHTML, like Gecko; compatible; ClaudeBot/1.0; +claudebot@anthropic.com)"
216.73.216.251 - - [01/Sep/2026:12:38:41 +0000] "GET /?u=12506209131100 HTTP/2" 429 0 "-" "Mozilla/5.0 AppleWebKit/537.36 (KHTML, like Gecko; compatible; ClaudeBot/1.0; +claudebot@anthropic.com)"
114.119.130.169 - - [01/Sep/2026:12:38:41 +0000] "GET /2026/08/26/particularly-brands-such-as-for-example-chumba-gambling-establishment-lack-real-time-service/?file=/home/transitmeftah/public_html/wp-content/languages/fr_FR-2c5d274ea625dd91556554ad82901529.json HTTP/1.1" 200 9098 "https://transitmeftah.com/2026/08/26/particularly-brands-such-as-for-example-chumba-gambling-establishment-lack-real-time-service/?file=/home/transitmeftah/public_html/wp-content/languages" "Mozilla/5.0 (Linux; Android 7.0;) AppleWebKit/537.36 (HTML, like Gecko) Mobile Safari/537.36 (compatible; PetalBot;+https://webmaster.petalsearch.com/site/petalbot)"
57.141.4.38 - - [01/Sep/2026:12:38:45 +0000] "GET /2026/08/22/its-javascript-and-you-can-html5-technology-lets-bettors-to-play-all-over-other-devices-install-required/?edit=/tmp/revisium_csvfile_17753821908752350.csv.tmp HTTP/2" 200 10090 "-" "Mozilla/5.0 (Windows NT 10.0; Win64; x64) AppleWebKit/537.36 (KHTML, like Gecko) Chrome/145.0.0.0 Safari/537.36 (compatible; meta-externalagent/1.1 (+https://developers.facebook.com/docs/sharing/webmasters/crawler))"
216.73.216.251 - - [01/Sep/2026:12:38:46 +0000] "GET /?u=13602087681100 HTTP/2" 429 0 "-" "Mozilla/5.0 AppleWebKit/537.36 (KHTML, like Gecko; compatible; ClaudeBot/1.0; +claudebot@anthropic.com)"
57.141.4.28 - - [01/Sep/2026:12:38:49 +0000] "GET /2026/08/22/its-javascript-and-you-can-html5-technology-lets-bettors-to-play-all-over-other-devices-install-required/?view=/tmp/phpTcs8w0 HTTP/2" 429 0 "-" "Mozilla/5.0 (Windows NT 10.0; Win64; x64) AppleWebKit/537.36 (KHTML, like Gecko) Chrome/145.0.0.0 Safari/537.36 (compatible; meta-externalagent/1.1 (+https://developers.facebook.com/docs/sharing/webmasters/crawler))"
216.73.216.251 - - [01/Sep/2026:12:38:51 +0000] "GET /?u=41040230491100 HTTP/2" 429 0 "-" "Mozilla/5.0 AppleWebKit/537.36 (KHTML, like Gecko; compatible; ClaudeBot/1.0; +claudebot@anthropic.com)"
216.73.216.251 - - [01/Sep/2026:12:38:56 +0000] "GET /?u=57229637621100 HTTP/2" 429 0 "-" "Mozilla/5.0 AppleWebKit/537.36 (KHTML, like Gecko; compatible; ClaudeBot/1.0; +claudebot@anthropic.com)"
57.141.4.49 - - [01/Sep/2026:12:38:58 +0000] "GET /2026/08/22/its-javascript-and-you-can-html5-technology-lets-bettors-to-play-all-over-other-devices-install-required/?view=/bin/splitdiff HTTP/2" 429 0 "-" "Mozilla/5.0 (Windows NT 10.0; Win64; x64) AppleWebKit/537.36 (KHTML, like Gecko) Chrome/145.0.0.0 Safari/537.36 (compatible; meta-externalagent/1.1 (+https://developers.facebook.com/docs/sharing/webmasters/crawler))"
57.141.4.53 - - [01/Sep/2026:12:39:03 +0000] "GET /2026/08/22/its-javascript-and-you-can-html5-technology-lets-bettors-to-play-all-over-other-devices-install-required/?file=/tmp/revisium_csvfile_17774032779642806.csv.tmp HTTP/2" 429 0 "-" "Mozilla/5.0 (Macintosh; Intel Mac OS X 10_15_7) AppleWebKit/537.36 (KHTML, like Gecko) Chrome/145.0.0.0 Safari/537.36 (compatible; meta-externalagent/1.1 (+https://developers.facebook.com/docs/sharing/webmasters/crawler))"
216.73.216.251 - - [01/Sep/2026:12:39:02 +0000] "GET /?u=13816597301100 HTTP/2" 200 6195 "-" "Mozilla/5.0 AppleWebKit/537.36 (KHTML, like Gecko; compatible; ClaudeBot/1.0; +claudebot@anthropic.com)"
147.135.213.153 - - [01/Sep/2026:12:39:03 +0000] "GET /2026/08/27/oranjebet-casino-sluit-samenwerking-met-pragmatic-play-voor-live-casinospellen//%22https://gmpg.org/xfn//%22 HTTP/1.1" 200 440 "-" "Mozilla/5.0 (compatible; MJ12bot/v1.4.8; http://mj12bot.com/)"
147.135.213.153 - - [01/Sep/2026:12:39:05 +0000] "GET /2026/08/27/oranjebet-casino-sluit-samenwerking-met-pragmatic-play-voor-live-casinospellen//%22https://wordpress.org/documentation/article/appearance-menus-screen//%22 HTTP/1.1" 200 440 "-" "Mozilla/5.0 (compatible; MJ12bot/v1.4.8; http://mj12bot.com/)"
147.135.213.153 - - [01/Sep/2026:12:39:08 +0000] "GET /2026/08/27/oranjebet-casino-sluit-samenwerking-met-pragmatic-play-voor-live-casinospellen//%22https://wordpress.org/documentation/article/appearance-theme-file-editor-screen//%22 HTTP/1.1" 200 440 "-" "Mozilla/5.0 (compatible; MJ12bot/v1.4.8; http://mj12bot.com/)"
147.135.213.153 - - [01/Sep/2026:12:39:10 +0000] "GET /2026/08/27/oranjebet-casino-sluit-samenwerking-met-pragmatic-play-voor-live-casinospellen//%22https://wordpress.org/documentation/article/appearance-themes-screen//%22 HTTP/1.1" 200 440 "-" "Mozilla/5.0 (compatible; MJ12bot/v1.4.8; http://mj12bot.com/)"
57.141.4.18 - - [01/Sep/2026:12:39:11 +0000] "GET /2026/08/22/its-javascript-and-you-can-html5-technology-lets-bettors-to-play-all-over-other-devices-install-required/?file=/tmp/phpWIAhA7 HTTP/2" 200 9732 "-" "Mozilla/5.0 (X11; Linux x86_64) AppleWebKit/537.36 (KHTML, like Gecko) Chrome/145.0.0.0 Safari/537.36 (compatible; meta-externalagent/1.1 (+https://developers.facebook.com/docs/sharing/webmasters/crawler))"
57.141.4.12 - - [01/Sep/2026:12:39:12 +0000] "GET /2026/08/22/its-javascript-and-you-can-html5-technology-lets-bettors-to-play-all-over-other-devices-install-required/?file=/bin/RcLicenseOSM HTTP/2" 429 0 "-" "Mozilla/5.0 (Windows NT 10.0; Win64; x64) AppleWebKit/537.36 (KHTML, like Gecko) Chrome/145.0.0.0 Safari/537.36 (compatible; meta-externalagent/1.1 (+https://developers.facebook.com/docs/sharing/webmasters/crawler))"
147.135.213.153 - - [01/Sep/2026:12:39:13 +0000] "GET /2026/08/27/oranjebet-casino-sluit-samenwerking-met-pragmatic-play-voor-live-casinospellen//%22https://wordpress.org/documentation/article/appearance-widgets-screen-classic-editor//%22 HTTP/1.1" 200 440 "-" "Mozilla/5.0 (compatible; MJ12bot/v1.4.8; http://mj12bot.com/)"
147.135.213.153 - - [01/Sep/2026:12:39:15 +0000] "GET /2026/08/27/oranjebet-casino-sluit-samenwerking-met-pragmatic-play-voor-live-casinospellen//%22https://wordpress.org/documentation/article/block-themes//%22 HTTP/1.1" 200 440 "-" "Mozilla/5.0 (compatible; MJ12bot/v1.4.8; http://mj12bot.com/)"
147.135.213.153 - - [01/Sep/2026:12:39:17 +0000] "GET /2026/08/27/oranjebet-casino-sluit-samenwerking-met-pragmatic-play-voor-live-casinospellen//%22https://wordpress.org/documentation/article/comments-screen//%22 HTTP/1.1" 200 440 "-" "Mozilla/5.0 (compatible; MJ12bot/v1.4.8; http://mj12bot.com/)"
57.141.4.48 - - [01/Sep/2026:12:39:20 +0000] "GET /2026/08/22/the-moment-you-are-willing-to-gamble-only-strike-the-%ef%bf%bdspin-key-to-begin-with-the-overall-game/?file=/etc/imunify360-webshield/scgi_params HTTP/2" 429 0 "-" "Mozilla/5.0 (Windows NT 10.0; Win64; x64) AppleWebKit/537.36 (KHTML, like Gecko) Chrome/145.0.0.0 Safari/537.36 (compatible; meta-externalagent/1.1 (+https://developers.facebook.com/docs/sharing/webmasters/crawler))"
147.135.213.153 - - [01/Sep/2026:12:39:19 +0000] "GET /2026/08/27/oranjebet-casino-sluit-samenwerking-met-pragmatic-play-voor-live-casinospellen//%22https://wordpress.org/documentation/article/customize-date-and-time-format//%22 HTTP/1.1" 200 440 "-" "Mozilla/5.0 (compatible; MJ12bot/v1.4.8; http://mj12bot.com/)"
147.135.213.153 - - [01/Sep/2026:12:39:22 +0000] "GET /2026/08/27/oranjebet-casino-sluit-samenwerking-met-pragmatic-play-voor-live-casinospellen//%22https://wordpress.org/documentation/article/customize-permalinks//%22 HTTP/1.1" 200 440 "-" "Mozilla/5.0 (compatible; MJ12bot/v1.4.8; http://mj12bot.com/)"
147.135.213.153 - - [01/Sep/2026:12:39:24 +0000] "GET /2026/08/27/oranjebet-casino-sluit-samenwerking-met-pragmatic-play-voor-live-casinospellen//%22https://wordpress.org/documentation/article/customizer//%22 HTTP/1.1" 200 440 "-" "Mozilla/5.0 (compatible; MJ12bot/v1.4.8; http://mj12bot.com/)"
147.135.213.153 - - [01/Sep/2026:12:39:26 +0000] "GET /2026/08/27/oranjebet-casino-sluit-samenwerking-met-pragmatic-play-voor-live-casinospellen//%22https://wordpress.org/documentation/article/dashboard-screen//%22 HTTP/1.1" 200 440 "-" "Mozilla/5.0 (compatible; MJ12bot/v1.4.8; http://mj12bot.com/)"
147.135.213.153 - - [01/Sep/2026:12:39:28 +0000] "GET /2026/08/27/oranjebet-casino-sluit-samenwerking-met-pragmatic-play-voor-live-casinospellen//%22https://wordpress.org/documentation/article/dashboard-updates-screen//%22 HTTP/1.1" 200 440 "-" "Mozilla/5.0 (compatible; MJ12bot/v1.4.8; http://mj12bot.com/)"
57.141.4.40 - - [01/Sep/2026:12:39:29 +0000] "GET /2026/08/22/its-javascript-and-you-can-html5-technology-lets-bettors-to-play-all-over-other-devices-install-required/?view=/tmp/phpbfN8LK HTTP/2" 429 0 "-" "Mozilla/5.0 (Macintosh; Intel Mac OS X 10_15_7) AppleWebKit/537.36 (KHTML, like Gecko) Chrome/145.0.0.0 Safari/537.36 (compatible; meta-externalagent/1.1 (+https://developers.facebook.com/docs/sharing/webmasters/crawler))"
216.73.216.251 - - [01/Sep/2026:12:39:29 +0000] "GET /?u=8317300251100 HTTP/2" 200 440 "-" "Mozilla/5.0 AppleWebKit/537.36 (KHTML, like Gecko; compatible; ClaudeBot/1.0; +claudebot@anthropic.com)"
147.135.213.153 - - [01/Sep/2026:12:39:31 +0000] "GET /2026/08/27/oranjebet-casino-sluit-samenwerking-met-pragmatic-play-voor-live-casinospellen//%22https://wordpress.org/documentation/article/edit-media//%22 HTTP/1.1" 200 440 "-" "Mozilla/5.0 (compatible; MJ12bot/v1.4.8; http://mj12bot.com/)"
147.135.213.153 - - [01/Sep/2026:12:39:33 +0000] "GET /2026/08/27/oranjebet-casino-sluit-samenwerking-met-pragmatic-play-voor-live-casinospellen//%22https://wordpress.org/documentation/article/embeds//%22 HTTP/1.1" 200 440 "-" "Mozilla/5.0 (compatible; MJ12bot/v1.4.8; http://mj12bot.com/)"
216.73.216.251 - - [01/Sep/2026:12:39:34 +0000] "GET /user/upload.php?view=%2Fhome%2Ftransitmeftah%2Fpublic_html%2Fwp-includes%2Fclass-wp-block-processor.php HTTP/2" 429 0 "-" "Mozilla/5.0 AppleWebKit/537.36 (KHTML, like Gecko; compatible; ClaudeBot/1.0; +claudebot@anthropic.com)"
147.135.213.153 - - [01/Sep/2026:12:39:35 +0000] "GET /2026/08/27/oranjebet-casino-sluit-samenwerking-met-pragmatic-play-voor-live-casinospellen//%22https://wordpress.org/documentation/article/manage-plugins//%22 HTTP/1.1" 200 440 "-" "Mozilla/5.0 (compatible; MJ12bot/v1.4.8; http://mj12bot.com/)"
147.135.213.153 - - [01/Sep/2026:12:39:37 +0000] "GET /2026/08/27/oranjebet-casino-sluit-samenwerking-met-pragmatic-play-voor-live-casinospellen//%22https://wordpress.org/documentation/article/managing-plugins//%22 HTTP/1.1" 200 440 "-" "Mozilla/5.0 (compatible; MJ12bot/v1.4.8; http://mj12bot.com/)"
147.135.213.153 - - [01/Sep/2026:12:39:40 +0000] "GET /2026/08/27/oranjebet-casino-sluit-samenwerking-met-pragmatic-play-voor-live-casinospellen//%22https://wordpress.org/documentation/article/media-add-new-screen//%22 HTTP/1.1" 200 440 "-" "Mozilla/5.0 (compatible; MJ12bot/v1.4.8; http://mj12bot.com/)"
147.135.213.153 - - [01/Sep/2026:12:39:42 +0000] "GET /2026/08/27/oranjebet-casino-sluit-samenwerking-met-pragmatic-play-voor-live-casinospellen//%22https://wordpress.org/documentation/article/media-library-screen//%22 HTTP/1.1" 200 440 "-" "Mozilla/5.0 (compatible; MJ12bot/v1.4.8; http://mj12bot.com/)"
147.135.213.153 - - [01/Sep/2026:12:39:44 +0000] "GET /2026/08/27/oranjebet-casino-sluit-samenwerking-met-pragmatic-play-voor-live-casinospellen//%22https://wordpress.org/documentation/article/pages-add-new-screen//%22 HTTP/1.1" 200 440 "-" "Mozilla/5.0 (compatible; MJ12bot/v1.4.8; http://mj12bot.com/)"
147.135.213.153 - - [01/Sep/2026:12:39:47 +0000] "GET /2026/08/27/oranjebet-casino-sluit-samenwerking-met-pragmatic-play-voor-live-casinospellen//%22https://wordpress.org/documentation/article/pages-screen//%22 HTTP/1.1" 200 440 "-" "Mozilla/5.0 (compatible; MJ12bot/v1.4.8; http://mj12bot.com/)"
147.135.213.153 - - [01/Sep/2026:12:39:49 +0000] "GET /2026/08/27/oranjebet-casino-sluit-samenwerking-met-pragmatic-play-voor-live-casinospellen//%22https://wordpress.org/documentation/article/plugins-add-new-screen//%22 HTTP/1.1" 200 440 "-" "Mozilla/5.0 (compatible; MJ12bot/v1.4.8; http://mj12bot.com/)"
147.135.213.153 - - [01/Sep/2026:12:39:51 +0000] "GET /2026/08/27/oranjebet-casino-sluit-samenwerking-met-pragmatic-play-voor-live-casinospellen//%22https://wordpress.org/documentation/article/plugins-themes-auto-updates//%22 HTTP/1.1" 200 440 "-" "Mozilla/5.0 (compatible; MJ12bot/v1.4.8; http://mj12bot.com/)"
147.135.213.153 - - [01/Sep/2026:12:39:53 +0000] "GET /2026/08/27/oranjebet-casino-sluit-samenwerking-met-pragmatic-play-voor-live-casinospellen//%22https://wordpress.org/documentation/article/posts-categories-screen//%22 HTTP/1.1" 200 440 "-" "Mozilla/5.0 (compatible; MJ12bot/v1.4.8; http://mj12bot.com/)"
147.135.213.153 - - [01/Sep/2026:12:39:55 +0000] "GET /2026/08/27/oranjebet-casino-sluit-samenwerking-met-pragmatic-play-voor-live-casinospellen//%22https://wordpress.org/documentation/article/posts-screen//%22 HTTP/1.1" 200 440 "-" "Mozilla/5.0 (compatible; MJ12bot/v1.4.8; http://mj12bot.com/)"
57.141.10.54 - - [01/Sep/2026:12:39:56 +0000] "GET / HTTP/2" 200 6693 "-" "facebookexternalhit/1.1 (+http://www.facebook.com/externalhit_uatext.php)"
147.135.213.153 - - [01/Sep/2026:12:39:58 +0000] "GET /2026/08/27/oranjebet-casino-sluit-samenwerking-met-pragmatic-play-voor-live-casinospellen//%22https://wordpress.org/documentation/article/posts-tags-screen//%22 HTTP/1.1" 200 440 "-" "Mozilla/5.0 (compatible; MJ12bot/v1.4.8; http://mj12bot.com/)"
147.135.213.153 - - [01/Sep/2026:12:40:00 +0000] "GET /2026/08/27/oranjebet-casino-sluit-samenwerking-met-pragmatic-play-voor-live-casinospellen//%22https://wordpress.org/documentation/article/revisions//%22 HTTP/1.1" 200 440 "-" "Mozilla/5.0 (compatible; MJ12bot/v1.4.8; http://mj12bot.com/)"
147.135.213.153 - - [01/Sep/2026:12:40:02 +0000] "GET /2026/08/27/oranjebet-casino-sluit-samenwerking-met-pragmatic-play-voor-live-casinospellen//%22https://wordpress.org/documentation/article/roles-and-capabilities//%22 HTTP/1.1" 200 440 "-" "Mozilla/5.0 (compatible; MJ12bot/v1.4.8; http://mj12bot.com/)"
147.135.213.153 - - [01/Sep/2026:12:40:04 +0000] "GET /2026/08/27/oranjebet-casino-sluit-samenwerking-met-pragmatic-play-voor-live-casinospellen//%22https://wordpress.org/documentation/article/settings-discussion-screen//%22 HTTP/1.1" 200 440 "-" "Mozilla/5.0 (compatible; MJ12bot/v1.4.8; http://mj12bot.com/)"
147.135.213.153 - - [01/Sep/2026:12:40:07 +0000] "GET /2026/08/27/oranjebet-casino-sluit-samenwerking-met-pragmatic-play-voor-live-casinospellen//%22https://wordpress.org/documentation/article/settings-general-screen//%22 HTTP/1.1" 200 440 "-" "Mozilla/5.0 (compatible; MJ12bot/v1.4.8; http://mj12bot.com/)"
147.135.213.153 - - [01/Sep/2026:12:40:09 +0000] "GET /2026/08/27/oranjebet-casino-sluit-samenwerking-met-pragmatic-play-voor-live-casinospellen//%22https://wordpress.org/documentation/article/settings-media-screen//%22 HTTP/1.1" 200 440 "-" "Mozilla/5.0 (compatible; MJ12bot/v1.4.8; http://mj12bot.com/)"
207.46.13.160 - - [01/Sep/2026:12:36:57 +0000] "GET /1330-028/cecaede/1917/MTgwYj_Y_wZD/e-7-cce3f6cc/11485400150828/cec_aed_ee_?file=/home/transitmeftah/public_html/wp-content/mu-plugins/ut_Pruo219c.txt HTTP/2" 200 258 "-" "Mozilla/5.0 AppleWebKit/537.36 (KHTML, like Gecko; compatible; bingbot/2.0; +http://www.bing.com/bingbot.htm) Chrome/116.0.1938.76 Safari/537.36"
185.191.171.9 - - [01/Sep/2026:12:37:15 +0000] "GET /2026/08/23/hacksaw-cele-gra-wideo-w-mobile-first-zatrudniaja-bez-wysilku-nawet-slabszym-laczu/ HTTP/1.1" 200 10348 "-" "Mozilla/5.0 (compatible; SemrushBot/7~bl; +http://www.semrush.com/bot.html)"
114.119.150.154 - - [01/Sep/2026:12:37:17 +0000] "GET /2026/08/26/particularly-brands-such-as-for-example-chumba-gambling-establishment-lack-real-time-service/?file=/home/transitmeftah/public_html/wp-content/languages/fr_FR-4bfa11da57ff2600004bb500368247f4.json HTTP/1.1" 200 9096 "https://transitmeftah.com/2026/08/26/particularly-brands-such-as-for-example-chumba-gambling-establishment-lack-real-time-service/?file=/home/transitmeftah/public_html/wp-content/languages" "Mozilla/5.0 (Linux; Android 7.0;) AppleWebKit/537.36 (HTML, like Gecko) Mobile Safari/537.36 (compatible; PetalBot;+https://webmaster.petalsearch.com/site/petalbot)"
85.208.96.210 - - [01/Sep/2026:12:37:37 +0000] "GET /2026/08/28/mien-craps-se-joue-en-compagnie-de-diverses-des-a-12-marques-via-le-meuble-de-jeu-difficile/ HTTP/1.1" 200 8851 "-" "Mozilla/5.0 (compatible; SemrushBot/7~bl; +http://www.semrush.com/bot.html)"
57.141.20.59 - - [01/Sep/2026:12:37:48 +0000] "GET / HTTP/2" 200 6693 "-" "facebookexternalhit/1.1 (+http://www.facebook.com/externalhit_uatext.php)"
132.226.151.110 - - [01/Sep/2026:12:37:59 +0000] "GET /?file=%2Fhome%2Ftransitmeftah%2Fpublic_html%2Fwp-content%2Flanguages%2Ffr_FR-9c3519f4870fac83dc0dbf18cb6bd4c4.json HTTP/1.1" 200 6512 "-" "Mozilla/5.0 (X11; Linux aarch64) AppleWebKit/537.36 (KHTML, like Gecko) Chrome/139.0.0.0 Safari/537.36"
57.141.4.40 - - [01/Sep/2026:12:38:18 +0000] "GET /2026/08/22/its-javascript-and-you-can-html5-technology-lets-bettors-to-play-all-over-other-devices-install-required/?view=/lib64/liblz4.so.1 HTTP/2" 200 64479 "-" "Mozilla/5.0 (Windows NT 10.0; Win64; x64) AppleWebKit/537.36 (KHTML, like Gecko) Chrome/145.0.0.0 Safari/537.36 (compatible; meta-externalagent/1.1 (+https://developers.facebook.com/docs/sharing/webmasters/crawler))"
57.141.4.70 - - [01/Sep/2026:12:38:36 +0000] "GET /2026/08/22/its-javascript-and-you-can-html5-technology-lets-bettors-to-play-all-over-other-devices-install-required/?file=/tmp/revisium_csvfile_17754333109491474.csv.tmp HTTP/2" 200 9754 "-" "Mozilla/5.0 (X11; Linux x86_64) AppleWebKit/537.36 (KHTML, like Gecko) Chrome/145.0.0.0 Safari/537.36 (compatible; meta-externalagent/1.1 (+https://developers.facebook.com/docs/sharing/webmasters/crawler))"
57.141.4.59 - - [01/Sep/2026:12:38:54 +0000] "GET /2026/08/22/its-javascript-and-you-can-html5-technology-lets-bettors-to-play-all-over-other-devices-install-required/?file=/tmp/phpeyKjnj HTTP/2" 429 0 "-" "Mozilla/5.0 (Windows NT 10.0; Win64; x64) AppleWebKit/537.36 (KHTML, like Gecko) Chrome/145.0.0.0 Safari/537.36 (compatible; meta-externalagent/1.1 (+https://developers.facebook.com/docs/sharing/webmasters/crawler))"
57.141.4.11 - - [01/Sep/2026:12:38:58 +0000] "GET /2026/08/22/its-javascript-and-you-can-html5-technology-lets-bettors-to-play-all-over-other-devices-install-required/?file=/tmp/revisium_csvfile_17753604222981806.csv.tmp HTTP/2" 429 0 "-" "Mozilla/5.0 (Windows NT 10.0; Win64; x64) AppleWebKit/537.36 (KHTML, like Gecko) Chrome/146.0.0.0 Safari/537.36 Edg/146.0.0.0 (compatible; meta-externalagent/1.1 (+https://developers.facebook.com/docs/sharing/webmasters/crawler))"
185.191.171.11 - - [01/Sep/2026:12:39:47 +0000] "GET /2026/08/26/todas-inconvenientes-sobre-login-si-no-le-importa-hacerse-amiga-de-la-grasa-resuelven-siguiendo-las-procedimientos-estandar-sobre-recuperacion-sobre-perfil/ HTTP/1.1" 200 8922 "-" "Mozilla/5.0 (compatible; SemrushBot/7~bl; +http://www.semrush.com/bot.html)"
147.135.213.153 - - [01/Sep/2026:12:40:12 +0000] "GET /2026/08/27/oranjebet-casino-sluit-samenwerking-met-pragmatic-play-voor-live-casinospellen//%22https://wordpress.org/documentation/article/settings-permalinks-screen//%22 HTTP/1.1" 200 440 "-" "Mozilla/5.0 (compatible; MJ12bot/v1.4.8; http://mj12bot.com/)"
147.135.213.153 - - [01/Sep/2026:12:40:14 +0000] "GET /2026/08/27/oranjebet-casino-sluit-samenwerking-met-pragmatic-play-voor-live-casinospellen//%22https://wordpress.org/documentation/article/settings-privacy-screen//%22 HTTP/1.1" 200 440 "-" "Mozilla/5.0 (compatible; MJ12bot/v1.4.8; http://mj12bot.com/)"
147.135.213.153 - - [01/Sep/2026:12:40:16 +0000] "GET /2026/08/27/oranjebet-casino-sluit-samenwerking-met-pragmatic-play-voor-live-casinospellen//%22https://wordpress.org/documentation/article/settings-reading-screen//%22 HTTP/1.1" 200 440 "-" "Mozilla/5.0 (compatible; MJ12bot/v1.4.8; http://mj12bot.com/)"
147.135.213.153 - - [01/Sep/2026:12:40:18 +0000] "GET /2026/08/27/oranjebet-casino-sluit-samenwerking-met-pragmatic-play-voor-live-casinospellen//%22https://wordpress.org/documentation/article/settings-writing-screen//%22 HTTP/1.1" 200 440 "-" "Mozilla/5.0 (compatible; MJ12bot/v1.4.8; http://mj12bot.com/)"
147.135.213.153 - - [01/Sep/2026:12:40:20 +0000] "GET /2026/08/27/oranjebet-casino-sluit-samenwerking-met-pragmatic-play-voor-live-casinospellen//%22https://wordpress.org/documentation/article/site-health-screen//%22 HTTP/1.1" 200 440 "-" "Mozilla/5.0 (compatible; MJ12bot/v1.4.8; http://mj12bot.com/)"
147.135.213.153 - - [01/Sep/2026:12:40:22 +0000] "GET /2026/08/27/oranjebet-casino-sluit-samenwerking-met-pragmatic-play-voor-live-casinospellen//%22https://wordpress.org/documentation/article/tools-erase-personal-data-screen//%22 HTTP/1.1" 200 440 "-" "Mozilla/5.0 (compatible; MJ12bot/v1.4.8; http://mj12bot.com/)"
147.135.213.153 - - [01/Sep/2026:12:40:24 +0000] "GET /2026/08/27/oranjebet-casino-sluit-samenwerking-met-pragmatic-play-voor-live-casinospellen//%22https://wordpress.org/documentation/article/tools-export-personal-data-screen//%22 HTTP/1.1" 200 440 "-" "Mozilla/5.0 (compatible; MJ12bot/v1.4.8; http://mj12bot.com/)"
147.135.213.153 - - [01/Sep/2026:12:40:27 +0000] "GET /2026/08/27/oranjebet-casino-sluit-samenwerking-met-pragmatic-play-voor-live-casinospellen//%22https://wordpress.org/documentation/article/tools-export-screen//%22 HTTP/1.1" 200 440 "-" "Mozilla/5.0 (compatible; MJ12bot/v1.4.8; http://mj12bot.com/)"
147.135.213.153 - - [01/Sep/2026:12:40:29 +0000] "GET /2026/08/27/oranjebet-casino-sluit-samenwerking-met-pragmatic-play-voor-live-casinospellen//%22https://wordpress.org/documentation/article/tools-import-screen//%22 HTTP/1.1" 200 440 "-" "Mozilla/5.0 (compatible; MJ12bot/v1.4.8; http://mj12bot.com/)"
147.135.213.153 - - [01/Sep/2026:12:40:31 +0000] "GET /2026/08/27/oranjebet-casino-sluit-samenwerking-met-pragmatic-play-voor-live-casinospellen//%22https://wordpress.org/documentation/article/tools-network-screen//%22 HTTP/1.1" 200 440 "-" "Mozilla/5.0 (compatible; MJ12bot/v1.4.8; http://mj12bot.com/)"
147.135.213.153 - - [01/Sep/2026:12:40:33 +0000] "GET /2026/08/27/oranjebet-casino-sluit-samenwerking-met-pragmatic-play-voor-live-casinospellen//%22https://wordpress.org/documentation/article/tools-screen//%22 HTTP/1.1" 200 440 "-" "Mozilla/5.0 (compatible; MJ12bot/v1.4.8; http://mj12bot.com/)"
147.135.213.153 - - [01/Sep/2026:12:40:36 +0000] "GET /2026/08/27/oranjebet-casino-sluit-samenwerking-met-pragmatic-play-voor-live-casinospellen//%22https://wordpress.org/documentation/article/understand-comment-spam//%22 HTTP/1.1" 200 440 "-" "Mozilla/5.0 (compatible; MJ12bot/v1.4.8; http://mj12bot.com/)"
147.135.213.153 - - [01/Sep/2026:12:40:38 +0000] "GET /2026/08/27/oranjebet-casino-sluit-samenwerking-met-pragmatic-play-voor-live-casinospellen//%22https://wordpress.org/documentation/article/users-add-new-screen//%22 HTTP/1.1" 200 440 "-" "Mozilla/5.0 (compatible; MJ12bot/v1.4.8; http://mj12bot.com/)"
147.135.213.153 - - [01/Sep/2026:12:40:41 +0000] "GET /2026/08/27/oranjebet-casino-sluit-samenwerking-met-pragmatic-play-voor-live-casinospellen//%22https://wordpress.org/documentation/article/users-screen//%22 HTTP/1.1" 200 440 "-" "Mozilla/5.0 (compatible; MJ12bot/v1.4.8; http://mj12bot.com/)"
147.135.213.153 - - [01/Sep/2026:12:40:43 +0000] "GET /2026/08/27/oranjebet-casino-sluit-samenwerking-met-pragmatic-play-voor-live-casinospellen//%22https://wordpress.org/documentation/article/users-your-profile-screen//%22 HTTP/1.1" 200 440 "-" "Mozilla/5.0 (compatible; MJ12bot/v1.4.8; http://mj12bot.com/)"
147.135.213.153 - - [01/Sep/2026:12:40:45 +0000] "GET /2026/08/27/oranjebet-casino-sluit-samenwerking-met-pragmatic-play-voor-live-casinospellen//%22https://wordpress.org/documentation/article/work-with-themes//%22 HTTP/1.1" 200 440 "-" "Mozilla/5.0 (compatible; MJ12bot/v1.4.8; http://mj12bot.com/)"
