216.73.216.243 - - [10/Sep/2026:00:58:04 +0000] "GET /wp-admin/3D%22https:/api.whatsapp.com/edit-comments.php?edit=%2Fhome%2Ftransitmeftah%2Fpublic_html%2Fwp-includes%2FID3%2Fgetid3.lib.php HTTP/1.1" 429 0 "-" "Mozilla/5.0 AppleWebKit/537.36 (KHTML, like Gecko; compatible; ClaudeBot/1.0; +claudebot@anthropic.com)"
216.73.216.243 - - [10/Sep/2026:00:58:09 +0000] "GET /wp-admin/3D%22https:/api.whatsapp.com/edit-comments.php?file=%2Fhome%2Ftransitmeftah%2Fpublic_html%2Fwp-includes%2FID3%2Fmodule.audio.ac3.php HTTP/1.1" 429 0 "-" "Mozilla/5.0 AppleWebKit/537.36 (KHTML, like Gecko; compatible; ClaudeBot/1.0; +claudebot@anthropic.com)"
216.73.216.243 - - [10/Sep/2026:00:48:19 +0000] "GET /images/%22https:/codex.wordpress.org/Appearance_Header_Screen/freedoms.php?file=%2Fhome%2Ftransitmeftah%2Fpublic_html%2Fwp-includes%2Fpluggable-deprecated.php HTTP/1.1" 200 5279 "-" "Mozilla/5.0 AppleWebKit/537.36 (KHTML, like Gecko; compatible; ClaudeBot/1.0; +claudebot@anthropic.com)"
37.27.51.131 - - [10/Sep/2026:00:48:25 +0000] "GET /?edit=/home/transitmeftah/public_html/wp-mail.php HTTP/1.1" 200 4137 "-" "Mozilla/5.0 (compatible; SERankingBacklinksBot/1.0; +https://seranking.com/backlinks-crawler)"
216.73.216.243 - - [10/Sep/2026:00:50:19 +0000] "GET /wp-admin/3D%22https:/api.whatsapp.com/edit-comments.php?edit=%2Fhome%2Ftransitmeftah%2Fpublic_html%2Fwp-includes%2Fblocks%2Fhtml%2Fblock.json HTTP/1.1" 200 859 "-" "Mozilla/5.0 AppleWebKit/537.36 (KHTML, like Gecko; compatible; ClaudeBot/1.0; +claudebot@anthropic.com)"
216.73.216.243 - - [10/Sep/2026:00:51:39 +0000] "GET /%22https:/codex.wordpress.org/Appearance_Header_Screen/%3C?edit=%2Fhome%2Ftransitmeftah%2Fpublic_html%2Fwp-activate.php HTTP/1.1" 429 0 "-" "Mozilla/5.0 AppleWebKit/537.36 (KHTML, like Gecko; compatible; ClaudeBot/1.0; +claudebot@anthropic.com)"
193.189.100.198 - - [10/Sep/2026:00:52:27 +0000] "POST /xmlrpc.php HTTP/1.1" 200 657 "http://transitmeftah.com/" "Mozilla/5.0 (Windows NT 10.0; Win64; x64; rv:57.0) Gecko/20100101 Firefox/57.0"
216.73.216.243 - - [10/Sep/2026:00:52:38 +0000] "GET /wp-admin//%22https:/wordpress.org/documentation/article/appearance-themes-screen/?view=%2Fhome%2Ftransitmeftah%2Fpublic_html%2Fwp-includes%2Fjs%2Fcodemirror%2Fcodemirror.min.css HTTP/1.1" 200 4322 "-" "Mozilla/5.0 AppleWebKit/537.36 (KHTML, like Gecko; compatible; ClaudeBot/1.0; +claudebot@anthropic.com)"
216.73.216.243 - - [10/Sep/2026:00:52:39 +0000] "GET /wp-admin/%22https:/wordpress.org/documentation/article/appearance-themes-screen/'%20.%20esc_url(%20home_url(%20'/'%20)%20)%20.%20' HTTP/1.1" 429 0 "-" "Mozilla/5.0 AppleWebKit/537.36 (KHTML, like Gecko; compatible; ClaudeBot/1.0; +claudebot@anthropic.com)"
37.27.51.131 - - [10/Sep/2026:00:52:47 +0000] "GET /?file=/home/transitmeftah/public_html/wp-includes HTTP/1.1" 200 6251 "-" "Mozilla/5.0 (compatible; SERankingBacklinksBot/1.0; +https://seranking.com/backlinks-crawler)"
37.27.51.131 - - [10/Sep/2026:00:53:44 +0000] "GET /?file=/home/transitmeftah/public_html/wp-load.php HTTP/1.1" 200 273 "-" "Mozilla/5.0 (compatible; SERankingBacklinksBot/1.0; +https://seranking.com/backlinks-crawler)"
216.73.216.243 - - [10/Sep/2026:00:55:09 +0000] "GET /wp-admin//%22https:/developer.wordpress.org/advanced-administration/multisite/admin/?view=%2Fhome%2Ftransitmeftah%2Fpublic_html%2Fwp-content%2Fcache%2F21594822.php HTTP/1.1" 200 5 "-" "Mozilla/5.0 AppleWebKit/537.36 (KHTML, like Gecko; compatible; ClaudeBot/1.0; +claudebot@anthropic.com)"
37.27.51.131 - - [10/Sep/2026:00:57:53 +0000] "GET /?file=/home/transitmeftah/public_html/wp-login.php HTTP/1.1" 200 274 "-" "Mozilla/5.0 (compatible; SERankingBacklinksBot/1.0; +https://seranking.com/backlinks-crawler)"
188.68.41.191 - - [10/Sep/2026:00:58:37 +0000] "POST /xmlrpc.php HTTP/1.1" 200 657 "http://transitmeftah.com/" "Mozilla/5.0 (iPhone; CPU iPhone OS 14_3 like Mac OS X) AppleWebKit/605.1.15 (KHTML, like Gecko) Mobile/15E148"
216.73.216.243 - - [10/Sep/2026:00:58:44 +0000] "GET /wp-admin/%22https:/wordpress.org/documentation/article/appearance-themes-screen/wp-login.php?view=%2Fhome%2Ftransitmeftah%2Fpublic_html%2Fwp-admin%2Fupgrade-functions.php HTTP/1.1" 200 206 "-" "Mozilla/5.0 AppleWebKit/537.36 (KHTML, like Gecko; compatible; ClaudeBot/1.0; +claudebot@anthropic.com)"
216.73.216.243 - - [10/Sep/2026:00:58:49 +0000] "GET /wp-admin/%22https:/wordpress.org/documentation/article/appearance-themes-screen/wp-login.php?edit=%2Fhome%2Ftransitmeftah%2Fpublic_html%2Fwp-admin%2Fincludes%2Fprivacy-tools.php HTTP/1.1" 429 0 "-" "Mozilla/5.0 AppleWebKit/537.36 (KHTML, like Gecko; compatible; ClaudeBot/1.0; +claudebot@anthropic.com)"
216.73.216.243 - - [10/Sep/2026:00:55:20 +0000] "GET //%22https:/codex.wordpress.org/Appearance_Header_Screen/%22?view=%2Fhome%2Ftransitmeftah%2Fpublic_html%2Fwp-includes%2Fstyle-engine.php HTTP/1.1" 429 0 "-" "Mozilla/5.0 AppleWebKit/537.36 (KHTML, like Gecko; compatible; ClaudeBot/1.0; +claudebot@anthropic.com)"
45.66.35.28 - - [10/Sep/2026:00:55:32 +0000] "POST /xmlrpc.php HTTP/1.1" 200 657 "http://transitmeftah.com/" "Mozilla/5.0 (Windows NT 10.0; Win64; x64) AppleWebKit/537.36 (KHTML, like Gecko) Chrome/86.0.4240.198 Safari/537.36"
216.73.216.243 - - [10/Sep/2026:00:56:48 +0000] "GET /wp-admin/3D%22https:/api.whatsapp.com/edit-comments.php?file=%2Fhome%2Ftransitmeftah%2Fwww%2Fwp-activate.php HTTP/1.1" 200 261 "-" "Mozilla/5.0 AppleWebKit/537.36 (KHTML, like Gecko; compatible; ClaudeBot/1.0; +claudebot@anthropic.com)"
37.27.51.131 - - [10/Sep/2026:00:56:58 +0000] "GET /?view=/home/transitmeftah/public_html/wp-login.php HTTP/1.1" 200 15960 "-" "Mozilla/5.0 (compatible; SERankingBacklinksBot/1.0; +https://seranking.com/backlinks-crawler)"
216.73.216.243 - - [10/Sep/2026:00:59:35 +0000] "GET /%22https:/codex.wordpress.org/Appearance_Header_Screen/%s?edit=%2Fhome%2Ftransitmeftah%2Fpublic_html%2Fwp-includes%2Fregistration-functions.php HTTP/1.1" 429 0 "-" "Mozilla/5.0 AppleWebKit/537.36 (KHTML, like Gecko; compatible; ClaudeBot/1.0; +claudebot@anthropic.com)"
216.73.216.243 - - [10/Sep/2026:00:59:25 +0000] "GET /%22https:/codex.wordpress.org/Appearance_Header_Screen/%s?edit=%2Fhome%2Ftransitmeftah%2Fpublic_html%2Fwp-includes%2Fspl-autoload-compat.php HTTP/1.1" 200 0 "-" "Mozilla/5.0 AppleWebKit/537.36 (KHTML, like Gecko; compatible; ClaudeBot/1.0; +claudebot@anthropic.com)"
216.73.216.243 - - [10/Sep/2026:00:59:40 +0000] "GET /%22https:/codex.wordpress.org/Appearance_Header_Screen/%3C?file=%2Fhome%2Ftransitmeftah%2Fpublic_html%2Famp.php HTTP/1.1" 429 0 "-" "Mozilla/5.0 AppleWebKit/537.36 (KHTML, like Gecko; compatible; ClaudeBot/1.0; +claudebot@anthropic.com)"
216.73.216.243 - - [10/Sep/2026:01:00:10 +0000] "GET /%22https:/wordpress.org/support/forums/logo.png?file=%2Fhome%2Ftransitmeftah%2Fpublic_html%2Fwp-admin%2Fload-styles.php HTTP/1.1" 429 0 "-" "Mozilla/5.0 AppleWebKit/537.36 (KHTML, like Gecko; compatible; ClaudeBot/1.0; +claudebot@anthropic.com)"
216.73.216.243 - - [10/Sep/2026:01:00:15 +0000] "GET /%22https:/codex.wordpress.org/Appearance_Header_Screen/%s?edit=%2Fhome%2Ftransitmeftah%2Fpublic_html%2Fwp-includes%2Fjs%2Fmce-view.js HTTP/1.1" 429 0 "-" "Mozilla/5.0 AppleWebKit/537.36 (KHTML, like Gecko; compatible; ClaudeBot/1.0; +claudebot@anthropic.com)"
216.73.216.243 - - [10/Sep/2026:01:00:20 +0000] "GET /wp-admin//%22https:/wordpress.org/documentation/article/appearance-themes-screen/?edit=%2Fhome%2Ftransitmeftah%2Fpublic_html%2Fwp-includes%2Fblocks%2Fgroup%2Fstyle.min.css HTTP/1.1" 200 614 "-" "Mozilla/5.0 AppleWebKit/537.36 (KHTML, like Gecko; compatible; ClaudeBot/1.0; +claudebot@anthropic.com)"
216.73.216.243 - - [10/Sep/2026:01:01:18 +0000] "GET /images/%22https:/codex.wordpress.org/Appearance_Header_Screen/upgrade.php?file=%2Fhome%2Ftransitmeftah%2Fpublic_html%2F__HB__ HTTP/1.1" 200 5279 "-" "Mozilla/5.0 AppleWebKit/537.36 (KHTML, like Gecko; compatible; ClaudeBot/1.0; +claudebot@anthropic.com)"
185.220.100.240 - - [10/Sep/2026:01:01:42 +0000] "POST /xmlrpc.php HTTP/1.1" 200 657 "http://transitmeftah.com/" "Mozilla/4.0 (compatible; MSIE 8.0; Windows NT 5.1; Trident/4.0)"
216.73.216.243 - - [10/Sep/2026:01:01:48 +0000] "GET /wp-admin/3D%22https:/api.whatsapp.com/edit-comments.php?file=%2Fhome%2Ftransitmeftah%2Fpublic_html%2Fwp-includes%2Fblocks%2Fpost-comments-link%2Fblock.json HTTP/1.1" 200 271 "-" "Mozilla/5.0 AppleWebKit/537.36 (KHTML, like Gecko; compatible; ClaudeBot/1.0; +claudebot@anthropic.com)"
216.73.216.243 - - [10/Sep/2026:00:51:27 +0000] "GET /wp-admin/3D%22https:/api.whatsapp.com/edit-comments.php?file=%2Fhome%2Ftransitmeftah%2Fwww%2Fwp-includes%2Fclass-wp-text-diff-renderer-inline.php HTTP/1.1" 200 280 "-" "Mozilla/5.0 AppleWebKit/537.36 (KHTML, like Gecko; compatible; ClaudeBot/1.0; +claudebot@anthropic.com)"
216.73.216.243 - - [10/Sep/2026:00:51:32 +0000] "GET /wp-admin/3D%22https:/api.whatsapp.com/edit-comments.php?edit=%2Fhome%2Ftransitmeftah%2Fwww%2Fwp-includes%2Fplugin.php HTTP/1.1" 429 0 "-" "Mozilla/5.0 AppleWebKit/537.36 (KHTML, like Gecko; compatible; ClaudeBot/1.0; +claudebot@anthropic.com)"
216.73.216.243 - - [10/Sep/2026:00:51:38 +0000] "GET /wp-admin/3D%22https:/api.whatsapp.com/edit-comments.php?file=%2Fhome%2Ftransitmeftah%2Ftmp HTTP/1.1" 429 0 "-" "Mozilla/5.0 AppleWebKit/537.36 (KHTML, like Gecko; compatible; ClaudeBot/1.0; +claudebot@anthropic.com)"
216.73.216.243 - - [10/Sep/2026:00:54:33 +0000] "GET /%22https:/wordpress.org/support/forums/freedoms.php?view=%2Fhome%2Ftransitmeftah%2Fpublic_html%2F__HB__ HTTP/1.1" 200 5 "-" "Mozilla/5.0 AppleWebKit/537.36 (KHTML, like Gecko; compatible; ClaudeBot/1.0; +claudebot@anthropic.com)"
216.73.216.243 - - [10/Sep/2026:00:55:52 +0000] "GET //%22https:/wordpress.org/support/forums//%22?file=%2Fhome%2Ftransitmeftah%2Fpublic_html%2Fwp-includes%2Fblocks%2Fimage%2Fview.asset.php HTTP/1.1" 200 269 "-" "Mozilla/5.0 AppleWebKit/537.36 (KHTML, like Gecko; compatible; ClaudeBot/1.0; +claudebot@anthropic.com)"
37.27.51.131 - - [10/Sep/2026:00:56:02 +0000] "GET /?edit=/home/transitmeftah/public_html/wp-content/languages/fr_FR-8860e58c20c6a2ab5876a0f07be43bd9.json HTTP/1.1" 200 2970 "-" "Mozilla/5.0 (compatible; SERankingBacklinksBot/1.0; +https://seranking.com/backlinks-crawler)"
37.27.51.131 - - [10/Sep/2026:00:56:31 +0000] "GET /?edit=/home/transitmeftah/public_html/wp-login.php HTTP/1.1" 200 18010 "-" "Mozilla/5.0 (compatible; SERankingBacklinksBot/1.0; +https://seranking.com/backlinks-crawler)"
216.73.216.243 - - [10/Sep/2026:00:56:54 +0000] "GET //%22https:/wordpress.org/support/forums//%22?file=%2Fhome%2Ftransitmeftah%2Ftmp%2Fwebalizer%2Fusage_202504.html HTTP/1.1" 200 271 "-" "Mozilla/5.0 AppleWebKit/537.36 (KHTML, like Gecko; compatible; ClaudeBot/1.0; +claudebot@anthropic.com)"
216.73.216.243 - - [10/Sep/2026:00:59:09 +0000] "GET /robots.txt HTTP/1.1" 200 71 "-" "Mozilla/5.0 AppleWebKit/537.36 (KHTML, like Gecko; compatible; ClaudeBot/1.0; +claudebot@anthropic.com)"
216.73.216.243 - - [10/Sep/2026:00:59:09 +0000] "GET /wp-admin/3D%22https:/api.whatsapp.com/edit-comments.php?file=%2Fhome%2Ftransitmeftah%2Fpublic_html%2Fwp-admin%2Ftools.php HTTP/1.1" 200 257 "-" "Mozilla/5.0 AppleWebKit/537.36 (KHTML, like Gecko; compatible; ClaudeBot/1.0; +claudebot@anthropic.com)"
216.73.216.243 - - [10/Sep/2026:00:59:14 +0000] "GET /wp-admin/3D%22https:/api.whatsapp.com/edit-comments.php?edit=%2Fhome%2Ftransitmeftah%2Fpublic_html%2Fwp-includes%2Fblocks%2Fcode%2Feditor-rtl.min.css HTTP/1.1" 429 0 "-" "Mozilla/5.0 AppleWebKit/537.36 (KHTML, like Gecko; compatible; ClaudeBot/1.0; +claudebot@anthropic.com)"
216.73.216.243 - - [10/Sep/2026:00:59:19 +0000] "GET /wp-admin/3D%22https:/api.whatsapp.com/edit-comments.php?view=%2Fhome%2Ftransitmeftah%2Fpublic_html%2Fwp-admin%2Fedit-form-blocks.php HTTP/1.1" 429 0 "-" "Mozilla/5.0 AppleWebKit/537.36 (KHTML, like Gecko; compatible; ClaudeBot/1.0; +claudebot@anthropic.com)"
45.84.107.47 - - [10/Sep/2026:00:59:51 +0000] "POST /xmlrpc.php HTTP/1.1" 200 657 "http://transitmeftah.com/" "Mozilla/5.0 (Macintosh; Intel Mac OS X 10_15_6) AppleWebKit/605.1.15 (KHTML, like Gecko) Version/14.0.2 Safari/605.1.15"
216.73.216.243 - - [10/Sep/2026:01:01:43 +0000] "GET /%22https:/wordpress.org/support/forums/cid:0?file=%2Fhome%2Ftransitmeftah%2Fpublic_html%2Fwp-content%2Fuploads%2Fdbeehcfjbf.php HTTP/1.1" 200 5286 "-" "Mozilla/5.0 AppleWebKit/537.36 (KHTML, like Gecko; compatible; ClaudeBot/1.0; +claudebot@anthropic.com)"
216.73.216.243 - - [10/Sep/2026:00:58:54 +0000] "GET /wp-admin//%22https:/wordpress.org/documentation/article/appearance-themes-screen/?file=%2Fhome%2Ftransitmeftah%2Fpublic_html%2Fwp-includes%2Ferror_log HTTP/1.1" 429 0 "-" "Mozilla/5.0 AppleWebKit/537.36 (KHTML, like Gecko; compatible; ClaudeBot/1.0; +claudebot@anthropic.com)"
216.73.216.243 - - [10/Sep/2026:01:00:28 +0000] "GET /wp-admin/3D%22https:/api.whatsapp.com//%22https:/fr.wordpress.org/support/article/settings-permalinks-screen//%22 HTTP/1.1" 200 440 "-" "Mozilla/5.0 AppleWebKit/537.36 (KHTML, like Gecko; compatible; ClaudeBot/1.0; +claudebot@anthropic.com)"
216.73.216.243 - - [10/Sep/2026:01:00:29 +0000] "GET /wp-admin/3D%22https:/api.whatsapp.com/edit-comments.php?view=%2Fhome%2Ftransitmeftah%2Fwww%2Fwp-includes%2Fpluggable.php HTTP/1.1" 429 0 "-" "Mozilla/5.0 AppleWebKit/537.36 (KHTML, like Gecko; compatible; ClaudeBot/1.0; +claudebot@anthropic.com)"
216.73.216.243 - - [10/Sep/2026:01:00:34 +0000] "GET /wp-admin/3D%22https:/api.whatsapp.com/edit-comments.php?edit=%2Fhome%2Ftransitmeftah%2Fwww%2Fwp-includes%2Fclass-wp-block-parser-block.php HTTP/1.1" 429 0 "-" "Mozilla/5.0 AppleWebKit/537.36 (KHTML, like Gecko; compatible; ClaudeBot/1.0; +claudebot@anthropic.com)"
216.73.216.243 - - [10/Sep/2026:01:00:40 +0000] "GET /wp-admin/3D%22https:/api.whatsapp.com/edit-comments.php?view=%2Fhome%2Ftransitmeftah%2Fwww%2Fwp-includes%2Ffonts%2Fclass-wp-font-library.php HTTP/1.1" 429 0 "-" "Mozilla/5.0 AppleWebKit/537.36 (KHTML, like Gecko; compatible; ClaudeBot/1.0; +claudebot@anthropic.com)"
216.73.216.243 - - [10/Sep/2026:01:00:43 +0000] "GET /wp-admin/3D%22https:/api.whatsapp.com/edit-comments.php?view=%2Fhome%2Ftransitmeftah%2Fpublic_html%2Fwp-includes%2Fstyle-engine%2Fclass-wp-style-engine-css-declarations.php HTTP/1.1" 429 0 "-" "Mozilla/5.0 AppleWebKit/537.36 (KHTML, like Gecko; compatible; ClaudeBot/1.0; +claudebot@anthropic.com)"
216.73.216.243 - - [10/Sep/2026:01:00:48 +0000] "GET /wp-admin/3D%22https:/api.whatsapp.com/edit-comments.php?edit=%2Fhome%2Ftransitmeftah%2Fpublic_html%2Fwp-admin%2Fload-styles.php HTTP/1.1" 429 0 "-" "Mozilla/5.0 AppleWebKit/537.36 (KHTML, like Gecko; compatible; ClaudeBot/1.0; +claudebot@anthropic.com)"
37.27.51.131 - - [10/Sep/2026:01:01:48 +0000] "GET /?edit=/home/transitmeftah/public_html/wp-signup.php HTTP/1.1" 200 11504 "-" "Mozilla/5.0 (compatible; SERankingBacklinksBot/1.0; +https://seranking.com/backlinks-crawler)"
37.27.51.131 - - [10/Sep/2026:01:02:14 +0000] "GET /?view=/home/transitmeftah/public_html/wp-signup.php HTTP/1.1" 200 10031 "-" "Mozilla/5.0 (compatible; SERankingBacklinksBot/1.0; +https://seranking.com/backlinks-crawler)"
216.73.216.243 - - [10/Sep/2026:01:03:03 +0000] "GET /wp-admin/%22https:/wordpress.org/documentation/article/appearance-themes-screen/'%20.%20$plugin_data['PluginURI']%20.%20' HTTP/1.1" 200 440 "-" "Mozilla/5.0 AppleWebKit/537.36 (KHTML, like Gecko; compatible; ClaudeBot/1.0; +claudebot@anthropic.com)"
216.73.216.243 - - [10/Sep/2026:00:58:14 +0000] "GET /wp-admin/3D%22https:/api.whatsapp.com/edit-comments.php?view=%2Fhome%2Ftransitmeftah%2Fpublic_html%2Fwp-includes%2FID3%2Fmodule.audio.ogg.php HTTP/1.1" 429 0 "-" "Mozilla/5.0 AppleWebKit/537.36 (KHTML, like Gecko; compatible; ClaudeBot/1.0; +claudebot@anthropic.com)"
216.73.216.243 - - [10/Sep/2026:00:58:19 +0000] "GET /wp-admin/3D%22https:/api.whatsapp.com/edit-comments.php?file=%2Fhome%2Ftransitmeftah%2Fpublic_html%2Fwp-includes%2FID3%2Fmodule.audio.dts.php HTTP/1.1" 429 0 "-" "Mozilla/5.0 AppleWebKit/537.36 (KHTML, like Gecko; compatible; ClaudeBot/1.0; +claudebot@anthropic.com)"
216.73.216.243 - - [10/Sep/2026:00:58:24 +0000] "GET /wp-admin/3D%22https:/api.whatsapp.com/edit-comments.php?file=%2Fhome%2Ftransitmeftah%2Fpublic_html%2Fwp-includes%2FID3%2Fmodule.audio-video.quicktime.php HTTP/1.1" 429 0 "-" "Mozilla/5.0 AppleWebKit/537.36 (KHTML, like Gecko; compatible; ClaudeBot/1.0; +claudebot@anthropic.com)"
216.73.216.243 - - [10/Sep/2026:00:58:29 +0000] "GET /wp-admin/3D%22https:/api.whatsapp.com/edit-comments.php?file=%2Fhome%2Ftransitmeftah%2Fpublic_html%2Fwp-includes%2FID3%2Fmodule.audio.mp3.php HTTP/1.1" 429 0 "-" "Mozilla/5.0 AppleWebKit/537.36 (KHTML, like Gecko; compatible; ClaudeBot/1.0; +claudebot@anthropic.com)"
216.73.216.243 - - [10/Sep/2026:00:58:34 +0000] "GET /wp-admin/3D%22https:/api.whatsapp.com/edit-comments.php?file=%2Fhome%2Ftransitmeftah%2Fpublic_html%2Fwp-includes%2FID3%2Fmodule.audio.flac.php HTTP/1.1" 429 0 "-" "Mozilla/5.0 AppleWebKit/537.36 (KHTML, like Gecko; compatible; ClaudeBot/1.0; +claudebot@anthropic.com)"
216.73.216.243 - - [10/Sep/2026:00:58:39 +0000] "GET /wp-admin/3D%22https:/api.whatsapp.com/edit-comments.php?view=%2Fhome%2Ftransitmeftah%2Fpublic_html%2Fwp-includes%2FID3%2Fgetid3.lib.php HTTP/1.1" 429 0 "-" "Mozilla/5.0 AppleWebKit/537.36 (KHTML, like Gecko; compatible; ClaudeBot/1.0; +claudebot@anthropic.com)"
37.27.51.131 - - [10/Sep/2026:00:59:13 +0000] "GET /?view=/home/transitmeftah/public_html/wp-config.php HTTP/1.1" 200 2710 "-" "Mozilla/5.0 (compatible; SERankingBacklinksBot/1.0; +https://seranking.com/backlinks-crawler)"
37.27.51.131 - - [10/Sep/2026:00:59:40 +0000] "GET /?edit=/home/transitmeftah/public_html/wp-config.php HTTP/1.1" 200 3364 "-" "Mozilla/5.0 (compatible; SERankingBacklinksBot/1.0; +https://seranking.com/backlinks-crawler)"
216.73.216.243 - - [10/Sep/2026:00:59:57 +0000] "GET /%22https:/wordpress.org/support/forums/$link?edit=%2Fhome%2Ftransitmeftah%2Fpublic_html%2Fwp-includes%2Fjs%2Fjquery%2Fjquery-migrate.js HTTP/1.1" 200 16312 "-" "Mozilla/5.0 AppleWebKit/537.36 (KHTML, like Gecko; compatible; ClaudeBot/1.0; +claudebot@anthropic.com)"
216.73.216.243 - - [10/Sep/2026:01:00:53 +0000] "GET /%22https:/wordpress.org/support/forums/$link?file=%2Fhome%2Ftransitmeftah%2Fpublic_html%2Fwp-admin%2Fjs%2Fcode-editor.min.js HTTP/1.1" 200 5272 "-" "Mozilla/5.0 AppleWebKit/537.36 (KHTML, like Gecko; compatible; ClaudeBot/1.0; +claudebot@anthropic.com)"
216.73.216.243 - - [10/Sep/2026:01:01:02 +0000] "GET /wp-admin/3D%22https:/api.whatsapp.com/edit-comments.php?edit=%2Fhome%2Ftransitmeftah%2Fpublic_html%2Fwp-admin%2Fms-options.php HTTP/1.1" 200 682 "-" "Mozilla/5.0 AppleWebKit/537.36 (KHTML, like Gecko; compatible; ClaudeBot/1.0; +claudebot@anthropic.com)"
216.73.216.243 - - [10/Sep/2026:01:02:47 +0000] "GET /wp-admin/3D%22https:/api.whatsapp.com/edit-comments.php?view=%2Fhome%2Ftransitmeftah%2Fwww%2Fwp-includes%2Fspl-autoload-compat.php HTTP/1.1" 200 294 "-" "Mozilla/5.0 AppleWebKit/537.36 (KHTML, like Gecko; compatible; ClaudeBot/1.0; +claudebot@anthropic.com)"
216.73.216.243 - - [10/Sep/2026:01:03:45 +0000] "GET /%22https:/wordpress.org/support/forums/logo.png?view=%2Fhome%2Ftransitmeftah%2Fpublic_html%2Fwp-admin%2Ferror_log HTTP/1.1" 200 14190 "-" "Mozilla/5.0 AppleWebKit/537.36 (KHTML, like Gecko; compatible; ClaudeBot/1.0; +claudebot@anthropic.com)"
216.73.216.243 - - [10/Sep/2026:01:02:52 +0000] "GET //%22https:/wordpress.org/support/forums//%22?file=%2Fhome%2Ftransitmeftah%2Fpublic_html%2Fwp-admin%2Fmaint%2Frepair.php HTTP/1.1" 200 262 "-" "Mozilla/5.0 AppleWebKit/537.36 (KHTML, like Gecko; compatible; ClaudeBot/1.0; +claudebot@anthropic.com)"
192.42.116.52 - - [10/Sep/2026:01:02:55 +0000] "POST /xmlrpc.php HTTP/1.1" 200 657 "http://transitmeftah.com/" "Mozilla/5.0 (Windows NT 6.1; WOW64; Trident/7.0; rv:11.0) like Gecko"
37.27.51.131 - - [10/Sep/2026:01:03:04 +0000] "GET /?file=/home/transitmeftah/public_html/wp-config.php HTTP/1.1" 200 274 "-" "Mozilla/5.0 (compatible; SERankingBacklinksBot/1.0; +https://seranking.com/backlinks-crawler)"
216.73.216.243 - - [10/Sep/2026:01:03:20 +0000] "GET /wp-admin/3D%22https:/api.whatsapp.com/edit-comments.php?file=%2Fhome%2Ftransitmeftah%2Fpublic_html%2Fwp-admin%2Fmy-sites.php HTTP/1.1" 200 256 "-" "Mozilla/5.0 AppleWebKit/537.36 (KHTML, like Gecko; compatible; ClaudeBot/1.0; +claudebot@anthropic.com)"
216.73.216.243 - - [10/Sep/2026:01:03:25 +0000] "GET /wp-admin/3D%22https:/api.whatsapp.com/edit-comments.php?file=%2Fhome%2Ftransitmeftah%2Fpublic_html%2Fwp-includes%2Fblocks%2Fnavigation%2Fstyle-rtl.css HTTP/1.1" 429 0 "-" "Mozilla/5.0 AppleWebKit/537.36 (KHTML, like Gecko; compatible; ClaudeBot/1.0; +claudebot@anthropic.com)"
216.73.216.243 - - [10/Sep/2026:01:03:30 +0000] "GET /wp-admin/3D%22https:/api.whatsapp.com/edit-comments.php?edit=%2Fhome%2Ftransitmeftah%2Fpublic_html%2Fwp-includes%2Fblocks%2Fnavigation%2Fstyle-rtl.min.css HTTP/1.1" 429 0 "-" "Mozilla/5.0 AppleWebKit/537.36 (KHTML, like Gecko; compatible; ClaudeBot/1.0; +claudebot@anthropic.com)"
216.73.216.243 - - [10/Sep/2026:01:03:35 +0000] "GET /wp-admin/3D%22https:/api.whatsapp.com/edit-comments.php?file=%2Fhome%2Ftransitmeftah%2Fpublic_html%2Fwp-includes%2Fblocks%2Fsearch%2Ftheme.min.css HTTP/1.1" 429 0 "-" "Mozilla/5.0 AppleWebKit/537.36 (KHTML, like Gecko; compatible; ClaudeBot/1.0; +claudebot@anthropic.com)"
216.73.216.243 - - [10/Sep/2026:01:03:40 +0000] "GET /wp-admin/3D%22https:/api.whatsapp.com/edit-comments.php?edit=%2Fhome%2Ftransitmeftah%2Fpublic_html%2Fwp-includes%2Fblocks%2Fsearch%2Fblock.json HTTP/1.1" 429 0 "-" "Mozilla/5.0 AppleWebKit/537.36 (KHTML, like Gecko; compatible; ClaudeBot/1.0; +claudebot@anthropic.com)"
216.73.216.243 - - [10/Sep/2026:01:01:53 +0000] "GET /wp-admin/3D%22https:/api.whatsapp.com/edit-comments.php?view=%2Fhome%2Ftransitmeftah%2Fpublic_html%2Fwp-includes%2Fblocks%2Fbuttons%2Feditor-rtl.css HTTP/1.1" 429 0 "-" "Mozilla/5.0 AppleWebKit/537.36 (KHTML, like Gecko; compatible; ClaudeBot/1.0; +claudebot@anthropic.com)"
216.73.216.243 - - [10/Sep/2026:01:01:58 +0000] "GET /wp-admin/3D%22https:/api.whatsapp.com/%22upload.php/wp-login.php?edit=%2Fhome%2Ftransitmeftah%2Fpublic_html%2Fwp-content%2Fmu-plugins%2Fquark-wrapper-lab.php HTTP/1.1" 429 0 "-" "Mozilla/5.0 AppleWebKit/537.36 (KHTML, like Gecko; compatible; ClaudeBot/1.0; +claudebot@anthropic.com)"
37.27.51.131 - - [10/Sep/2026:01:04:44 +0000] "GET /?file=/home/transitmeftah/public_html/wp-signup.php HTTP/1.1" 200 275 "-" "Mozilla/5.0 (compatible; SERankingBacklinksBot/1.0; +https://seranking.com/backlinks-crawler)"
37.27.51.131 - - [10/Sep/2026:01:05:08 +0000] "GET /?view=/home/transitmeftah/public_html/wp-activate.php HTTP/1.1" 200 2754 "-" "Mozilla/5.0 (compatible; SERankingBacklinksBot/1.0; +https://seranking.com/backlinks-crawler)"
37.27.51.131 - - [10/Sep/2026:01:06:21 +0000] "GET /?edit=/home/transitmeftah/public_html/wp-content/languages/fr_FR-93882e8f9976382d7f724ac595ed7151.json HTTP/1.1" 200 980 "-" "Mozilla/5.0 (compatible; SERankingBacklinksBot/1.0; +https://seranking.com/backlinks-crawler)"
216.73.216.243 - - [10/Sep/2026:01:06:57 +0000] "GET /wp-admin/3D%22https:/api.whatsapp.com/edit-comments.php?view=%2Fhome%2Ftransitmeftah%2Fwww%2Fwp-includes%2Fjs%2Fcustomize-preview.min.js HTTP/1.1" 200 3270 "-" "Mozilla/5.0 AppleWebKit/537.36 (KHTML, like Gecko; compatible; ClaudeBot/1.0; +claudebot@anthropic.com)"
216.73.216.243 - - [10/Sep/2026:01:07:02 +0000] "GET /wp-admin/3D%22https:/api.whatsapp.com/edit-comments.php?view=%2Fhome%2Ftransitmeftah%2Fpublic_html%2Fwp-content%2Flanguages%2Fadmin-fr_FR.po HTTP/1.1" 429 0 "-" "Mozilla/5.0 AppleWebKit/537.36 (KHTML, like Gecko; compatible; ClaudeBot/1.0; +claudebot@anthropic.com)"
216.73.216.243 - - [10/Sep/2026:01:07:07 +0000] "GET /wp-admin/3D%22https:/api.whatsapp.com/edit-comments.php?view=%2Fhome%2Ftransitmeftah%2Fwww%2Fwp-includes%2Fjs%2Fadmin-bar.min.js HTTP/1.1" 429 0 "-" "Mozilla/5.0 AppleWebKit/537.36 (KHTML, like Gecko; compatible; ClaudeBot/1.0; +claudebot@anthropic.com)"
216.73.216.243 - - [10/Sep/2026:01:07:12 +0000] "GET /wp-admin/3D%22https:/api.whatsapp.com/edit-comments.php?file=%2Fhome%2Ftransitmeftah%2Fwww%2Fwp-includes%2Fassets HTTP/1.1" 429 0 "-" "Mozilla/5.0 AppleWebKit/537.36 (KHTML, like Gecko; compatible; ClaudeBot/1.0; +claudebot@anthropic.com)"
216.73.216.243 - - [10/Sep/2026:01:07:17 +0000] "GET /wp-admin/3D%22https:/api.whatsapp.com/edit-comments.php?edit=%2Fhome%2Ftransitmeftah%2Fwww%2Fwp-includes%2Fjs%2Fwp-auth-check.js HTTP/1.1" 429 0 "-" "Mozilla/5.0 AppleWebKit/537.36 (KHTML, like Gecko; compatible; ClaudeBot/1.0; +claudebot@anthropic.com)"
216.73.216.243 - - [10/Sep/2026:01:07:22 +0000] "GET /wp-admin/3D%22https:/api.whatsapp.com/edit-comments.php?view=%2Fhome%2Ftransitmeftah%2Fwww%2Fgoogleffcdbb1395f04c94.html HTTP/1.1" 429 0 "-" "Mozilla/5.0 AppleWebKit/537.36 (KHTML, like Gecko; compatible; ClaudeBot/1.0; +claudebot@anthropic.com)"
37.27.51.131 - - [10/Sep/2026:01:07:33 +0000] "GET /?edit=/home/transitmeftah/public_html/wp-settings.php HTTP/1.1" 200 8061 "-" "Mozilla/5.0 (compatible; SERankingBacklinksBot/1.0; +https://seranking.com/backlinks-crawler)"
192.42.116.60 - - [10/Sep/2026:01:07:52 +0000] "POST /xmlrpc.php HTTP/1.1" 200 657 "http://transitmeftah.com/" "Mozilla/5.0 (iPhone; CPU iPhone OS 12_4 like Mac OS X) AppleWebKit/605.1.15 (KHTML, like Gecko) Version/12.1.2 Mobile/15E148 Safari/604.1"
37.27.51.131 - - [10/Sep/2026:01:07:57 +0000] "GET /?view=/home/transitmeftah/public_html/wp-settings.php HTTP/1.1" 200 7245 "-" "Mozilla/5.0 (compatible; SERankingBacklinksBot/1.0; +https://seranking.com/backlinks-crawler)"
216.73.216.243 - - [10/Sep/2026:01:09:19 +0000] "GET /wp-admin/3D%22https:/api.whatsapp.com/%22upload.php/wp-login.php?file=%2Fhome%2Ftransitmeftah%2Fpublic_html%2Fwp-content%2Fplugins%2Fhello-dolly%2Ferror_log HTTP/1.1" 200 262 "-" "Mozilla/5.0 AppleWebKit/537.36 (KHTML, like Gecko; compatible; ClaudeBot/1.0; +claudebot@anthropic.com)"
216.73.216.243 - - [10/Sep/2026:01:09:24 +0000] "GET /wp-admin/3D%22https:/api.whatsapp.com/edit-comments.php?view=%2Fhome%2Ftransitmeftah%2Fpublic_html%2Fwp-includes%2Fblocks%2Fsocial-link%2Feditor-rtl.css HTTP/1.1" 429 0 "-" "Mozilla/5.0 AppleWebKit/537.36 (KHTML, like Gecko; compatible; ClaudeBot/1.0; +claudebot@anthropic.com)"
216.73.216.243 - - [10/Sep/2026:01:09:29 +0000] "GET /wp-admin/3D%22https:/api.whatsapp.com/edit-comments.php?edit=%2Fhome%2Ftransitmeftah%2Fpublic_html%2Fwp-includes%2Fblocks%2Fsite-title%2Fstyle-rtl.css HTTP/1.1" 429 0 "-" "Mozilla/5.0 AppleWebKit/537.36 (KHTML, like Gecko; compatible; ClaudeBot/1.0; +claudebot@anthropic.com)"
216.73.216.243 - - [10/Sep/2026:01:09:34 +0000] "GET /wp-admin/3D%22https:/api.whatsapp.com/%7Bsitemap:loc%7D?edit=%2Fhome%2Ftransitmeftah%2Fpublic_html%2Fwp-load.php HTTP/1.1" 200 2183 "-" "Mozilla/5.0 AppleWebKit/537.36 (KHTML, like Gecko; compatible; ClaudeBot/1.0; +claudebot@anthropic.com)"
216.73.216.243 - - [10/Sep/2026:01:09:39 +0000] "GET /wp-admin/3D%22https:/api.whatsapp.com/%22%s//%22edit-comments.php?file=%2Fhome%2Ftransitmeftah%2Fpublic_html%2Fwp-content%2Flanguages%2Fadmin-fr_FR.mo HTTP/1.1" 429 0 "-" "Mozilla/5.0 AppleWebKit/537.36 (KHTML, like Gecko; compatible; ClaudeBot/1.0; +claudebot@anthropic.com)"
216.73.216.243 - - [10/Sep/2026:01:09:44 +0000] "GET //%22https:/wordpress.org/support/forums//%22?edit=%2Fhome%2Ftransitmeftah%2Fwww%2Fwp-includes%2Fjs%2Fdist%2Fcustomize-widgets.min.js HTTP/1.1" 200 12039 "-" "Mozilla/5.0 AppleWebKit/537.36 (KHTML, like Gecko; compatible; ClaudeBot/1.0; +claudebot@anthropic.com)"
216.73.216.243 - - [10/Sep/2026:01:10:14 +0000] "GET /wp-admin/3D%22https:/api.whatsapp.com/edit-comments.php?file=%2Fhome%2Ftransitmeftah%2Fpublic_html%2Fwp-includes%2Fblocks%2Fpost-terms%2Fstyle-rtl.css HTTP/1.1" 200 271 "-" "Mozilla/5.0 AppleWebKit/537.36 (KHTML, like Gecko; compatible; ClaudeBot/1.0; +claudebot@anthropic.com)"
216.73.216.243 - - [10/Sep/2026:01:10:19 +0000] "GET /wp-admin/3D%22https:/api.whatsapp.com/edit-comments.php?file=%2Fhome%2Ftransitmeftah%2Fpublic_html%2Fwp-includes%2Fblocks%2Fsearch%2Fview.min.asset.php HTTP/1.1" 429 0 "-" "Mozilla/5.0 AppleWebKit/537.36 (KHTML, like Gecko; compatible; ClaudeBot/1.0; +claudebot@anthropic.com)"
216.73.216.243 - - [10/Sep/2026:01:11:13 +0000] "GET /wp-admin//%22https:/wordpress.org/documentation/article/appearance-themes-screen/?view=%2Fhome%2Ftransitmeftah%2Fpublic_html%2Fwp-admin%2Fjs%2Fmedia-upload.js HTTP/1.1" 200 1379 "-" "Mozilla/5.0 AppleWebKit/537.36 (KHTML, like Gecko; compatible; ClaudeBot/1.0; +claudebot@anthropic.com)"
216.73.216.243 - - [10/Sep/2026:01:11:18 +0000] "GET /wp-admin//%22https:/wordpress.org/documentation/article/appearance-themes-screen/?view=%2Fhome%2Ftransitmeftah%2Fpublic_html%2Fwp-admin%2Fjs%2Fmedia-gallery.min.js HTTP/1.1" 429 0 "-" "Mozilla/5.0 AppleWebKit/537.36 (KHTML, like Gecko; compatible; ClaudeBot/1.0; +claudebot@anthropic.com)"
216.73.216.243 - - [10/Sep/2026:01:11:23 +0000] "GET /wp-admin//%22https:/wordpress.org/documentation/article/appearance-themes-screen/?view=%2Fhome%2Ftransitmeftah%2Fpublic_html%2Fwp-includes%2Fjs%2Fmediaelement%2Frenderers%2Fvimeo.min.js HTTP/1.1" 429 0 "-" "Mozilla/5.0 AppleWebKit/537.36 (KHTML, like Gecko; compatible; ClaudeBot/1.0; +claudebot@anthropic.com)"
216.73.216.243 - - [10/Sep/2026:01:11:28 +0000] "GET /wp-admin/%22https:/wordpress.org/documentation/article/appearance-themes-screen/freedoms.php?view=%2Fhome%2Ftransitmeftah%2Fpublic_html%2Fwp-content%2Fthemes%2Ftwentytwentytwo%2Ftheme.json HTTP/1.1" 429 0 "-" "Mozilla/5.0 AppleWebKit/537.36 (KHTML, like Gecko; compatible; ClaudeBot/1.0; +claudebot@anthropic.com)"
37.27.51.131 - - [10/Sep/2026:01:11:30 +0000] "GET /?edit=/home/transitmeftah/public_html/wp-trackback.php HTTP/1.1" 200 2764 "-" "Mozilla/5.0 (compatible; SERankingBacklinksBot/1.0; +https://seranking.com/backlinks-crawler)"
216.73.216.243 - - [10/Sep/2026:01:11:33 +0000] "GET /wp-admin/%22https:/wordpress.org/documentation/article/appearance-themes-screen/freedoms.php?edit=%2Fhome%2Ftransitmeftah%2Fpublic_html%2Fwp-content%2Fthemes%2Ftwentytwentytwo%2Fstyle.css HTTP/1.1" 429 0 "-" "Mozilla/5.0 AppleWebKit/537.36 (KHTML, like Gecko; compatible; ClaudeBot/1.0; +claudebot@anthropic.com)"
216.73.216.243 - - [10/Sep/2026:01:11:38 +0000] "GET /wp-admin/3D%22https:/api.whatsapp.com/edit-comments.php?file=%2Fhome%2Ftransitmeftah%2Fpublic_html%2Fwp-includes%2Ftheme-templates.php HTTP/1.1" 429 0 "-" "Mozilla/5.0 AppleWebKit/537.36 (KHTML, like Gecko; compatible; ClaudeBot/1.0; +claudebot@anthropic.com)"
192.42.116.56 - - [10/Sep/2026:01:04:47 +0000] "POST /xmlrpc.php HTTP/1.1" 200 657 "http://transitmeftah.com/" "Mozilla/5.0 (iPad; CPU OS 6_0 like Mac OS X) AppleWebKit/536.26 (KHTML, like Gecko) Version/6.0 Mobile/10A5355d Safari/8536.25"
216.73.216.243 - - [10/Sep/2026:01:04:54 +0000] "GET /wp-admin//%22https:/wordpress.org/documentation/article/appearance-themes-screen/?view=%2Fhome%2Ftransitmeftah%2Fpublic_html%2Fwp-content%2Flanguages%2Ffr_FR.mo HTTP/1.1" 429 0 "-" "Mozilla/5.0 AppleWebKit/537.36 (KHTML, like Gecko; compatible; ClaudeBot/1.0; +claudebot@anthropic.com)"
37.27.51.131 - - [10/Sep/2026:01:09:55 +0000] "GET /?file=/home/transitmeftah/public_html/wp-settings.php HTTP/1.1" 200 276 "-" "Mozilla/5.0 (compatible; SERankingBacklinksBot/1.0; +https://seranking.com/backlinks-crawler)"
216.73.216.243 - - [10/Sep/2026:01:10:09 +0000] "GET /%22https:/wordpress.org/support/forums/$link?edit=%2Fhome%2Ftransitmeftah%2Fpublic_html%2Fwp-includes%2Fjs%2Fmasonry.min.js HTTP/1.1" 200 13427 "-" "Mozilla/5.0 AppleWebKit/537.36 (KHTML, like Gecko; compatible; ClaudeBot/1.0; +claudebot@anthropic.com)"
216.73.216.243 - - [10/Sep/2026:01:10:23 +0000] "GET /wp-admin//%22https:/wordpress.org/documentation/article/appearance-themes-screen/?file=%2Fhome%2Ftransitmeftah%2Fpublic_html%2Fwp-includes%2Fjs%2Fjquery%2Fui%2Fautocomplete.min.js HTTP/1.1" 200 264 "-" "Mozilla/5.0 AppleWebKit/537.36 (KHTML, like Gecko; compatible; ClaudeBot/1.0; +claudebot@anthropic.com)"
216.73.216.243 - - [10/Sep/2026:01:10:27 +0000] "GET /wp-admin//%22https:/wordpress.org/documentation/article/appearance-themes-screen/?view=%2Fhome%2Ftransitmeftah%2Fpublic_html%2Fwp-includes%2Fblocks%2Fheading%2Fstyle-rtl.min.css HTTP/1.1" 429 0 "-" "Mozilla/5.0 AppleWebKit/537.36 (KHTML, like Gecko; compatible; ClaudeBot/1.0; +claudebot@anthropic.com)"
216.73.216.243 - - [10/Sep/2026:01:10:32 +0000] "GET /wp-admin/%22https:/wordpress.org/documentation/article/appearance-themes-screen/wp-login.php?file=%2Fhome%2Ftransitmeftah%2Fpublic_html%2Fwebmail.transitmeftah.com HTTP/1.1" 429 0 "-" "Mozilla/5.0 AppleWebKit/537.36 (KHTML, like Gecko; compatible; ClaudeBot/1.0; +claudebot@anthropic.com)"
216.73.216.243 - - [10/Sep/2026:01:11:54 +0000] "GET /%22https:/wordpress.org/support/forums/$link?file=%2Fhome%2Ftransitmeftah%2Fpublic_html%2Fwp-content%2Fplugins%2Fcache-helper HTTP/1.1" 200 5382 "-" "Mozilla/5.0 AppleWebKit/537.36 (KHTML, like Gecko; compatible; ClaudeBot/1.0; +claudebot@anthropic.com)"
37.27.51.131 - - [10/Sep/2026:01:03:54 +0000] "GET /?view=/home/transitmeftah/public_html/wp-content/languages/fr_FR-93882e8f9976382d7f724ac595ed7151.json HTTP/1.1" 200 331 "-" "Mozilla/5.0 (compatible; SERankingBacklinksBot/1.0; +https://seranking.com/backlinks-crawler)"
37.27.51.131 - - [10/Sep/2026:01:05:32 +0000] "GET /?edit=/home/transitmeftah/public_html/wp-activate.php HTTP/1.1" 200 3541 "-" "Mozilla/5.0 (compatible; SERankingBacklinksBot/1.0; +https://seranking.com/backlinks-crawler)"
185.129.62.62 - - [10/Sep/2026:01:06:01 +0000] "POST /xmlrpc.php HTTP/1.1" 200 657 "http://transitmeftah.com/" "Mozilla/5.0 (Windows NT 5.1; rv:42.0) Gecko/20100101 Firefox/42.0"
216.73.216.243 - - [10/Sep/2026:01:06:31 +0000] "GET //%22https:/codex.wordpress.org/Appearance_Header_Screen/%22?file=%2Fhome%2Ftransitmeftah%2Fpublic_html%2Fwp-includes%2Fdeprecated.php HTTP/1.1" 200 259 "-" "Mozilla/5.0 AppleWebKit/537.36 (KHTML, like Gecko; compatible; ClaudeBot/1.0; +claudebot@anthropic.com)"
216.73.216.243 - - [10/Sep/2026:01:07:43 +0000] "GET /wp-admin//%22https:/wordpress.org/documentation/article/appearance-themes-screen/?view=%2Fhome%2Ftransitmeftah%2Fpublic_html%2Fwp-content%2Fcache%2F21594822.php HTTP/1.1" 200 5 "-" "Mozilla/5.0 AppleWebKit/537.36 (KHTML, like Gecko; compatible; ClaudeBot/1.0; +claudebot@anthropic.com)"
216.73.216.243 - - [10/Sep/2026:01:07:48 +0000] "GET /wp-admin//%22https:/wordpress.org/documentation/article/appearance-themes-screen/?view=%2Fhome%2Ftransitmeftah%2Fpublic_html%2Fwp-includes%2Fjs%2Fcomment-reply.js HTTP/1.1" 429 0 "-" "Mozilla/5.0 AppleWebKit/537.36 (KHTML, like Gecko; compatible; ClaudeBot/1.0; +claudebot@anthropic.com)"
216.73.216.243 - - [10/Sep/2026:01:07:53 +0000] "GET /wp-admin//%22https:/wordpress.org/documentation/article/appearance-themes-screen/?file=%2Fhome%2Ftransitmeftah%2Fpublic_html%2Fwp-includes%2Fpomo%2Fentry.php HTTP/1.1" 429 0 "-" "Mozilla/5.0 AppleWebKit/537.36 (KHTML, like Gecko; compatible; ClaudeBot/1.0; +claudebot@anthropic.com)"
216.73.216.243 - - [10/Sep/2026:01:07:58 +0000] "GET /wp-admin//%22https:/wordpress.org/documentation/article/appearance-themes-screen/?file=%2Fhome%2Ftransitmeftah%2Fpublic_html%2Fwp-includes%2Fblocks%2Ftext-columns%2Feditor.min.css HTTP/1.1" 429 0 "-" "Mozilla/5.0 AppleWebKit/537.36 (KHTML, like Gecko; compatible; ClaudeBot/1.0; +claudebot@anthropic.com)"
216.73.216.243 - - [10/Sep/2026:01:08:03 +0000] "GET /wp-admin//%22https:/wordpress.org/documentation/article/appearance-themes-screen/?file=%2Fhome%2Ftransitmeftah%2Fpublic_html%2Fwp-includes%2Fblocks%2Ffile%2Fview.min.asset.php HTTP/1.1" 429 0 "-" "Mozilla/5.0 AppleWebKit/537.36 (KHTML, like Gecko; compatible; ClaudeBot/1.0; +claudebot@anthropic.com)"
216.73.216.243 - - [10/Sep/2026:01:10:56 +0000] "GET /%22https:/wordpress.org/support/forums/freedoms.php?file=%2Fhome%2Ftransitmeftah%2Faccess-logs%2Fwebmail.transitmeftah.com-ssl_log HTTP/1.1" 200 5288 "-" "Mozilla/5.0 AppleWebKit/537.36 (KHTML, like Gecko; compatible; ClaudeBot/1.0; +claudebot@anthropic.com)"
109.70.100.8 - - [10/Sep/2026:01:10:57 +0000] "POST /xmlrpc.php HTTP/1.1" 200 657 "http://transitmeftah.com/" "Mozilla/4.0 (compatible; MSIE 6.0; Windows NT 5.0)"
216.73.216.243 - - [10/Sep/2026:01:05:15 +0000] "GET /wp-admin//%22https:/wordpress.org/documentation/article/appearance-themes-screen/?edit=%2Fhome%2Ftransitmeftah%2Fpublic_html%2Fwp-includes%2Fblocks%2Favatar%2Fstyle.min.css HTTP/1.1" 200 610 "-" "Mozilla/5.0 AppleWebKit/537.36 (KHTML, like Gecko; compatible; ClaudeBot/1.0; +claudebot@anthropic.com)"
216.73.216.243 - - [10/Sep/2026:01:05:20 +0000] "GET /wp-admin//%22https:/wordpress.org/documentation/article/appearance-themes-screen/?edit=%2Fhome%2Ftransitmeftah%2Fpublic_html%2Fwp-includes%2Fblocks%2Floginout%2Fstyle.css HTTP/1.1" 429 0 "-" "Mozilla/5.0 AppleWebKit/537.36 (KHTML, like Gecko; compatible; ClaudeBot/1.0; +claudebot@anthropic.com)"
216.73.216.243 - - [10/Sep/2026:01:05:46 +0000] "GET /wp-admin//%22https:/wordpress.org/documentation/article/appearance-themes-screen/?view=%2Fhome%2Ftransitmeftah%2Fpublic_html%2Fwp-includes%2Fjs%2Fjquery%2Fui%2Feffect-blind.min.js HTTP/1.1" 429 0 "-" "Mozilla/5.0 AppleWebKit/537.36 (KHTML, like Gecko; compatible; ClaudeBot/1.0; +claudebot@anthropic.com)"
216.73.216.243 - - [10/Sep/2026:01:05:51 +0000] "GET /wp-admin//%22https:/wordpress.org/documentation/article/appearance-themes-screen/?file=%2Fhome%2Ftransitmeftah%2Fpublic_html%2Fwp-includes%2Fblocks%2Favatar%2Fblock.json HTTP/1.1" 429 0 "-" "Mozilla/5.0 AppleWebKit/537.36 (KHTML, like Gecko; compatible; ClaudeBot/1.0; +claudebot@anthropic.com)"
216.73.216.243 - - [10/Sep/2026:01:05:56 +0000] "GET /wp-admin//%22https:/wordpress.org/documentation/article/appearance-themes-screen/?file=%2Fhome%2Ftransitmeftah%2Fpublic_html%2Fwp-includes%2Fblocks%2Fcomments-pagination%2Fstyle.css HTTP/1.1" 429 0 "-" "Mozilla/5.0 AppleWebKit/537.36 (KHTML, like Gecko; compatible; ClaudeBot/1.0; +claudebot@anthropic.com)"
216.73.216.243 - - [10/Sep/2026:01:06:01 +0000] "GET /wp-admin//%22https:/wordpress.org/documentation/article/appearance-themes-screen/?view=%2Fhome%2Ftransitmeftah%2Fpublic_html%2Fwp-includes%2Fjs%2Fjquery%2Fui%2Fslider.js HTTP/1.1" 200 5163 "-" "Mozilla/5.0 AppleWebKit/537.36 (KHTML, like Gecko; compatible; ClaudeBot/1.0; +claudebot@anthropic.com)"
192.42.116.16 - - [10/Sep/2026:01:09:05 +0000] "POST /xmlrpc.php HTTP/1.1" 200 657 "http://transitmeftah.com/" "Mozilla/5.0 (iPhone; CPU iPhone OS 12_3_1 like Mac OS X) AppleWebKit/605.1.15 (KHTML, like Gecko) Mobile/15E148"
37.27.51.131 - - [10/Sep/2026:01:09:09 +0000] "GET /?file=/home/transitmeftah/public_html/wp-activate.php HTTP/1.1" 200 276 "-" "Mozilla/5.0 (compatible; SERankingBacklinksBot/1.0; +https://seranking.com/backlinks-crawler)"
37.27.51.131 - - [10/Sep/2026:01:10:43 +0000] "GET /?view=/home/transitmeftah/public_html/wp-trackback.php HTTP/1.1" 200 2046 "-" "Mozilla/5.0 (compatible; SERankingBacklinksBot/1.0; +https://seranking.com/backlinks-crawler)"
195.26.251.28 - - [10/Sep/2026:01:12:39 +0000] "POST /wp-cron.php?doing_wp_cron=1789002759.1870539188385009765625 HTTP/1.1" 200 0 "-" "WordPress/6.9.6; https://transitmeftah.com"
37.27.51.131 - - [10/Sep/2026:01:15:42 +0000] "GET /?edit=/home/transitmeftah/public_html/wp-content/languages/fr_FR-947c76bb5095da30e16668eec15406b2.json HTTP/1.1" 200 1978 "-" "Mozilla/5.0 (compatible; SERankingBacklinksBot/1.0; +https://seranking.com/backlinks-crawler)"
216.73.216.243 - - [10/Sep/2026:01:15:43 +0000] "GET /wp-admin//%22https:/wordpress.org/documentation/article/appearance-themes-screen/?edit=%2Fhome%2Ftransitmeftah%2Fpublic_html%2Fwp-admin%2Fjs%2Fmedia-gallery.js HTTP/1.1" 200 1174 "-" "Mozilla/5.0 AppleWebKit/537.36 (KHTML, like Gecko; compatible; ClaudeBot/1.0; +claudebot@anthropic.com)"
216.73.216.243 - - [10/Sep/2026:01:15:48 +0000] "GET /wp-admin/%22https:/wordpress.org/documentation/article/appearance-themes-screen/wp-login.php?file=%2Fhome%2Ftransitmeftah%2Fpublic_html%2Fwp-content%2Fplugins%2Froycash HTTP/1.1" 429 0 "-" "Mozilla/5.0 AppleWebKit/537.36 (KHTML, like Gecko; compatible; ClaudeBot/1.0; +claudebot@anthropic.com)"
216.73.216.243 - - [10/Sep/2026:01:15:53 +0000] "GET /wp-admin//%22https:/wordpress.org/documentation/article/appearance-themes-screen/?view=%2Fhome%2Ftransitmeftah%2Fpublic_html%2Fwp-includes%2Fjs%2Fmediaelement%2Fmediaelementplayer-legacy.css HTTP/1.1" 429 0 "-" "Mozilla/5.0 AppleWebKit/537.36 (KHTML, like Gecko; compatible; ClaudeBot/1.0; +claudebot@anthropic.com)"
216.73.216.243 - - [10/Sep/2026:01:15:57 +0000] "GET /wp-admin//%22https:/wordpress.org/documentation/article/appearance-themes-screen/?view=%2Fhome%2Ftransitmeftah%2Fpublic_html%2Fwp-content%2Fthemes%2Ftwentytwentyfive%2Fpatterns%2Fhidden-404.php HTTP/1.1" 429 0 "-" "Mozilla/5.0 AppleWebKit/537.36 (KHTML, like Gecko; compatible; ClaudeBot/1.0; +claudebot@anthropic.com)"
216.73.216.243 - - [10/Sep/2026:01:16:02 +0000] "GET /wp-admin//%22https:/wordpress.org/documentation/article/appearance-themes-screen/?view=%2Fhome%2Ftransitmeftah%2Fpublic_html%2Fwp-admin%2Fjs%2Feditor-expand.min.js HTTP/1.1" 429 0 "-" "Mozilla/5.0 AppleWebKit/537.36 (KHTML, like Gecko; compatible; ClaudeBot/1.0; +claudebot@anthropic.com)"
216.73.216.243 - - [10/Sep/2026:01:16:04 +0000] "GET /wp-admin/%22https:/wordpress.org/documentation/article/appearance-themes-screen/wp-login.php?file=%2Fhome%2Ftransitmeftah%2Fpublic_html%2Fwp-admin%2Fincludes%2Fcontinents-cities.php HTTP/1.1" 429 0 "-" "Mozilla/5.0 AppleWebKit/537.36 (KHTML, like Gecko; compatible; ClaudeBot/1.0; +claudebot@anthropic.com)"
216.73.216.243 - - [10/Sep/2026:01:16:09 +0000] "GET /wp-admin//%22https:/wordpress.org/documentation/article/appearance-themes-screen/?file=%2Fhome%2Ftransitmeftah%2Fpublic_html%2Fwp-includes%2Fjs%2Fcustomize-base.js HTTP/1.1" 429 0 "-" "Mozilla/5.0 AppleWebKit/537.36 (KHTML, like Gecko; compatible; ClaudeBot/1.0; +claudebot@anthropic.com)"
216.73.216.243 - - [10/Sep/2026:01:16:35 +0000] "GET //%22https:/codex.wordpress.org/Appearance_Header_Screen/%22?file=%2Fhome%2Ftransitmeftah%2Fpublic_html%2Fwp-includes%2Fpomo HTTP/1.1" 200 422 "-" "Mozilla/5.0 AppleWebKit/537.36 (KHTML, like Gecko; compatible; ClaudeBot/1.0; +claudebot@anthropic.com)"
216.73.216.243 - - [10/Sep/2026:01:16:38 +0000] "GET /images/%22https:/codex.wordpress.org/Appearance_Header_Screen/privacy.php?file=%2Fhome%2Ftransitmeftah%2Fpublic_html%2Fwp-content%2F5bbdbffc.zip HTTP/1.1" 429 0 "-" "Mozilla/5.0 AppleWebKit/537.36 (KHTML, like Gecko; compatible; ClaudeBot/1.0; +claudebot@anthropic.com)"
216.73.216.243 - - [10/Sep/2026:01:16:43 +0000] "GET //%22https:/codex.wordpress.org/Appearance_Header_Screen/%22?file=%2Fhome%2F0_README_BEFORE_DELETING_VIRTFS HTTP/1.1" 429 0 "-" "Mozilla/5.0 AppleWebKit/537.36 (KHTML, like Gecko; compatible; ClaudeBot/1.0; +claudebot@anthropic.com)"
37.27.51.131 - - [10/Sep/2026:01:16:50 +0000] "GET /?edit=/home/transitmeftah/public_html/wp-blog-header.php HTTP/1.1" 200 812 "-" "Mozilla/5.0 (compatible; SERankingBacklinksBot/1.0; +https://seranking.com/backlinks-crawler)"
216.73.216.243 - - [10/Sep/2026:01:12:14 +0000] "GET /%22https:/codex.wordpress.org/Appearance_Header_Screen/' HTTP/1.1" 200 440 "-" "Mozilla/5.0 AppleWebKit/537.36 (KHTML, like Gecko; compatible; ClaudeBot/1.0; +claudebot@anthropic.com)"
216.73.216.243 - - [10/Sep/2026:01:12:19 +0000] "GET /%22https:/codex.wordpress.org/Appearance_Header_Screen/url%20=x%20%22optional%20title%22 HTTP/1.1" 429 0 "-" "Mozilla/5.0 AppleWebKit/537.36 (KHTML, like Gecko; compatible; ClaudeBot/1.0; +claudebot@anthropic.com)"
37.27.51.131 - - [10/Sep/2026:01:12:38 +0000] "GET /?file=/home/transitmeftah/public_html/wp-trackback.php HTTP/1.1" 200 276 "-" "Mozilla/5.0 (compatible; SERankingBacklinksBot/1.0; +https://seranking.com/backlinks-crawler)"
216.73.216.243 - - [10/Sep/2026:01:13:08 +0000] "GET /%22https:/wordpress.org/support/forums/about.php?edit=%2Fhome%2Ftransitmeftah%2Fwww%2Fwp-admin%2Fimport.php HTTP/1.1" 429 0 "-" "Mozilla/5.0 AppleWebKit/537.36 (KHTML, like Gecko; compatible; ClaudeBot/1.0; +claudebot@anthropic.com)"
216.73.216.243 - - [10/Sep/2026:01:13:13 +0000] "GET /%22https:/codex.wordpress.org/Appearance_Header_Screen/3D%22https:/googleads.g.doublecli=?edit=%2Fhome%2Ftransitmeftah%2Fpublic_html%2Fgoogle582566b8f7d45475.html HTTP/1.1" 429 0 "-" "Mozilla/5.0 AppleWebKit/537.36 (KHTML, like Gecko; compatible; ClaudeBot/1.0; +claudebot@anthropic.com)"
216.73.216.243 - - [10/Sep/2026:01:13:38 +0000] "GET /%22https:/wordpress.org/support/forums/about.php?view=%2Fhome%2Ftransitmeftah%2Fwww%2Fwp-admin%2Ftheme-install.php HTTP/1.1" 429 0 "-" "Mozilla/5.0 AppleWebKit/537.36 (KHTML, like Gecko; compatible; ClaudeBot/1.0; +claudebot@anthropic.com)"
185.220.101.36 - - [10/Sep/2026:01:14:02 +0000] "POST /xmlrpc.php HTTP/1.1" 200 657 "http://transitmeftah.com/" "Mozilla/5.0 (Windows NT 6.1) AppleWebKit/537.36 (KHTML, like Gecko) Chrome/78.0.3904.108 Safari/537.36"
216.73.216.243 - - [10/Sep/2026:01:14:03 +0000] "GET /%22https:/wordpress.org/support/forums/about.php?edit=%2Fhome%2Ftransitmeftah%2Fwww%2Fwp-admin%2Fms-users.php HTTP/1.1" 200 5678 "-" "Mozilla/5.0 AppleWebKit/537.36 (KHTML, like Gecko; compatible; ClaudeBot/1.0; +claudebot@anthropic.com)"
216.73.216.243 - - [10/Sep/2026:01:16:49 +0000] "GET /wp-admin/3D%22https:/api.whatsapp.com/edit-comments.php?file=%2Fhome%2Ftransitmeftah%2Fwww%2Fwp-includes%2Fclass-wp-locale.php HTTP/1.1" 429 0 "-" "Mozilla/5.0 AppleWebKit/537.36 (KHTML, like Gecko; compatible; ClaudeBot/1.0; +claudebot@anthropic.com)"
216.73.216.243 - - [10/Sep/2026:01:16:54 +0000] "GET /wp-admin/3D%22https:/api.whatsapp.com//%22upload.php/%22?file=%2Fhome%2Ftransitmeftah%2Fpublic_html%2Fuser.php HTTP/1.1" 429 0 "-" "Mozilla/5.0 AppleWebKit/537.36 (KHTML, like Gecko; compatible; ClaudeBot/1.0; +claudebot@anthropic.com)"
216.73.216.243 - - [10/Sep/2026:01:16:59 +0000] "GET /wp-admin/3D%22https:/api.whatsapp.com/edit-comments.php?file=%2Fhome%2Ftransitmeftah%2Fwww%2Fwp-includes%2Fcanonical.php HTTP/1.1" 429 0 "-" "Mozilla/5.0 AppleWebKit/537.36 (KHTML, like Gecko; compatible; ClaudeBot/1.0; +claudebot@anthropic.com)"
37.27.51.131 - - [10/Sep/2026:01:19:32 +0000] "GET /?edit=/home/transitmeftah/public_html/shop.php3076-rank213 HTTP/1.1" 200 621 "-" "Mozilla/5.0 (compatible; SERankingBacklinksBot/1.0; +https://seranking.com/backlinks-crawler)"
185.220.100.240 - - [10/Sep/2026:01:20:12 +0000] "POST /xmlrpc.php HTTP/1.1" 200 657 "http://transitmeftah.com/" "Mozilla/5.0 (Windows NT 10.0; Win64; x64; rv:63.0) Gecko/20100101 Firefox/63.0"
37.27.51.131 - - [10/Sep/2026:01:14:56 +0000] "GET /?edit=/home/transitmeftah/public_html/wp-links-opml.php HTTP/1.1" 200 1836 "-" "Mozilla/5.0 (compatible; SERankingBacklinksBot/1.0; +https://seranking.com/backlinks-crawler)"
37.27.51.131 - - [10/Sep/2026:01:15:19 +0000] "GET /?file=/home/transitmeftah/public_html/wp-links-opml.php HTTP/1.1" 200 278 "-" "Mozilla/5.0 (compatible; SERankingBacklinksBot/1.0; +https://seranking.com/backlinks-crawler)"
37.27.51.131 - - [10/Sep/2026:01:17:14 +0000] "GET /?view=/home/transitmeftah/public_html/wp-blog-header.php HTTP/1.1" 200 235 "-" "Mozilla/5.0 (compatible; SERankingBacklinksBot/1.0; +https://seranking.com/backlinks-crawler)"
37.27.51.131 - - [10/Sep/2026:01:18:00 +0000] "GET /?view=/home/transitmeftah/public_html/wp-content/languages/fr_FR-947c76bb5095da30e16668eec15406b2.json HTTP/1.1" 200 1269 "-" "Mozilla/5.0 (compatible; SERankingBacklinksBot/1.0; +https://seranking.com/backlinks-crawler)"
216.73.216.243 - - [10/Sep/2026:01:18:05 +0000] "GET /%7B$submenu_items[0][2]%7D?view=%2Fhome%2Ftransitmeftah%2Fpublic_html%2Fwp-admin%2Fcss%2Fcode-editor-rtl.css HTTP/1.1" 200 511 "-" "Mozilla/5.0 AppleWebKit/537.36 (KHTML, like Gecko; compatible; ClaudeBot/1.0; +claudebot@anthropic.com)"
216.73.216.243 - - [10/Sep/2026:01:18:09 +0000] "GET /%22https:/codex.wordpress.org/Appearance_Header_Screen/3D%22mailto:kakali@shinekoo.com.cn?view=%2Fhome%2Ftransitmeftah%2Fpublic_html%2Fwp-content%2Fmu-plugins%2Fclas.akismet-widget+copy+1.php HTTP/1.1" 429 0 "-" "Mozilla/5.0 AppleWebKit/537.36 (KHTML, like Gecko; compatible; ClaudeBot/1.0; +claudebot@anthropic.com)"
64.190.76.2 - - [10/Sep/2026:01:18:21 +0000] "POST /xmlrpc.php HTTP/1.1" 200 657 "http://transitmeftah.com/" "Mozilla/5.0 (iPhone; CPU iPhone OS 12_4_5 like Mac OS X) AppleWebKit/605.1.15 (KHTML, like Gecko) Version/12.1.2 Mobile/15E148 Safari/604.1"
216.73.216.243 - - [10/Sep/2026:01:19:00 +0000] "GET /images/%22https:/codex.wordpress.org/Appearance_Header_Screen/freedoms.php?file=%2Fhome%2Ftransitmeftah%2Fpublic_html%2Fgoogle59c8bb44196919b8.html HTTP/1.1" 200 5286 "-" "Mozilla/5.0 AppleWebKit/537.36 (KHTML, like Gecko; compatible; ClaudeBot/1.0; +claudebot@anthropic.com)"
37.27.51.131 - - [10/Sep/2026:01:19:09 +0000] "GET /?view=/home/transitmeftah/public_html/shop.php3076-rank213 HTTP/1.1" 200 21 "-" "Mozilla/5.0 (compatible; SERankingBacklinksBot/1.0; +https://seranking.com/backlinks-crawler)"
216.73.216.243 - - [10/Sep/2026:01:19:51 +0000] "GET /images/%22https:/codex.wordpress.org/Appearance_Header_Screen/freedoms.php?file=%2Fhome%2Ftransitmeftah%2Fpublic_html%2Famp.php HTTP/1.1" 200 5276 "-" "Mozilla/5.0 AppleWebKit/537.36 (KHTML, like Gecko; compatible; ClaudeBot/1.0; +claudebot@anthropic.com)"
216.73.216.243 - - [10/Sep/2026:01:19:55 +0000] "GET /%22https:/codex.wordpress.org/Appearance_Header_Screen/wp-admin/css/repair.php?file=%2Fhome%2Ftransitmeftah%2Fpublic_html%2Fwp-content%2Fthemes%2Findex.php HTTP/1.1" 429 0 "-" "Mozilla/5.0 AppleWebKit/537.36 (KHTML, like Gecko; compatible; ClaudeBot/1.0; +claudebot@anthropic.com)"
216.73.216.243 - - [10/Sep/2026:01:20:22 +0000] "GET //%22https:/wordpress.org/support/forums//%22?view=%2Fhome%2Ftransitmeftah%2Fwww%2Fwp-includes%2Fblocks%2Fsocial-link%2Fblock.json HTTP/1.1" 429 0 "-" "Mozilla/5.0 AppleWebKit/537.36 (KHTML, like Gecko; compatible; ClaudeBot/1.0; +claudebot@anthropic.com)"
