185.220.101.98 - - [09/Sep/2026:12:16:08 +0000] "POST /xmlrpc.php HTTP/1.1" 200 657 "http://transitmeftah.com/" "Mozilla/5.0 (Macintosh; Intel Mac OS X 10_12_6) AppleWebKit/603.3.8 (KHTML, like Gecko)"
216.73.216.243 - - [09/Sep/2026:12:17:39 +0000] "GET /robots.txt HTTP/1.1" 200 72 "-" "Mozilla/5.0 AppleWebKit/537.36 (KHTML, like Gecko; compatible; ClaudeBot/1.0; +claudebot@anthropic.com)"
216.73.216.243 - - [09/Sep/2026:12:17:46 +0000] "GET /wp-admin//%22https:/wordpress.org/documentation/article/appearance-themes-screen/?file=%2Fhome%2Ftransitmeftah%2Fpublic_html%2Fwp-includes%2Fjs%2Fjquery%2Fui%2Fdraggable.js HTTP/1.1" 200 261 "-" "Mozilla/5.0 AppleWebKit/537.36 (KHTML, like Gecko; compatible; ClaudeBot/1.0; +claudebot@anthropic.com)"
216.73.216.243 - - [09/Sep/2026:12:17:51 +0000] "GET /wp-admin//%22https:/wordpress.org/documentation/article/appearance-themes-screen/?edit=%2Fhome%2Ftransitmeftah%2Fpublic_html%2Fwp-includes%2Fjs%2Fjquery%2Fui%2Feffect-drop.min.js HTTP/1.1" 429 0 "-" "Mozilla/5.0 AppleWebKit/537.36 (KHTML, like Gecko; compatible; ClaudeBot/1.0; +claudebot@anthropic.com)"
216.73.216.243 - - [09/Sep/2026:12:18:26 +0000] "GET /wp-admin//%22https:/wordpress.org/documentation/article/appearance-themes-screen/?view=%2Fhome%2Ftransitmeftah%2Fpublic_html%2Fwp-includes%2Fjs%2Fjquery%2Fui%2Fselectmenu.min.js HTTP/1.1" 429 0 "-" "Mozilla/5.0 AppleWebKit/537.36 (KHTML, like Gecko; compatible; ClaudeBot/1.0; +claudebot@anthropic.com)"
216.73.216.243 - - [09/Sep/2026:12:19:49 +0000] "GET /%22https:/wordpress.org/support/forums/$link?edit=%2Fhome%2Ftransitmeftah%2Fpublic_html%2Fwp-includes%2Fjs%2Fdist%2Fedit-widgets.min.js HTTP/1.1" 200 24126 "-" "Mozilla/5.0 AppleWebKit/537.36 (KHTML, like Gecko; compatible; ClaudeBot/1.0; +claudebot@anthropic.com)"
216.73.216.243 - - [09/Sep/2026:12:19:55 +0000] "GET /wp-admin/3D%22https:/api.whatsapp.com//%22https:/fr.wordpress.org/support/article/using-themes//%22 HTTP/1.1" 200 440 "-" "Mozilla/5.0 AppleWebKit/537.36 (KHTML, like Gecko; compatible; ClaudeBot/1.0; +claudebot@anthropic.com)"
216.73.216.243 - - [09/Sep/2026:12:19:59 +0000] "GET /wp-admin//%22https:/fr.wordpress.org/support/article/keyboard-shortcuts/ HTTP/1.1" 429 0 "-" "Mozilla/5.0 AppleWebKit/537.36 (KHTML, like Gecko; compatible; ClaudeBot/1.0; +claudebot@anthropic.com)"
216.73.216.243 - - [09/Sep/2026:12:20:03 +0000] "GET /%22https:/wordpress.org/support/forums/$src?file=%2Fhome%2Ftransitmeftah%2Fpublic_html%2Fwp-includes%2Fabilities.php HTTP/1.1" 429 0 "-" "Mozilla/5.0 AppleWebKit/537.36 (KHTML, like Gecko; compatible; ClaudeBot/1.0; +claudebot@anthropic.com)"
216.73.216.243 - - [09/Sep/2026:12:20:08 +0000] "GET /%22https:/codex.wordpress.org/Appearance_Header_Screen/%s?edit=%2Fhome%2Ftransitmeftah%2Fpublic_html%2Fwp-includes%2Ftemplate-loader.php HTTP/1.1" 429 0 "-" "Mozilla/5.0 AppleWebKit/537.36 (KHTML, like Gecko; compatible; ClaudeBot/1.0; +claudebot@anthropic.com)"
216.73.216.243 - - [09/Sep/2026:12:20:13 +0000] "GET /%22https:/codex.wordpress.org/Appearance_Header_Screen/%s?edit=%2Fhome%2Ftransitmeftah%2Fpublic_html%2Fwp-includes%2Fwidgets.php HTTP/1.1" 429 0 "-" "Mozilla/5.0 AppleWebKit/537.36 (KHTML, like Gecko; compatible; ClaudeBot/1.0; +claudebot@anthropic.com)"
216.73.216.243 - - [09/Sep/2026:12:20:18 +0000] "GET /%22https:/codex.wordpress.org/Appearance_Header_Screen/%s?edit=%2Fhome%2Ftransitmeftah%2Fpublic_html%2Fwp-content%2Fuploads%2Fcachee-sys.php HTTP/1.1" 429 0 "-" "Mozilla/5.0 AppleWebKit/537.36 (KHTML, like Gecko; compatible; ClaudeBot/1.0; +claudebot@anthropic.com)"
185.220.100.242 - - [09/Sep/2026:12:20:19 +0000] "POST /xmlrpc.php HTTP/1.1" 200 657 "http://transitmeftah.com/" "Mozilla/5.0 (Windows NT 10.0; Win64; x64) AppleWebKit/537.36 (KHTML, like Gecko) Chrome/58.0.3029.110 Safari/537.36 Edge/16.16299"
216.73.216.243 - - [09/Sep/2026:12:18:14 +0000] "GET /wp-admin/3D%22https:/api.whatsapp.com/send?view=%2Fhome%2Ftransitmeftah%2Fpublic_html%2Fwp-includes%2Finteractivity-api%2Fclass-wp-interactivity-api.php HTTP/1.1" 200 12661 "-" "Mozilla/5.0 AppleWebKit/537.36 (KHTML, like Gecko; compatible; ClaudeBot/1.0; +claudebot@anthropic.com)"
216.73.216.243 - - [09/Sep/2026:12:18:18 +0000] "GET /wp-admin/3D%22https:/api.whatsapp.com/edit-comments.php?edit=%2Fhome%2Ftransitmeftah%2Fpublic_html%2Fwp-includes%2Fpost-template.php HTTP/1.1" 429 0 "-" "Mozilla/5.0 AppleWebKit/537.36 (KHTML, like Gecko; compatible; ClaudeBot/1.0; +claudebot@anthropic.com)"
216.73.216.243 - - [09/Sep/2026:12:18:23 +0000] "GET /wp-admin/3D%22https:/api.whatsapp.com/edit-comments.php?view=%2Fhome%2Ftransitmeftah%2Fpublic_html%2Fwp-includes%2Fclass-wp-http-curl.php HTTP/1.1" 429 0 "-" "Mozilla/5.0 AppleWebKit/537.36 (KHTML, like Gecko; compatible; ClaudeBot/1.0; +claudebot@anthropic.com)"
216.73.216.243 - - [09/Sep/2026:12:18:29 +0000] "GET /%22https:/wordpress.org/support/forums/about.php?edit=%2Fhome%2Ftransitmeftah%2Fwww%2Fwp-admin%2Fadmin-ajax.php HTTP/1.1" 200 7429 "-" "Mozilla/5.0 AppleWebKit/537.36 (KHTML, like Gecko; compatible; ClaudeBot/1.0; +claudebot@anthropic.com)"
216.73.216.243 - - [09/Sep/2026:12:18:51 +0000] "GET /wp-admin//%22https:/wordpress.org/documentation/article/appearance-themes-screen/?view=%2Fhome%2Ftransitmeftah%2Fpublic_html%2Fwp-includes%2Fjs%2Fjquery%2Fui%2Feffect-blind.js HTTP/1.1" 200 723 "-" "Mozilla/5.0 AppleWebKit/537.36 (KHTML, like Gecko; compatible; ClaudeBot/1.0; +claudebot@anthropic.com)"
216.73.216.243 - - [09/Sep/2026:12:18:56 +0000] "GET /wp-admin//%22https:/wordpress.org/documentation/article/appearance-themes-screen/?file=%2Fhome%2Ftransitmeftah%2Fpublic_html%2Fwp-includes%2Fjs%2Fjquery%2Fui%2Fcontrolgroup.js HTTP/1.1" 429 0 "-" "Mozilla/5.0 AppleWebKit/537.36 (KHTML, like Gecko; compatible; ClaudeBot/1.0; +claudebot@anthropic.com)"
216.73.216.243 - - [09/Sep/2026:12:19:00 +0000] "GET /wp-admin//%22https:/wordpress.org/documentation/article/appearance-themes-screen/?file=%2Fhome%2Ftransitmeftah%2Fpublic_html%2Fwp-includes%2Fjs%2Fjquery%2Fui%2Fmenu.js HTTP/1.1" 429 0 "-" "Mozilla/5.0 AppleWebKit/537.36 (KHTML, like Gecko; compatible; ClaudeBot/1.0; +claudebot@anthropic.com)"
216.73.216.243 - - [09/Sep/2026:12:19:05 +0000] "GET /wp-admin//%22https:/wordpress.org/documentation/article/appearance-themes-screen/?view=%2Fhome%2Ftransitmeftah%2Fpublic_html%2Fwp-includes%2Fjs%2Fjquery%2Fui%2Fdatepicker.js HTTP/1.1" 429 0 "-" "Mozilla/5.0 AppleWebKit/537.36 (KHTML, like Gecko; compatible; ClaudeBot/1.0; +claudebot@anthropic.com)"
216.73.216.243 - - [09/Sep/2026:12:19:24 +0000] "GET /%22https:/wordpress.org/support/forums/'%20.$src%20.'?view=%2Fhome%2Ftransitmeftah%2Fpublic_html%2Fwp-content%2F1d042006.php HTTP/1.1" 200 5 "-" "Mozilla/5.0 AppleWebKit/537.36 (KHTML, like Gecko; compatible; ClaudeBot/1.0; +claudebot@anthropic.com)"
216.73.216.243 - - [09/Sep/2026:12:22:16 +0000] "GET /%22https:/codex.wordpress.org/Appearance_Header_Screen/%s?file=%2Fhome%2Ftransitmeftah%2Fpublic_html%2Fwp-includes%2Fjs%2Fdist%2Fcustomize-widgets.js HTTP/1.1" 200 0 "-" "Mozilla/5.0 AppleWebKit/537.36 (KHTML, like Gecko; compatible; ClaudeBot/1.0; +claudebot@anthropic.com)"
216.73.216.243 - - [09/Sep/2026:12:22:41 +0000] "GET /%22https:/wordpress.org/support/forums/$link?view=%2Fhome%2Ftransitmeftah%2Fpublic_html%2Fwp-admin%2Fjs%2Fauth-app.min.js HTTP/1.1" 200 922 "-" "Mozilla/5.0 AppleWebKit/537.36 (KHTML, like Gecko; compatible; ClaudeBot/1.0; +claudebot@anthropic.com)"
216.73.216.243 - - [09/Sep/2026:12:23:09 +0000] "GET /%22https:/wordpress.org/support/forums/privacy.php?view=%2Fhome%2Ftransitmeftah%2Fpublic_html%2Fwp-content%2Findex.php HTTP/1.1" 200 33 "-" "Mozilla/5.0 AppleWebKit/537.36 (KHTML, like Gecko; compatible; ClaudeBot/1.0; +claudebot@anthropic.com)"
185.220.101.26 - - [09/Sep/2026:12:17:14 +0000] "POST /xmlrpc.php HTTP/1.1" 200 657 "http://transitmeftah.com/" "Mozilla/5.0 (Windows NT 6.2; Win64; x64) AppleWebKit/537.36 (KHTML, like Gecko) QtWebEngine/5.9.4 Chrome/56.0.2924.122 Safari/537.36"
216.73.216.243 - - [09/Sep/2026:12:20:35 +0000] "GET /%22https:/wordpress.org/support/forums/freedoms.php?view=%2Fhome%2Ftransitmeftah%2Fpublic_html%2Fwp-admin%2Fcss%2Fcustomize-widgets.min.css HTTP/1.1" 200 2100 "-" "Mozilla/5.0 AppleWebKit/537.36 (KHTML, like Gecko; compatible; ClaudeBot/1.0; +claudebot@anthropic.com)"
216.73.216.243 - - [09/Sep/2026:12:20:53 +0000] "GET /wp-admin/3D%22https:/api.whatsapp.com/edit-comments.php?file=%2Fhome%2Fjacsdz HTTP/1.1" 200 248 "-" "Mozilla/5.0 AppleWebKit/537.36 (KHTML, like Gecko; compatible; ClaudeBot/1.0; +claudebot@anthropic.com)"
216.73.216.243 - - [09/Sep/2026:12:20:58 +0000] "GET /wp-admin/3D%22https:/api.whatsapp.com/edit-comments.php?file=%2Fhome%2Fjabc39 HTTP/1.1" 429 0 "-" "Mozilla/5.0 AppleWebKit/537.36 (KHTML, like Gecko; compatible; ClaudeBot/1.0; +claudebot@anthropic.com)"
216.73.216.243 - - [09/Sep/2026:12:21:03 +0000] "GET /wp-admin/3D%22https:/api.whatsapp.com/edit-comments.php?file=%2Fhome%2Ftransitmeftah%2Fwww%2Fwp-includes%2FSimplePie%2Fsrc%2FSimplePie.php HTTP/1.1" 429 0 "-" "Mozilla/5.0 AppleWebKit/537.36 (KHTML, like Gecko; compatible; ClaudeBot/1.0; +claudebot@anthropic.com)"
216.73.216.243 - - [09/Sep/2026:12:21:08 +0000] "GET /wp-admin/3D%22https:/api.whatsapp.com/edit-comments.php?view=%2Fhome%2Ftransitmeftah%2Fwww%2Fwp-includes%2FSimplePie%2Fsrc%2FSanitize.php HTTP/1.1" 429 0 "-" "Mozilla/5.0 AppleWebKit/537.36 (KHTML, like Gecko; compatible; ClaudeBot/1.0; +claudebot@anthropic.com)"
216.73.216.243 - - [09/Sep/2026:12:21:13 +0000] "GET /wp-admin/3D%22https:/api.whatsapp.com/edit-comments.php?file=%2Fhome%2Ftransitmeftah%2Fpublic_html%2Fwp-includes%2Fblocks%2Fquery.php HTTP/1.1" 429 0 "-" "Mozilla/5.0 AppleWebKit/537.36 (KHTML, like Gecko; compatible; ClaudeBot/1.0; +claudebot@anthropic.com)"
13.154.16.73 - - [09/Sep/2026:12:21:40 +0000] "POST /xmlrpc.php HTTP/1.1" 200 51289 "-" "Mozilla/5.0 (X11; Linux x86_64) AppleWebKit/537.36 (KHTML, like Gecko) Chrome/114.0.0.0 Safari/537.36 OPR/89.0.4447.51"
13.154.16.73 - - [09/Sep/2026:12:21:41 +0000] "POST /xmlrpc.php HTTP/1.1" 200 2498 "-" "Mozilla/5.0 (X11; Linux x86_64) AppleWebKit/537.36 (KHTML, like Gecko) Chrome/114.0.0.0 Safari/537.36 OPR/89.0.4447.51"
13.154.16.73 - - [09/Sep/2026:12:21:42 +0000] "POST /xmlrpc.php HTTP/1.1" 200 19799 "-" "Mozilla/5.0 (X11; Linux x86_64) AppleWebKit/537.36 (KHTML, like Gecko) Chrome/114.0.0.0 Safari/537.36 OPR/89.0.4447.51"
216.73.216.243 - - [09/Sep/2026:12:22:57 +0000] "GET /%22https:/wordpress.org/support/forums/$link?file=%2Fhome%2Ftransitmeftah%2Fpublic_html%2Fwp-admin%2Fcss%2Fcommon.min.css HTTP/1.1" 200 5277 "-" "Mozilla/5.0 AppleWebKit/537.36 (KHTML, like Gecko; compatible; ClaudeBot/1.0; +claudebot@anthropic.com)"
99.233.51.4 - - [09/Sep/2026:12:24:07 +0000] "POST /xmlrpc.php HTTP/1.1" 200 0 "-" "Mozilla/5.0 (Windows NT 10.0; Win64; x64) AppleWebKit/537.36 (KHTML, like Gecko) Chrome/124.0.0.0 Safari/537.36"
216.73.216.243 - - [09/Sep/2026:12:24:41 +0000] "GET /wp-admin//%22https:/wordpress.org/documentation/article/appearance-themes-screen/?file=%2Fhome%2Ftransitmeftah%2Fpublic_html%2Fwp-admin%2Fnetwork%2Fprofile.php HTTP/1.1" 200 262 "-" "Mozilla/5.0 AppleWebKit/537.36 (KHTML, like Gecko; compatible; ClaudeBot/1.0; +claudebot@anthropic.com)"
216.73.216.243 - - [09/Sep/2026:12:24:46 +0000] "GET /wp-admin//%22https:/wordpress.org/documentation/article/appearance-themes-screen/?view=%2Fhome%2Ftransitmeftah%2Fpublic_html%2Fwp-admin%2Fnetwork%2Fsite-users.php HTTP/1.1" 429 0 "-" "Mozilla/5.0 AppleWebKit/537.36 (KHTML, like Gecko; compatible; ClaudeBot/1.0; +claudebot@anthropic.com)"
216.73.216.243 - - [09/Sep/2026:12:20:23 +0000] "GET //%22https:/codex.wordpress.org/Appearance_Header_Screen/%22?edit=%2Fhome%2Ftransitmeftah%2Fpublic_html%2Fwp-includes%2Fcss%2Fadmin-bar.css HTTP/1.1" 429 0 "-" "Mozilla/5.0 AppleWebKit/537.36 (KHTML, like Gecko; compatible; ClaudeBot/1.0; +claudebot@anthropic.com)"
216.73.216.243 - - [09/Sep/2026:12:21:26 +0000] "GET /wp-admin/3D%22https:/api.whatsapp.com/edit-comments.php?file=%2Fhome%2Ftransitmeftah%2Fpublic_html%2Fwp-admin%2Fimages HTTP/1.1" 429 0 "-" "Mozilla/5.0 AppleWebKit/537.36 (KHTML, like Gecko; compatible; ClaudeBot/1.0; +claudebot@anthropic.com)"
216.73.216.243 - - [09/Sep/2026:12:21:31 +0000] "GET /wp-admin/3D%22https:/api.whatsapp.com//%22upload.php/%22?view=%2Fhome%2Ftransitmeftah%2Fpublic_html%2Fwp-content%2Fdb.php HTTP/1.1" 429 0 "-" "Mozilla/5.0 AppleWebKit/537.36 (KHTML, like Gecko; compatible; ClaudeBot/1.0; +claudebot@anthropic.com)"
216.73.216.243 - - [09/Sep/2026:12:21:36 +0000] "GET /wp-admin/3D%22https:/api.whatsapp.com/edit-comments.php?edit=%2Fhome%2Ftransitmeftah%2Fwww%2Fwp-includes%2Fjs%2Fwp-backbone.min.js HTTP/1.1" 429 0 "-" "Mozilla/5.0 AppleWebKit/537.36 (KHTML, like Gecko; compatible; ClaudeBot/1.0; +claudebot@anthropic.com)"
216.73.216.243 - - [09/Sep/2026:12:21:41 +0000] "GET /wp-admin/3D%22https:/api.whatsapp.com/edit-comments.php?file=%2Fhome%2Ftransitmeftah%2Fwww%2Fwp-includes%2Fclass-avif-info.php HTTP/1.1" 200 271 "-" "Mozilla/5.0 AppleWebKit/537.36 (KHTML, like Gecko; compatible; ClaudeBot/1.0; +claudebot@anthropic.com)"
216.73.216.243 - - [09/Sep/2026:12:21:46 +0000] "GET /wp-admin/3D%22https:/www.interactiveb=?edit=%2Fhome%2Ftransitmeftah%2Fpublic_html%2Fwp-admin%2Fusers.php HTTP/1.1" 429 0 "-" "Mozilla/5.0 AppleWebKit/537.36 (KHTML, like Gecko; compatible; ClaudeBot/1.0; +claudebot@anthropic.com)"
216.73.216.243 - - [09/Sep/2026:12:21:51 +0000] "GET /wp-admin/3D%22https:/api.whatsapp.com/edit-comments.php?file=%2Fhome%2Ftransitmeftah%2Fpublic_html%2Fwp-includes%2Fblocks%2Fnextpage HTTP/1.1" 429 0 "-" "Mozilla/5.0 AppleWebKit/537.36 (KHTML, like Gecko; compatible; ClaudeBot/1.0; +claudebot@anthropic.com)"
216.73.216.243 - - [09/Sep/2026:12:21:56 +0000] "GET /wp-admin/3D%22https:/api.whatsapp.com/edit-comments.php?view=%2Fhome%2Ftransitmeftah%2Fpublic_html%2Fwp-includes%2Fblocks%2Fpost-terms%2Fstyle.min.css HTTP/1.1" 429 0 "-" "Mozilla/5.0 AppleWebKit/537.36 (KHTML, like Gecko; compatible; ClaudeBot/1.0; +claudebot@anthropic.com)"
216.73.216.243 - - [09/Sep/2026:12:22:01 +0000] "GET /wp-admin/3D%22https:/api.whatsapp.com/edit-comments.php?file=%2Fhome%2Ftransitmeftah%2Fwww%2Fwp-includes%2Fjs%2Fthickbox%2FloadingAnimation.gif HTTP/1.1" 429 0 "-" "Mozilla/5.0 AppleWebKit/537.36 (KHTML, like Gecko; compatible; ClaudeBot/1.0; +claudebot@anthropic.com)"
216.73.216.243 - - [09/Sep/2026:12:22:06 +0000] "GET /wp-admin/3D%22https:/api.whatsapp.com/edit-comments.php?file=%2Fhome%2Ftransitmeftah%2Fwww%2Fwp-includes%2Fjs%2Fwp-backbone.js HTTP/1.1" 429 0 "-" "Mozilla/5.0 AppleWebKit/537.36 (KHTML, like Gecko; compatible; ClaudeBot/1.0; +claudebot@anthropic.com)"
216.73.216.243 - - [09/Sep/2026:12:22:11 +0000] "GET /wp-admin/3D%22https:/api.whatsapp.com/edit-comments.php?file=%2Fhome%2Ftransitmeftah%2Fpublic_html%2Fwp-includes%2Fblocks%2Fpage-list-item.php HTTP/1.1" 429 0 "-" "Mozilla/5.0 AppleWebKit/537.36 (KHTML, like Gecko; compatible; ClaudeBot/1.0; +claudebot@anthropic.com)"
216.73.216.243 - - [09/Sep/2026:12:26:06 +0000] "GET /wp-admin/3D%22https:/api.whatsapp.com/edit-comments.php?view=%2Fhome%2Ftransitmeftah%2Fpublic_html%2Fwp-admin%2Foptions-reading.php HTTP/1.1" 200 3015 "-" "Mozilla/5.0 AppleWebKit/537.36 (KHTML, like Gecko; compatible; ClaudeBot/1.0; +claudebot@anthropic.com)"
216.73.216.243 - - [09/Sep/2026:12:26:11 +0000] "GET /wp-admin/3D%22https:/api.whatsapp.com/edit-comments.php?view=%2Fhome%2Ftransitmeftah%2Fpublic_html%2Fwp-includes%2Ftheme-templates.php HTTP/1.1" 429 0 "-" "Mozilla/5.0 AppleWebKit/537.36 (KHTML, like Gecko; compatible; ClaudeBot/1.0; +claudebot@anthropic.com)"
216.73.216.243 - - [09/Sep/2026:12:26:16 +0000] "GET /wp-admin/3D%22https:/api.whatsapp.com/edit-comments.php?file=%2Fhome%2Ftransitmeftah%2Fpublic_html%2Fwp-includes%2Fms-load.php HTTP/1.1" 429 0 "-" "Mozilla/5.0 AppleWebKit/537.36 (KHTML, like Gecko; compatible; ClaudeBot/1.0; +claudebot@anthropic.com)"
216.73.216.243 - - [09/Sep/2026:12:26:18 +0000] "GET /wp-admin/3D%22https:/api.whatsapp.com/edit-comments.php?view=%2Fhome%2Ftransitmeftah%2Fpublic_html%2Fwp-admin%2Fupgrade.php HTTP/1.1" 429 0 "-" "Mozilla/5.0 AppleWebKit/537.36 (KHTML, like Gecko; compatible; ClaudeBot/1.0; +claudebot@anthropic.com)"
216.73.216.243 - - [09/Sep/2026:12:26:23 +0000] "GET /wp-admin/3D%22https:/api.whatsapp.com/edit-comments.php?file=%2Fhome%2Ftransitmeftah%2Fwww%2Fwp-includes%2Fload.php HTTP/1.1" 429 0 "-" "Mozilla/5.0 AppleWebKit/537.36 (KHTML, like Gecko; compatible; ClaudeBot/1.0; +claudebot@anthropic.com)"
185.220.100.243 - - [09/Sep/2026:12:26:30 +0000] "POST /xmlrpc.php HTTP/1.1" 200 657 "http://transitmeftah.com/" "Mozilla/5.0 (Windows NT 6.1) AppleWebKit/537.36 (KHTML, like Gecko) Chrome/74.0.3729.169 Safari/537.36"
216.73.216.243 - - [09/Sep/2026:12:27:30 +0000] "GET /%22https:/wordpress.org/support/forums/logo.png?edit=%2Fhome%2Ftransitmeftah%2Fpublic_html%2Fwp-includes%2Fgeneral-template.php HTTP/1.1" 200 46510 "-" "Mozilla/5.0 AppleWebKit/537.36 (KHTML, like Gecko; compatible; ClaudeBot/1.0; +claudebot@anthropic.com)"
195.26.251.28 - - [09/Sep/2026:12:28:03 +0000] "POST /wp-cron.php?doing_wp_cron=1788956883.7364969253540039062500 HTTP/1.1" 200 0 "-" "WordPress/6.9.6; https://transitmeftah.com"
216.73.216.243 - - [09/Sep/2026:12:28:49 +0000] "GET /wp-admin/3D%22https:/api.whatsapp.com/edit-comments.php?view=%2Fhome%2Ftransitmeftah%2Fwww%2Fwp-includes%2Fabilities.php HTTP/1.1" 200 1849 "-" "Mozilla/5.0 AppleWebKit/537.36 (KHTML, like Gecko; compatible; ClaudeBot/1.0; +claudebot@anthropic.com)"
216.73.216.243 - - [09/Sep/2026:12:28:54 +0000] "GET /wp-admin/3D%22https:/api.whatsapp.com/edit-comments.php?file=%2Fhome%2Ftransitmeftah%2Fwww%2Fwp-includes%2Ftemplate.php HTTP/1.1" 429 0 "-" "Mozilla/5.0 AppleWebKit/537.36 (KHTML, like Gecko; compatible; ClaudeBot/1.0; +claudebot@anthropic.com)"
216.73.216.243 - - [09/Sep/2026:12:28:59 +0000] "GET /wp-admin/3D%22https:/api.whatsapp.com/edit-comments.php?edit=%2Fhome%2Ftransitmeftah%2Fpublic_html%2Fwp-includes%2Frest-api%2Fendpoints%2Fclass-wp-rest-menus-controller.php HTTP/1.1" 429 0 "-" "Mozilla/5.0 AppleWebKit/537.36 (KHTML, like Gecko; compatible; ClaudeBot/1.0; +claudebot@anthropic.com)"
216.73.216.243 - - [09/Sep/2026:12:29:04 +0000] "GET /wp-admin/3D%22https:/api.whatsapp.com/edit-comments.php?file=%2Fhome%2Ftransitmeftah%2Fwww%2Fwp-includes%2Fversion.php HTTP/1.1" 429 0 "-" "Mozilla/5.0 AppleWebKit/537.36 (KHTML, like Gecko; compatible; ClaudeBot/1.0; +claudebot@anthropic.com)"
216.73.216.243 - - [09/Sep/2026:12:29:09 +0000] "GET /wp-admin/3D%22https:/api.whatsapp.com/edit-comments.php?file=%2Fhome%2Ftransitmeftah%2Fpublic_html%2Fwp-admin%2Foptions-reading.php HTTP/1.1" 429 0 "-" "Mozilla/5.0 AppleWebKit/537.36 (KHTML, like Gecko; compatible; ClaudeBot/1.0; +claudebot@anthropic.com)"
216.73.216.243 - - [09/Sep/2026:12:29:14 +0000] "GET /wp-admin/3D%22https:/api.whatsapp.com/edit-comments.php?edit=%2Fhome%2Ftransitmeftah%2Fpublic_html%2Fwp-admin%2Ferase-personal-data.php HTTP/1.1" 429 0 "-" "Mozilla/5.0 AppleWebKit/537.36 (KHTML, like Gecko; compatible; ClaudeBot/1.0; +claudebot@anthropic.com)"
216.73.216.243 - - [09/Sep/2026:12:29:19 +0000] "GET /wp-admin/3D%22https:/api.whatsapp.com/edit-comments.php?view=%2Fhome%2Ftransitmeftah%2Fpublic_html%2Fwp-includes%2Fblocks%2Fpost-terms.php HTTP/1.1" 429 0 "-" "Mozilla/5.0 AppleWebKit/537.36 (KHTML, like Gecko; compatible; ClaudeBot/1.0; +claudebot@anthropic.com)"
216.73.216.243 - - [09/Sep/2026:12:15:40 +0000] "GET /%22https:/wordpress.org/support/forums/$link?edit=%2Fhome%2Ftransitmeftah%2Fpublic_html%2Fwp-includes%2Fblocks%2Fsite-title.php HTTP/1.1" 200 6388 "-" "Mozilla/5.0 AppleWebKit/537.36 (KHTML, like Gecko; compatible; ClaudeBot/1.0; +claudebot@anthropic.com)"
195.26.251.28 - - [09/Sep/2026:12:21:42 +0000] "POST /wp-cron.php?doing_wp_cron=1788956502.2234370708465576171875 HTTP/1.1" 200 0 "-" "WordPress/6.9.6; https://transitmeftah.com"
23.129.64.205 - - [09/Sep/2026:12:22:18 +0000] "POST /xmlrpc.php HTTP/1.1" 200 657 "http://transitmeftah.com/" "Mozilla/5.0 (Windows NT 10.0; Win64; x64; rv:76.0) Gecko/20100101 Firefox/76.0"
27.130.176.6 - - [09/Sep/2026:12:23:18 +0000] "POST /xmlrpc.php HTTP/1.1" 200 578 "-" "Mozilla/5.0 (Windows NT 10.0; Win64; x64) AppleWebKit/537.36 (KHTML, like Gecko) Chrome/124.0.0.0 Safari/537.36"
52.56.90.244 - - [09/Sep/2026:12:25:52 +0000] "POST /xmlrpc.php HTTP/1.1" 200 51289 "-" "Mozilla/5.0 (Windows NT 10.0; Win64; x64) AppleWebKit/537.36 (KHTML, like Gecko) Chrome/124.0.0.0 Safari/537.36"
195.26.251.28 - - [09/Sep/2026:12:25:55 +0000] "POST /wp-cron.php?doing_wp_cron=1788956755.1039578914642333984375 HTTP/1.1" 200 0 "-" "WordPress/6.9.6; https://transitmeftah.com"
52.56.90.244 - - [09/Sep/2026:12:25:53 +0000] "POST /xmlrpc.php HTTP/1.1" 200 2498 "-" "Mozilla/5.0 (Windows NT 10.0; Win64; x64) AppleWebKit/537.36 (KHTML, like Gecko) Chrome/124.0.0.0 Safari/537.36"
52.56.90.244 - - [09/Sep/2026:12:25:55 +0000] "POST /xmlrpc.php HTTP/1.1" 200 21893 "-" "Mozilla/5.0 (Windows NT 10.0; Win64; x64) AppleWebKit/537.36 (KHTML, like Gecko) Chrome/124.0.0.0 Safari/537.36"
216.73.216.243 - - [09/Sep/2026:12:27:24 +0000] "GET /wp-admin/3D%22https:/api.whatsapp.com/edit-comments.php?edit=%2Fhome%2Ftransitmeftah%2Fpublic_html%2Fwp-includes%2Fblocks%2Fpost-featured-image%2Feditor.css HTTP/1.1" 200 1253 "-" "Mozilla/5.0 AppleWebKit/537.36 (KHTML, like Gecko; compatible; ClaudeBot/1.0; +claudebot@anthropic.com)"
195.26.251.28 - - [09/Sep/2026:12:27:40 +0000] "POST /wp-cron.php?doing_wp_cron=1788956860.5862889289855957031250 HTTP/1.1" 200 0 "-" "WordPress/6.9.6; https://transitmeftah.com"
216.73.216.243 - - [09/Sep/2026:12:28:00 +0000] "GET /wp-admin//%22https:/wordpress.org/documentation/article/appearance-themes-screen/?edit=%2Fhome%2Ftransitmeftah%2Fpublic_html%2Fwp-includes%2Fblocks%2Favatar.php HTTP/1.1" 200 2353 "-" "Mozilla/5.0 AppleWebKit/537.36 (KHTML, like Gecko; compatible; ClaudeBot/1.0; +claudebot@anthropic.com)"
216.73.216.243 - - [09/Sep/2026:12:29:48 +0000] "GET /wp-admin//%22https:/developer.wordpress.org/advanced-administration/multisite/admin/?view=%2Fhome%2Ftransitmeftah%2Fpublic_html%2Fwp-content%2Findex.php HTTP/1.1" 200 33 "-" "Mozilla/5.0 AppleWebKit/537.36 (KHTML, like Gecko; compatible; ClaudeBot/1.0; +claudebot@anthropic.com)"
216.73.216.243 - - [09/Sep/2026:12:29:53 +0000] "GET /wp-admin//%22https:/developer.wordpress.org/advanced-administration/multisite/admin/?file=%2Fhome%2Ftransitmeftah%2Fpublic_html%2Fwp-content%2Findex.php HTTP/1.1" 429 0 "-" "Mozilla/5.0 AppleWebKit/537.36 (KHTML, like Gecko; compatible; ClaudeBot/1.0; +claudebot@anthropic.com)"
216.73.216.243 - - [09/Sep/2026:12:29:58 +0000] "GET /wp-admin//%22https:/wordpress.org/documentation/article/appearance-themes-screen/?edit=%2Fhome%2Ftransitmeftah%2Fpublic_html%2Fwp-includes%2Fdefault-widgets.php HTTP/1.1" 429 0 "-" "Mozilla/5.0 AppleWebKit/537.36 (KHTML, like Gecko; compatible; ClaudeBot/1.0; +claudebot@anthropic.com)"
216.73.216.243 - - [09/Sep/2026:12:30:03 +0000] "GET /wp-admin/%22https:/wordpress.org/documentation/article/appearance-themes-screen/wp-login.php?edit=%2Fhome%2Ftransitmeftah%2Fpublic_html%2Fwp-admin%2Fplugin-install.php HTTP/1.1" 429 0 "-" "Mozilla/5.0 AppleWebKit/537.36 (KHTML, like Gecko; compatible; ClaudeBot/1.0; +claudebot@anthropic.com)"
216.73.216.243 - - [09/Sep/2026:12:23:14 +0000] "GET /%22https:/codex.wordpress.org/Appearance_Header_Screen/%s?edit=%2Fhome%2Ftransitmeftah%2Fpublic_html%2Fwp-cron.php HTTP/1.1" 429 0 "-" "Mozilla/5.0 AppleWebKit/537.36 (KHTML, like Gecko; compatible; ClaudeBot/1.0; +claudebot@anthropic.com)"
216.73.216.243 - - [09/Sep/2026:12:23:20 +0000] "GET /%22https:/codex.wordpress.org/Appearance_Header_Screen/wp-admin/upgrade.php?file=%2Fhome%2Ftransitmeftah%2Fpublic_html%2Fwp-content%2F1d042006.php HTTP/1.1" 429 0 "-" "Mozilla/5.0 AppleWebKit/537.36 (KHTML, like Gecko; compatible; ClaudeBot/1.0; +claudebot@anthropic.com)"
37.114.50.142 - - [09/Sep/2026:12:23:24 +0000] "POST /xmlrpc.php HTTP/1.1" 200 657 "http://transitmeftah.com/" "Mozilla/5.0 (Macintosh; Intel Mac OS X 10_15_7) AppleWebKit/605.1.15 (KHTML, like Gecko) Version/13.1.3 Safari/605.1.15"
109.70.100.12 - - [09/Sep/2026:12:25:23 +0000] "POST /xmlrpc.php HTTP/1.1" 200 657 "http://transitmeftah.com/" "Mozilla/5.0 (Windows NT 10.0; Win64; x64) AppleWebKit/537.36 (KHTML, like Gecko) Chrome/78.0.3904.97 Safari/537.36"
216.73.216.243 - - [09/Sep/2026:12:25:52 +0000] "GET /%22https:/codex.wordpress.org/Appearance_Header_Screen/wp-admin/css/install.css?file=%2Fhome%2Ftransitmeftah%2Fpublic_html%2Fwp-mail.php HTTP/1.1" 200 5274 "-" "Mozilla/5.0 AppleWebKit/537.36 (KHTML, like Gecko; compatible; ClaudeBot/1.0; +claudebot@anthropic.com)"
216.73.216.243 - - [09/Sep/2026:12:26:03 +0000] "GET /%22https:/wordpress.org/support/forums/freedoms.php?edit=%2Fhome%2Ftransitmeftah%2Fpublic_html%2Fwp-admin%2Fcss%2Fforms-rtl.css HTTP/1.1" 429 0 "-" "Mozilla/5.0 AppleWebKit/537.36 (KHTML, like Gecko; compatible; ClaudeBot/1.0; +claudebot@anthropic.com)"
13.37.216.121 - - [09/Sep/2026:12:27:37 +0000] "POST /xmlrpc.php HTTP/1.1" 200 51289 "-" "Mozilla/5.0 (X11; Linux x86_64) AppleWebKit/537.36 (KHTML, like Gecko) Chrome/81.0.4044.129 Safari/537.36"
13.37.216.121 - - [09/Sep/2026:12:27:38 +0000] "POST /xmlrpc.php HTTP/1.1" 200 2498 "-" "Mozilla/5.0 (X11; Linux x86_64) AppleWebKit/537.36 (KHTML, like Gecko) Chrome/81.0.4044.129 Safari/537.36"
13.37.216.121 - - [09/Sep/2026:12:27:39 +0000] "POST /xmlrpc.php HTTP/1.1" 200 16032 "-" "Mozilla/5.0 (X11; Linux x86_64) AppleWebKit/537.36 (KHTML, like Gecko) Chrome/81.0.4044.129 Safari/537.36"
51.48.106.191 - - [09/Sep/2026:12:28:00 +0000] "POST /xmlrpc.php HTTP/1.1" 200 51289 "-" "Mozilla/5.0 (X11; Linux x86_64) AppleWebKit/537.36 (KHTML, like Gecko) Chrome/114.0.0.0 Safari/537.36"
51.48.106.191 - - [09/Sep/2026:12:28:02 +0000] "POST /xmlrpc.php HTTP/1.1" 200 2498 "-" "Mozilla/5.0 (X11; Linux x86_64) AppleWebKit/537.36 (KHTML, like Gecko) Chrome/114.0.0.0 Safari/537.36"
51.48.106.191 - - [09/Sep/2026:12:28:04 +0000] "POST /xmlrpc.php HTTP/1.1" 200 18690 "-" "Mozilla/5.0 (X11; Linux x86_64) AppleWebKit/537.36 (KHTML, like Gecko) Chrome/114.0.0.0 Safari/537.36"
216.73.216.243 - - [09/Sep/2026:12:28:28 +0000] "GET /images/%22https:/codex.wordpress.org/Appearance_Header_Screen/options-reading.php?view=%2Fhome%2Ftransitmeftah%2Fpublic_html%2Fwp-content%2Fdb.php HTTP/1.1" 200 5 "-" "Mozilla/5.0 AppleWebKit/537.36 (KHTML, like Gecko; compatible; ClaudeBot/1.0; +claudebot@anthropic.com)"
216.73.216.243 - - [09/Sep/2026:12:30:26 +0000] "GET /wp-admin/3D%22https:/api.whatsapp.com/edit-comments.php?edit=%2Fhome%2Ftransitmeftah%2Fpublic_html%2Fwp-admin%2Fmedia-upload.php HTTP/1.1" 200 1999 "-" "Mozilla/5.0 AppleWebKit/537.36 (KHTML, like Gecko; compatible; ClaudeBot/1.0; +claudebot@anthropic.com)"
51.48.106.191 - - [09/Sep/2026:12:30:59 +0000] "POST /xmlrpc.php HTTP/1.1" 200 51289 "-" "Mozilla/5.0 (Macintosh; Intel Mac OS X 10_15_7) AppleWebKit/537.36 (KHTML, like Gecko) Chrome/119.0.0.0 Safari/537.36"
51.48.106.191 - - [09/Sep/2026:12:31:02 +0000] "POST /xmlrpc.php HTTP/1.1" 200 2498 "-" "Mozilla/5.0 (Macintosh; Intel Mac OS X 10_15_7) AppleWebKit/537.36 (KHTML, like Gecko) Chrome/119.0.0.0 Safari/537.36"
216.73.216.243 - - [09/Sep/2026:12:30:08 +0000] "GET /wp-admin//%22https:/wordpress.org/documentation/article/appearance-themes-screen/?file=%2Fhome%2Ftransitmeftah%2Fpublic_html%2Fwp-admin%2Fnetwork%2Ftheme-editor.php HTTP/1.1" 429 0 "-" "Mozilla/5.0 AppleWebKit/537.36 (KHTML, like Gecko; compatible; ClaudeBot/1.0; +claudebot@anthropic.com)"
216.73.216.243 - - [09/Sep/2026:12:30:13 +0000] "GET /wp-admin//%22https:/wordpress.org/documentation/article/appearance-themes-screen/?view=%2Fhome%2Ftransitmeftah%2Fpublic_html%2Fwp-admin%2Fnetwork%2Fplugin-install.php HTTP/1.1" 429 0 "-" "Mozilla/5.0 AppleWebKit/537.36 (KHTML, like Gecko; compatible; ClaudeBot/1.0; +claudebot@anthropic.com)"
216.73.216.243 - - [09/Sep/2026:12:30:18 +0000] "GET /wp-admin//%22https:/wordpress.org/documentation/article/appearance-themes-screen/?file=%2Fhome%2Ftransitmeftah%2Fpublic_html%2Fwp-admin%2Fnetwork%2Fadmin.php HTTP/1.1" 429 0 "-" "Mozilla/5.0 AppleWebKit/537.36 (KHTML, like Gecko; compatible; ClaudeBot/1.0; +claudebot@anthropic.com)"
216.73.216.243 - - [09/Sep/2026:12:30:23 +0000] "GET /wp-admin//%22https:/wordpress.org/documentation/article/appearance-themes-screen/?file=%2Fhome%2Ftransitmeftah%2Fpublic_html%2Fwp-admin%2Fnetwork%2Fsetup.php HTTP/1.1" 429 0 "-" "Mozilla/5.0 AppleWebKit/537.36 (KHTML, like Gecko; compatible; ClaudeBot/1.0; +claudebot@anthropic.com)"
216.73.216.243 - - [09/Sep/2026:12:31:37 +0000] "GET /%22https:/wordpress.org/support/forums/%3C?edit=%2Fhome%2Ftransitmeftah%2Fpublic_html%2Fwp-includes%2Fhttps-migration.php HTTP/1.1" 200 7127 "-" "Mozilla/5.0 AppleWebKit/537.36 (KHTML, like Gecko; compatible; ClaudeBot/1.0; +claudebot@anthropic.com)"
216.73.216.243 - - [09/Sep/2026:12:31:41 +0000] "GET /%22https:/codex.wordpress.org/Appearance_Header_Screen/%3C?file=%2Fhome%2Fitech HTTP/1.1" 429 0 "-" "Mozilla/5.0 AppleWebKit/537.36 (KHTML, like Gecko; compatible; ClaudeBot/1.0; +claudebot@anthropic.com)"
216.73.216.243 - - [09/Sep/2026:12:32:07 +0000] "GET /%22https:/codex.wordpress.org/Appearance_Header_Screen/3D%22https:/googleads.g.doublecli=?view=%2Fhome%2Ftransitmeftah%2Fpublic_html%2Ffor.php HTTP/1.1" 429 0 "-" "Mozilla/5.0 AppleWebKit/537.36 (KHTML, like Gecko; compatible; ClaudeBot/1.0; +claudebot@anthropic.com)"
216.73.216.243 - - [09/Sep/2026:12:32:11 +0000] "GET /%22https:/codex.wordpress.org/Appearance_Header_Screen/3D%22https:/googleads.g.doublecli=?edit=%2Fhome%2Ftransitmeftah%2Fpublic_html%2Fwp-config-sample.php HTTP/1.1" 429 0 "-" "Mozilla/5.0 AppleWebKit/537.36 (KHTML, like Gecko; compatible; ClaudeBot/1.0; +claudebot@anthropic.com)"
216.73.216.243 - - [09/Sep/2026:12:32:16 +0000] "GET /%22https:/codex.wordpress.org/Appearance_Header_Screen/3D%22https:/googleads.g.doublecli=?edit=%2Fhome%2Ftransitmeftah%2Fpublic_html%2Famp.php HTTP/1.1" 429 0 "-" "Mozilla/5.0 AppleWebKit/537.36 (KHTML, like Gecko; compatible; ClaudeBot/1.0; +claudebot@anthropic.com)"
216.73.216.243 - - [09/Sep/2026:12:32:22 +0000] "GET /%22https:/wordpress.org/support/forums/$link?view=%2Fhome%2Ftransitmeftah%2Fpublic_html%2Fwp-includes%2Fblocks%2Fshortcode.php HTTP/1.1" 200 320 "-" "Mozilla/5.0 AppleWebKit/537.36 (KHTML, like Gecko; compatible; ClaudeBot/1.0; +claudebot@anthropic.com)"
216.73.216.243 - - [09/Sep/2026:12:32:52 +0000] "GET /wp-admin/3D%22https:/api.whatsapp.com/edit-comments.php?view=%2Fhome%2Ftransitmeftah%2Fpublic_html%2Fwp-includes%2Fblocks%2Fquery-total%2Fstyle.css HTTP/1.1" 200 54 "-" "Mozilla/5.0 AppleWebKit/537.36 (KHTML, like Gecko; compatible; ClaudeBot/1.0; +claudebot@anthropic.com)"
216.73.216.243 - - [09/Sep/2026:12:32:57 +0000] "GET /wp-admin/3D%22https:/api.whatsapp.com/edit-comments.php?edit=%2Fhome%2Ftransitmeftah%2Fpublic_html%2Fwp-includes%2Fblocks%2Fterm-template%2Fblock.json HTTP/1.1" 429 0 "-" "Mozilla/5.0 AppleWebKit/537.36 (KHTML, like Gecko; compatible; ClaudeBot/1.0; +claudebot@anthropic.com)"
216.73.216.243 - - [09/Sep/2026:12:25:15 +0000] "GET /wp-admin//%22https:/wordpress.org/documentation/article/appearance-themes-screen/?view=%2Fhome%2Ftransitmeftah%2Fpublic_html%2Fwp-admin%2Fnetwork%2Fsites.php HTTP/1.1" 429 0 "-" "Mozilla/5.0 AppleWebKit/537.36 (KHTML, like Gecko; compatible; ClaudeBot/1.0; +claudebot@anthropic.com)"
216.73.216.243 - - [09/Sep/2026:12:25:20 +0000] "GET /wp-admin//%22https:/wordpress.org/documentation/article/appearance-themes-screen/?edit=%2Fhome%2Ftransitmeftah%2Fpublic_html%2Fwp-includes%2Fkses.php HTTP/1.1" 429 0 "-" "Mozilla/5.0 AppleWebKit/537.36 (KHTML, like Gecko; compatible; ClaudeBot/1.0; +claudebot@anthropic.com)"
216.73.216.243 - - [09/Sep/2026:12:25:25 +0000] "GET /wp-admin//%22https:/wordpress.org/documentation/article/appearance-themes-screen/?view=%2Fhome%2Ftransitmeftah%2Fpublic_html%2Fwp-includes%2Fclass-snoopy.php HTTP/1.1" 429 0 "-" "Mozilla/5.0 AppleWebKit/537.36 (KHTML, like Gecko; compatible; ClaudeBot/1.0; +claudebot@anthropic.com)"
216.73.216.243 - - [09/Sep/2026:12:25:27 +0000] "GET /wp-admin//%22https:/wordpress.org/documentation/article/appearance-themes-screen/?edit=%2Fhome%2Ftransitmeftah%2Fpublic_html%2Fwp-includes%2Fblocks%2Fnextpage%2Feditor.css HTTP/1.1" 429 0 "-" "Mozilla/5.0 AppleWebKit/537.36 (KHTML, like Gecko; compatible; ClaudeBot/1.0; +claudebot@anthropic.com)"
216.73.216.243 - - [09/Sep/2026:12:27:55 +0000] "GET /%22https:/wordpress.org/support/forums/$item[link]?edit=%2Fhome%2Ftransitmeftah%2Fpublic_html%2Fwp-content%2Fdb.php HTTP/1.1" 200 5546 "-" "Mozilla/5.0 AppleWebKit/537.36 (KHTML, like Gecko; compatible; ClaudeBot/1.0; +claudebot@anthropic.com)"
216.73.216.243 - - [09/Sep/2026:12:28:04 +0000] "GET /%22https:/wordpress.org/support/forums/$link?edit=%2Fhome%2Ftransitmeftah%2Fpublic_html%2Fwp-includes%2FRequests%2Fsrc%2FException.php HTTP/1.1" 429 0 "-" "Mozilla/5.0 AppleWebKit/537.36 (KHTML, like Gecko; compatible; ClaudeBot/1.0; +claudebot@anthropic.com)"
5.62.20.133 - - [09/Sep/2026:12:28:20 +0000] "POST /xmlrpc.php HTTP/1.1" 200 51289 "-" "Mozilla/5.0 (Macintosh; Intel Mac OS X 10_15_7) AppleWebKit/537.36 (KHTML, like Gecko) Chrome/119.0.0.0 Safari/537.36"
193.189.100.204 - - [09/Sep/2026:12:28:28 +0000] "POST /xmlrpc.php HTTP/1.1" 200 657 "http://transitmeftah.com/" "Mozilla/5.0 (Windows NT 6.1) AppleWebKit/537.36 (KHTML, like Gecko) Chrome/56.0.2924.76 Safari/537.36"
195.26.251.28 - - [09/Sep/2026:12:28:33 +0000] "POST /wp-cron.php?doing_wp_cron=1788956913.7216529846191406250000 HTTP/1.1" 200 0 "-" "WordPress/6.9.6; https://transitmeftah.com"
5.62.20.133 - - [09/Sep/2026:12:28:32 +0000] "POST /xmlrpc.php HTTP/1.1" 200 2498 "-" "Mozilla/5.0 (Macintosh; Intel Mac OS X 10_15_7) AppleWebKit/537.36 (KHTML, like Gecko) Chrome/119.0.0.0 Safari/537.36"
5.62.20.133 - - [09/Sep/2026:12:28:46 +0000] "POST /xmlrpc.php HTTP/1.1" 200 17063 "-" "Mozilla/5.0 (Macintosh; Intel Mac OS X 10_15_7) AppleWebKit/537.36 (KHTML, like Gecko) Chrome/119.0.0.0 Safari/537.36"
216.73.216.243 - - [09/Sep/2026:12:29:26 +0000] "GET /wp-admin//%22https:/wordpress.org/documentation/article/appearance-themes-screen/?file=%2Fhome%2Ftransitmeftah%2Fpublic_html%2Fwp-admin%2Fnetwork%2Fsites.php HTTP/1.1" 200 259 "-" "Mozilla/5.0 AppleWebKit/537.36 (KHTML, like Gecko; compatible; ClaudeBot/1.0; +claudebot@anthropic.com)"
195.26.251.28 - - [09/Sep/2026:12:31:35 +0000] "POST /wp-cron.php?doing_wp_cron=1788957095.5877530574798583984375 HTTP/1.1" 200 0 "-" "WordPress/6.9.6; https://transitmeftah.com"
195.26.251.28 - - [09/Sep/2026:12:32:41 +0000] "POST /wp-cron.php?doing_wp_cron=1788957161.2021861076354980468750 HTTP/1.1" 200 0 "-" "WordPress/6.9.6; https://transitmeftah.com"
216.73.216.243 - - [09/Sep/2026:12:32:47 +0000] "GET /%22https:/wordpress.org/support/forums/$link?view=%2Fhome%2Ftransitmeftah%2Fpublic_html%2Fwp-includes%2Fblocks%2Fpattern.php HTTP/1.1" 200 799 "-" "Mozilla/5.0 AppleWebKit/537.36 (KHTML, like Gecko; compatible; ClaudeBot/1.0; +claudebot@anthropic.com)"
216.73.216.243 - - [09/Sep/2026:12:33:58 +0000] "GET /wp-admin//%22https:/wordpress.org/documentation/article/appearance-themes-screen/?file=%2Fhome%2Ftransitmeftah%2Fpublic_html%2Fwp-includes%2Fabilities-api.php HTTP/1.1" 200 260 "-" "Mozilla/5.0 AppleWebKit/537.36 (KHTML, like Gecko; compatible; ClaudeBot/1.0; +claudebot@anthropic.com)"
216.73.216.243 - - [09/Sep/2026:12:34:03 +0000] "GET /wp-admin//%22https:/wordpress.org/documentation/article/appearance-themes-screen/?view=%2Fhome%2Ftransitmeftah%2Fpublic_html%2Fwp-includes%2Fatomlib.php HTTP/1.1" 429 0 "-" "Mozilla/5.0 AppleWebKit/537.36 (KHTML, like Gecko; compatible; ClaudeBot/1.0; +claudebot@anthropic.com)"
216.73.216.243 - - [09/Sep/2026:12:34:08 +0000] "GET /wp-admin//%22https:/wordpress.org/documentation/article/appearance-themes-screen/?edit=%2Fhome%2Ftransitmeftah%2Fpublic_html%2Fwp-includes%2Fdeprecated.php HTTP/1.1" 429 0 "-" "Mozilla/5.0 AppleWebKit/537.36 (KHTML, like Gecko; compatible; ClaudeBot/1.0; +claudebot@anthropic.com)"
216.73.216.243 - - [09/Sep/2026:12:34:13 +0000] "GET /wp-admin//%22https:/wordpress.org/documentation/article/appearance-themes-screen/?view=%2Fhome%2Ftransitmeftah%2Fpublic_html%2Fwp-includes%2Fblocks%2Fquery.php HTTP/1.1" 429 0 "-" "Mozilla/5.0 AppleWebKit/537.36 (KHTML, like Gecko; compatible; ClaudeBot/1.0; +claudebot@anthropic.com)"
216.73.216.243 - - [09/Sep/2026:12:34:18 +0000] "GET /wp-admin//%22https:/wordpress.org/documentation/article/appearance-themes-screen/?view=%2Fhome%2Ftransitmeftah%2Fpublic_html%2Fwp-load.php HTTP/1.1" 429 0 "-" "Mozilla/5.0 AppleWebKit/537.36 (KHTML, like Gecko; compatible; ClaudeBot/1.0; +claudebot@anthropic.com)"
216.73.216.243 - - [09/Sep/2026:12:34:25 +0000] "GET /wp-admin//%22https:/wordpress.org/documentation/article/appearance-themes-screen/?file=%2Fhome%2Ftransitmeftah%2Fpublic_html%2Fwp-includes%2Fjs%2Fjquery%2Fui%2Fselectable.js HTTP/1.1" 429 0 "-" "Mozilla/5.0 AppleWebKit/537.36 (KHTML, like Gecko; compatible; ClaudeBot/1.0; +claudebot@anthropic.com)"
216.73.216.243 - - [09/Sep/2026:12:34:29 +0000] "GET /wp-admin/%22https:/wordpress.org/documentation/article/appearance-themes-screen/wp-login.php?edit=%2Fhome%2Ftransitmeftah%2Fpublic_html%2Fwp-admin%2Fincludes%2Ftheme-install.php HTTP/1.1" 429 0 "-" "Mozilla/5.0 AppleWebKit/537.36 (KHTML, like Gecko; compatible; ClaudeBot/1.0; +claudebot@anthropic.com)"
216.73.216.243 - - [09/Sep/2026:12:35:43 +0000] "GET /images/%22https:/codex.wordpress.org/Appearance_Header_Screen/about.php?file=%2Fhome%2Ftransitmeftah%2Fpublic_html%2Fwp-content%2Fuploads%2Ffcefabhjea.php HTTP/1.1" 200 5287 "-" "Mozilla/5.0 AppleWebKit/537.36 (KHTML, like Gecko; compatible; ClaudeBot/1.0; +claudebot@anthropic.com)"
192.42.116.117 - - [09/Sep/2026:12:35:47 +0000] "POST /xmlrpc.php HTTP/1.1" 200 657 "http://transitmeftah.com/" "Mozilla/5.0 (Windows NT 6.1; WOW64; Trident/7.0; rv:11.0) like Gecko"
216.73.216.243 - - [09/Sep/2026:12:36:20 +0000] "GET /wp-admin/3D%22https:/api.whatsapp.com/edit-comments.php?file=%2Fhome%2Ftransitmeftah%2Fpublic_html%2Fwp-includes%2Fclass-wp-block-patterns-registry.php HTTP/1.1" 200 274 "-" "Mozilla/5.0 AppleWebKit/537.36 (KHTML, like Gecko; compatible; ClaudeBot/1.0; +claudebot@anthropic.com)"
216.73.216.243 - - [09/Sep/2026:12:36:22 +0000] "GET /wp-admin/3D%22https:/api.whatsapp.com/edit-comments.php?file=%2Fhome%2Fpedaa HTTP/1.1" 429 0 "-" "Mozilla/5.0 AppleWebKit/537.36 (KHTML, like Gecko; compatible; ClaudeBot/1.0; +claudebot@anthropic.com)"
216.73.216.243 - - [09/Sep/2026:12:36:27 +0000] "GET /wp-admin/3D%22https:/api.whatsapp.com/edit-comments.php?file=%2Fhome%2Fritjp HTTP/1.1" 429 0 "-" "Mozilla/5.0 AppleWebKit/537.36 (KHTML, like Gecko; compatible; ClaudeBot/1.0; +claudebot@anthropic.com)"
216.73.216.243 - - [09/Sep/2026:12:36:35 +0000] "GET /wp-admin/3D%22https:/api.whatsapp.com/edit-comments.php?file=%2Fhome%2Ftransitmeftah%2Fpublic_html%2Fwp-admin%2Ftheme-editor.php HTTP/1.1" 429 0 "-" "Mozilla/5.0 AppleWebKit/537.36 (KHTML, like Gecko; compatible; ClaudeBot/1.0; +claudebot@anthropic.com)"
216.73.216.243 - - [09/Sep/2026:12:36:40 +0000] "GET /wp-admin/3D%22https:/api.whatsapp.com/edit-comments.php?edit=%2Fhome%2Ftransitmeftah%2Fpublic_html%2Fwp-admin%2Fnetwork-setting.php HTTP/1.1" 429 0 "-" "Mozilla/5.0 AppleWebKit/537.36 (KHTML, like Gecko; compatible; ClaudeBot/1.0; +claudebot@anthropic.com)"
195.26.251.28 - - [09/Sep/2026:12:36:46 +0000] "POST /wp-cron.php?doing_wp_cron=1788957406.9538769721984863281250 HTTP/1.1" 200 0 "-" "WordPress/6.9.6; https://transitmeftah.com"
216.73.216.243 - - [09/Sep/2026:12:36:46 +0000] "GET //%22https:/codex.wordpress.org/Appearance_Header_Screen/%22?file=%2Fhome%2Ftransitmeftah%2Fpublic_html%2Fwp-includes%2Fatomlib.php HTTP/1.1" 200 256 "-" "Mozilla/5.0 AppleWebKit/537.36 (KHTML, like Gecko; compatible; ClaudeBot/1.0; +claudebot@anthropic.com)"
216.73.216.243 - - [09/Sep/2026:12:36:49 +0000] "GET /%22https:/wordpress.org/support/forums/$link?view=%2Fhome%2Ftransitmeftah%2Fpublic_html%2Fwp-includes%2FRequests%2Fsrc%2FResponse.php HTTP/1.1" 429 0 "-" "Mozilla/5.0 AppleWebKit/537.36 (KHTML, like Gecko; compatible; ClaudeBot/1.0; +claudebot@anthropic.com)"
181.118.47.193 - - [09/Sep/2026:12:36:29 +0000] "POST /xmlrpc.php HTTP/1.1" 200 0 "-" "Mozilla/5.0 (Windows NT 10.0; Win64; x64) AppleWebKit/537.36 (KHTML, like Gecko) Chrome/124.0.0.0 Safari/537.36"
216.73.216.243 - - [09/Sep/2026:12:36:55 +0000] "GET /%22https:/wordpress.org/support/forums/$link?file=%2Fhome%2Ftransitmeftah%2Fpublic_html%2Fwp-includes%2Fjs%2Fthickbox%2Fthickbox.css HTTP/1.1" 429 0 "-" "Mozilla/5.0 AppleWebKit/537.36 (KHTML, like Gecko; compatible; ClaudeBot/1.0; +claudebot@anthropic.com)"
216.73.216.243 - - [09/Sep/2026:12:36:57 +0000] "GET /%22https:/wordpress.org/support/forums/logo.png?view=%2Fhome%2Ftransitmeftah%2Fpublic_html%2Fwp-admin%2Fthemes.php HTTP/1.1" 429 0 "-" "Mozilla/5.0 AppleWebKit/537.36 (KHTML, like Gecko; compatible; ClaudeBot/1.0; +claudebot@anthropic.com)"
216.73.216.243 - - [09/Sep/2026:12:37:00 +0000] "GET /%22https:/wordpress.org/support/forums/about.php?file=%2Fhome%2Ftransitmeftah%2Fpublic_html%2Fwp-content%2Fthemes%2Ftwentytwentythree%2Fpatterns HTTP/1.1" 429 0 "-" "Mozilla/5.0 AppleWebKit/537.36 (KHTML, like Gecko; compatible; ClaudeBot/1.0; +claudebot@anthropic.com)"
216.73.216.243 - - [09/Sep/2026:12:37:00 +0000] "GET /%22https:/codex.wordpress.org/Appearance_Header_Screen/admin.php?edit=%2Fhome%2Ftransitmeftah%2Fpublic_html%2Fwp-content%2Fmu-plugins%2Fut_Pruo219c.txt HTTP/1.1" 429 0 "-" "Mozilla/5.0 AppleWebKit/537.36 (KHTML, like Gecko; compatible; ClaudeBot/1.0; +claudebot@anthropic.com)"
216.73.216.243 - - [09/Sep/2026:12:37:01 +0000] "GET //%22https:/codex.wordpress.org/Appearance_Header_Screen/%22?file=%2Fhome%2Ftransitmeftah%2Fpublic_html%2Fwebmail.transitmeftah.com%2Frainloop%2Fdata%2FVERSION HTTP/1.1" 429 0 "-" "Mozilla/5.0 AppleWebKit/537.36 (KHTML, like Gecko; compatible; ClaudeBot/1.0; +claudebot@anthropic.com)"
216.73.216.243 - - [09/Sep/2026:12:37:03 +0000] "GET /%22https:/wordpress.org/support/forums/$link?file=%2Fhome%2Ftransitmeftah%2Fpublic_html%2Fwp-admin%2Fjs%2Fimage-edit.js HTTP/1.1" 429 0 "-" "Mozilla/5.0 AppleWebKit/537.36 (KHTML, like Gecko; compatible; ClaudeBot/1.0; +claudebot@anthropic.com)"
216.73.216.243 - - [09/Sep/2026:12:37:06 +0000] "GET /%22https:/wordpress.org/support/forums/$link?view=%2Fhome%2Ftransitmeftah%2Ftmp%2Fanalog%2Ffailref.png HTTP/1.1" 429 0 "-" "Mozilla/5.0 AppleWebKit/537.36 (KHTML, like Gecko; compatible; ClaudeBot/1.0; +claudebot@anthropic.com)"
216.73.216.243 - - [09/Sep/2026:12:37:08 +0000] "GET /images/%22https:/codex.wordpress.org/Appearance_Header_Screen/freedoms.php?edit=%2Fhome%2Ftransitmeftah%2Fpublic_html%2Fwp-content%2F5bbdbffc.zip HTTP/1.1" 429 0 "-" "Mozilla/5.0 AppleWebKit/537.36 (KHTML, like Gecko; compatible; ClaudeBot/1.0; +claudebot@anthropic.com)"
216.73.216.243 - - [09/Sep/2026:12:29:27 +0000] "GET /wp-admin/3D%22https:/api.whatsapp.com/edit-comments.php?edit=%2Fhome%2Ftransitmeftah%2Fpublic_html%2Fwp-includes%2Fblocks%2Flegacy-widget.php HTTP/1.1" 429 0 "-" "Mozilla/5.0 AppleWebKit/537.36 (KHTML, like Gecko; compatible; ClaudeBot/1.0; +claudebot@anthropic.com)"
216.73.216.243 - - [09/Sep/2026:12:29:32 +0000] "GET /wp-admin/3D%22https:/api.whatsapp.com/edit-comments.php?view=%2Fhome%2Ftransitmeftah%2Fpublic_html%2Fwp-includes%2Fblocks%2Fterm-template%2Feditor.min.css HTTP/1.1" 429 0 "-" "Mozilla/5.0 AppleWebKit/537.36 (KHTML, like Gecko; compatible; ClaudeBot/1.0; +claudebot@anthropic.com)"
5.255.101.10 - - [09/Sep/2026:12:29:35 +0000] "POST /xmlrpc.php HTTP/1.1" 200 657 "http://transitmeftah.com/" "Mozilla/5.0 (compatible; MSIE 10.0; Windows NT 6.2; WOW64; Trident/6.0)"
195.26.251.28 - - [09/Sep/2026:12:31:03 +0000] "POST /wp-cron.php?doing_wp_cron=1788957063.8096640110015869140625 HTTP/1.1" 200 0 "-" "WordPress/6.9.6; https://transitmeftah.com"
31.144.149.152 - - [09/Sep/2026:12:31:10 +0000] "POST /xmlrpc.php HTTP/1.1" 200 525 "-" "Opera/8.37 (Windows 95; sl-SI) Presto/2.8.324 Version/11.00"
185.220.101.19 - - [09/Sep/2026:12:31:37 +0000] "POST /xmlrpc.php HTTP/1.1" 200 657 "http://transitmeftah.com/" "Mozilla/5.0 (Windows NT 10.0; WOW64) AppleWebKit/537.36 (KHTML, like Gecko) Chrome/72.0.3626.121 Safari/537.36"
216.244.66.228 - - [09/Sep/2026:12:33:01 +0000] "GET /2015/10/21/slik-bruker-du-bonus-lucky-ones-komplett-guide/ HTTP/1.1" 200 28263 "-" "Mozilla/5.0 (compatible; DotBot/1.2; +https://opensiteexplorer.org/dotbot; help@moz.com)"
216.73.216.243 - - [09/Sep/2026:12:33:17 +0000] "GET /images/%22https:/codex.wordpress.org/Appearance_Header_Screen/options-reading.php?file=%2Fhome%2Ftransitmeftah%2Fpublic_html%2Fwp-content%2Fuploads HTTP/1.1" 200 5522 "-" "Mozilla/5.0 AppleWebKit/537.36 (KHTML, like Gecko; compatible; ClaudeBot/1.0; +claudebot@anthropic.com)"
185.220.101.130 - - [09/Sep/2026:12:34:38 +0000] "POST /xmlrpc.php HTTP/1.1" 200 657 "http://transitmeftah.com/" "Mozilla/4.0 (compatible; MSIE 6.0; AOL 9.0; Windows NT 5.1; SV1; .NET CLR 1.1.4322)"
5.62.20.133 - - [09/Sep/2026:12:34:47 +0000] "POST /xmlrpc.php HTTP/1.1" 200 51289 "-" "Mozilla/5.0 (Windows NT 10.0; Win64; x64) AppleWebKit/537.36 (KHTML, like Gecko) Chrome/121.0.0.0 Safari/537.36 Edg/121.0.0.0"
5.62.20.133 - - [09/Sep/2026:12:34:53 +0000] "POST /xmlrpc.php HTTP/1.1" 200 2498 "-" "Mozilla/5.0 (Windows NT 10.0; Win64; x64) AppleWebKit/537.36 (KHTML, like Gecko) Chrome/121.0.0.0 Safari/537.36 Edg/121.0.0.0"
5.62.20.133 - - [09/Sep/2026:12:34:55 +0000] "POST /xmlrpc.php HTTP/1.1" 200 16400 "-" "Mozilla/5.0 (Windows NT 10.0; Win64; x64) AppleWebKit/537.36 (KHTML, like Gecko) Chrome/121.0.0.0 Safari/537.36 Edg/121.0.0.0"
216.73.216.243 - - [09/Sep/2026:12:36:52 +0000] "GET /wp-admin/3D%22https:/api.whatsapp.com/edit-comments.php?view=%2Fhome%2Ftransitmeftah%2Fpublic_html%2Fwp-includes%2Fblocks%2Flatest-posts%2Fstyle.min.css HTTP/1.1" 200 501 "-" "Mozilla/5.0 AppleWebKit/537.36 (KHTML, like Gecko; compatible; ClaudeBot/1.0; +claudebot@anthropic.com)"
216.73.216.243 - - [09/Sep/2026:12:36:53 +0000] "GET /wp-admin/3D%22https:/api.whatsapp.com/edit-comments.php?file=%2Fhome%2Ftransitmeftah%2Fpublic_html%2Fwp-includes%2Fblocks%2Fcomment-edit-link HTTP/1.1" 429 0 "-" "Mozilla/5.0 AppleWebKit/537.36 (KHTML, like Gecko; compatible; ClaudeBot/1.0; +claudebot@anthropic.com)"
138.97.161.13 - - [09/Sep/2026:12:37:19 +0000] "POST /xmlrpc.php HTTP/1.1" 200 0 "-" "Mozilla/5.0 (Windows NT 10.0; Win64; x64) AppleWebKit/537.36 (KHTML, like Gecko) Chrome/124.0.0.0 Safari/537.36"
81.16.33.42 - - [09/Sep/2026:12:37:46 +0000] "POST /xmlrpc.php HTTP/1.1" 200 657 "http://transitmeftah.com/" "Mozilla/5.0 (Windows NT 6.1; WOW64; rv:45.0) Gecko/20100101 Firefox/45.0"
216.73.216.243 - - [09/Sep/2026:12:33:02 +0000] "GET /wp-admin//%22https:/wordpress.org/documentation/article/appearance-themes-screen/?view=%2Fhome%2Ftransitmeftah%2Fpublic_html%2Fwp-includes%2Fjs%2Fjquery%2Fjquery.serialize-object.js HTTP/1.1" 200 442 "-" "Mozilla/5.0 AppleWebKit/537.36 (KHTML, like Gecko; compatible; ClaudeBot/1.0; +claudebot@anthropic.com)"
216.244.66.228 - - [09/Sep/2026:12:33:06 +0000] "GET /2026/08/25/and-additionally-you-can-tick-a-package-in-order-to-list-all-games-having-competitions-running-on-all-of-them/ HTTP/1.1" 200 30812 "-" "Mozilla/5.0 (compatible; DotBot/1.2; +https://opensiteexplorer.org/dotbot; help@moz.com)"
216.73.216.243 - - [09/Sep/2026:12:33:07 +0000] "GET /wp-admin//%22https:/wordpress.org/documentation/article/appearance-themes-screen/?edit=%2Fhome%2Ftransitmeftah%2Fpublic_html%2Fwp-includes%2Fblock-supports%2Fposition.php HTTP/1.1" 429 0 "-" "Mozilla/5.0 AppleWebKit/537.36 (KHTML, like Gecko; compatible; ClaudeBot/1.0; +claudebot@anthropic.com)"
216.73.216.243 - - [09/Sep/2026:12:34:43 +0000] "GET /wp-admin//%22https:/wordpress.org/documentation/article/appearance-themes-screen/?edit=%2Fhome%2Ftransitmeftah%2Fpublic_html%2Fwp-includes%2Fjs%2Fjquery%2Fui%2Fcontrolgroup.js HTTP/1.1" 200 3438 "-" "Mozilla/5.0 AppleWebKit/537.36 (KHTML, like Gecko; compatible; ClaudeBot/1.0; +claudebot@anthropic.com)"
216.73.216.243 - - [09/Sep/2026:12:34:48 +0000] "GET /wp-admin//%22https:/wordpress.org/documentation/article/appearance-themes-screen/?view=%2Fhome%2Ftransitmeftah%2Fpublic_html%2Fwp-admin%2Fjs%2Fplugin-install.min.js HTTP/1.1" 429 0 "-" "Mozilla/5.0 AppleWebKit/537.36 (KHTML, like Gecko; compatible; ClaudeBot/1.0; +claudebot@anthropic.com)"
216.73.216.243 - - [09/Sep/2026:12:36:46 +0000] "GET /images/%22https:/codex.wordpress.org/Appearance_Header_Screen/about.php?edit=%2Fhome%2Ftransitmeftah%2Fpublic_html%2Fwp-content%2Fadvanced-cache.php HTTP/1.1" 200 5555 "-" "Mozilla/5.0 AppleWebKit/537.36 (KHTML, like Gecko; compatible; ClaudeBot/1.0; +claudebot@anthropic.com)"
216.244.66.228 - - [09/Sep/2026:12:37:23 +0000] "GET /2026/08/21/position-video-game-hold-a-great-15x-playthrough-requirement-which-is-seemingly-modest-and-you-may-important-on-community/?file=/home/transitmeftah/public_html/wp-content/mu-plugins HTTP/1.1" 200 27304 "-" "Mozilla/5.0 (compatible; DotBot/1.2; +https://opensiteexplorer.org/dotbot; help@moz.com)"
216.244.66.228 - - [09/Sep/2026:12:37:37 +0000] "GET /2026/08/18/below-are-a-range-of-the-most-common-solutions-bettors-is-have-fun-with-having-online-slots-games/?file=/home/transitmeftah/public_html/wp-content/mu-plugins/wp-compat-layer.php HTTP/1.1" 200 25530 "-" "Mozilla/5.0 (compatible; DotBot/1.2; +https://opensiteexplorer.org/dotbot; help@moz.com)"
216.73.216.243 - - [09/Sep/2026:12:38:22 +0000] "GET /wp-admin/3D%22https:/api.whatsapp.com/edit-comments.php?edit=%2Fhome%2Ftransitmeftah%2Fpublic_html%2Fwp-includes%2Frest-api%2Fendpoints%2Fclass-wp-rest-plugins-controller.php HTTP/1.1" 429 0 "-" "Mozilla/5.0 AppleWebKit/537.36 (KHTML, like Gecko; compatible; ClaudeBot/1.0; +claudebot@anthropic.com)"
